CREATE TABLE `students` (
  `student_id` int(11) NOT NULL AUTO_INCREMENT,
  `user_key` varchar(100) DEFAULT NULL,
  `school_id` int(10) unsigned NOT NULL,
  `parent_id` int(11) NOT NULL,
  `class_id` int(11) NOT NULL,
  `subclass_id` int(11) NOT NULL,
  `plan_id` int(11) NOT NULL,
  `hostel_id` int(11) NOT NULL,
  `room_id` int(11) NOT NULL,
  `bedspace` int(11) DEFAULT NULL,
  `first_name` varchar(50) NOT NULL,
  `other_name` varchar(50) NOT NULL,
  `last_name` varchar(50) NOT NULL,
  `serial_number` varchar(50) NOT NULL,
  `pass` char(255) NOT NULL,
  `first_password` varchar(200) NOT NULL,
  `new_password` varchar(200) NOT NULL,
  `email` varchar(200) NOT NULL,
  `dob` date NOT NULL,
  `gender` varchar(10) NOT NULL,
  `religion` varchar(50) NOT NULL,
  `reg_no` varchar(20) NOT NULL,
  `adm_no` varchar(60) NOT NULL,
  `graduation_year` varchar(20) NOT NULL,
  `graduation_term` varchar(10) NOT NULL,
  `deactivation_sess` char(20) NOT NULL,
  `deactivation_term` char(10) NOT NULL,
  `disability` varchar(300) NOT NULL,
  `passport` varchar(200) NOT NULL,
  `relationship` varchar(20) NOT NULL,
  `new_student` varchar(20) NOT NULL,
  `new_student_finance` varchar(20) NOT NULL,
  `forget_token` varchar(50) NOT NULL,
  `login_attempt` int(11) NOT NULL,
  `login_last_time` int(11) unsigned NOT NULL,
  `scratch_card_attempt` int(10) unsigned NOT NULL,
  `scratch_card_last_time` int(10) unsigned NOT NULL,
  `transfer` char(20) NOT NULL,
  `transfer_school_id` int(11) NOT NULL,
  `exempt` char(10) NOT NULL,
  `check_result` varchar(20) NOT NULL DEFAULT 'check_result',
  `activation` varchar(20) NOT NULL,
  `date_created` datetime NOT NULL DEFAULT current_timestamp(),
  PRIMARY KEY (`student_id`),
  UNIQUE KEY `serial_number` (`serial_number`),
  UNIQUE KEY `user_key` (`user_key`),
  KEY `activation` (`activation`),
  KEY `parent_id` (`parent_id`),
  KEY `plan_id` (`plan_id`),
  KEY `class_subclass` (`class_id`,`subclass_id`,`activation`),
  KEY `exempt` (`exempt`),
  KEY `check_result` (`check_result`),
  KEY `date_created` (`date_created`),
  KEY `school_id` (`school_id`)
) ENGINE=InnoDB AUTO_INCREMENT=101 DEFAULT CHARSET=latin1;


INSERT INTO students VALUES
("1","1188c09c5150","188","20","9","0","0","0","0","","HALIMA","","UMAR","S/21/0001","$2y$10$.NuUjyU4l1r0H6wStLTWye0dq2Ci4u/J/Bu1LWZ.HmUMT3lygDcjW","zeonglobal","zeonglobal","","2011-07-16","female","Islam","","","","","","","","","PARENT","","","","0","0","0","0","","0","","check_result","activated","2021-12-16 10:25:20"),
("2","2188b9ed9c92","188","21","9","0","0","0","0","","LATIFAT","","SAFIRU","S/21/0002","$2y$10$nSa/HW/ux2CymQhxgoVlD.hWkLaDFvd73vMV3xSkC9fBNsXd0fS6O","zeonglobal","zeonglobal","","2012-07-09","female","Islam","","","","","","","","","PARENT","","","","0","0","0","0","","0","","check_result","activated","2021-12-16 10:30:09"),
("3","3188d387f70a","188","22","9","0","0","0","0","","DAVID","","OLONINIYI","S/21/0003","$2y$10$2KldZ87af0X.I9lO6rjO5uTmiTlBJdDZi8pcLxCIwskvKuDjJwwI.","zeonglobal","zeonglobal","","2012-05-25","male","Christianity","","","","","","","","","PARENT","","","","0","0","0","0","","0","","check_result","activated","2021-12-16 10:52:06"),
("4","4188047a24d5","188","0","9","0","0","0","0","","CHINEYENWA","","OKPARA","S/21/0004","$2y$10$k/syUrvyparvTYTZ/22UNekUogimFhSr9vP1rdk.7qccFVagAmUou","rachinaenyenwa","rachinaenyenwa","","2012-02-03","female","Christianity","","","","","","","","","PARENT","","","","0","0","0","0","","0","","check_result","activated","2021-12-16 10:53:34"),
("5","518849686bf9","188","23","9","0","0","0","0","","JOSEPH","","NMERUBULE","S/21/0005","$2y$10$2ypnyyqbEzg4LtgOv8wxNeLcXQSsG3LgR0dbIQr6CqXEIv7xOInPa","zeonglobal","zeonglobal","","2010-10-03","male","Christianity","","","","","","","","","PARENT","","","","0","0","0","0","","0","","check_result","activated","2021-12-16 11:03:40"),
("6","618869e7ae0e","188","24","9","0","0","0","0","","MUBARAK","MUSA","MUHAMMED","S/21/0006","$2y$10$X0ky.oiGh3hyGu3MtzZdsOnmXyC8wjijwDpTGo9Jys9OinPZs36Rq","zeonglobal","zeonglobal","","2010-07-21","male","Christianity","","","","","","","","","PARENT","","","","0","0","0","0","","0","","check_result","activated","2021-12-16 11:14:07"),
("7","71885971824b","188","25","9","0","0","0","0","","JOHN","TINBOWEI","IJANBOH","S/21/0007","$2y$10$agyODXy41B6BUfwKdFYqCuTPvFQCJZZMSRJQFF.dekraeYrrfFQL2","zeonglobal","zeonglobal","","2012-01-07","male","Christianity","","","","","","","","","PARENT","","","","0","0","0","0","","0","","check_result","activated","2021-12-16 11:19:37"),
("8","81884c7536d6","188","26","7","0","0","0","0","","KHAIRAT","YINUSA","DABAI","S/21/0008","$2y$10$Z.vVuRawfmAC4ZMySqPKdOSlZfylLzxeqIhN1VLMIKCsMxfUhBDH6","zeonglobal","zeonglobal","","2021-12-16","female","Islam","","","","","","","","","PARENT","","","","0","0","0","0","","0","","check_result","activated","2021-12-16 11:27:05"),
("9","918873fefa4b","188","27","7","0","0","0","0","","DEBORAH","","OKANLAWON","S/21/0009","$2y$10$W5hXPjbU4Zkreh00C/p/M.Xo3qOfOkkAARYnPWU1Zy8r.EBr/cJuC","zeonglobal","zeonglobal","","2021-12-16","female","Christianity","","","","","","","","","PARENT","","","","0","0","0","0","","0","","check_result","activated","2021-12-16 11:32:51"),
("10","10188f93a8b80","188","28","7","0","0","0","0","","EUDORAA","","OGBUANI","S/21/0010","$2y$10$D5HQWEQmNtUrhrhDJxI8luTiL7WNubm2gvjDkGu.rW2dBKrHsG9ae","nieudoraa","nieudoraa","","2021-12-16","female","Christianity","","","","","","","","","","","","","0","0","0","0","","0","","check_result","activated","2021-12-16 11:34:16"),
("11","1118808c9b6e3","188","29","7","0","0","0","0","","OGOCHUKWU","","JOHNSON","S/21/0011","$2y$10$PWX02fO5ustJCU9jBazSCe.R0H2wYlS8rfNVB9jbwvkVmcjVNRj5G","zeonglobal","zeonglobal","","2021-12-16","female","Christianity","","","","","","","","","PARENT","","","","0","0","0","0","","0","","check_result","activated","2021-12-16 11:43:05"),
("12","121889f928ebb","188","30","7","0","0","0","0","","NDATAM","","JUSTINE","S/21/0012","$2y$10$hz/z7d/gh184h/vtKL.QzeR.5A6sL0C7w1gYwRJs6AiMs0YqQCcWi","zeonglobal","zeonglobal","","2021-12-16","female","Christianity","","","","","","","","","PARENT","","","","0","0","0","0","","0","","check_result","activated","2021-12-16 11:50:38"),
("13","131884f7a122b","188","31","7","0","0","0","0","","JOEDAN","","OKECHUKWU","S/21/0013","$2y$10$WWyrJDd71hI2LUvCrep99.5a/FGS.0Edp7qXHkU7EOJ1TDcSDz3ja","zeonglobal","zeonglobal","","2021-12-16","male","Christianity","","","","","","","","","PARENT","","","","0","0","0","0","","0","","check_result","activated","2021-12-16 11:53:15"),
("14","14188742ae7c0","188","32","7","0","0","0","0","","JUMAI","","YUSUF","S/21/0014","$2y$10$vtLZN7/Pf7uJDgpwi9DHH.vBhABffAGi7k97mFII17k.qtAP/rNR2","zeonglobal","zeonglobal","","2021-12-16","female","Christianity","","","","","","","","","PARENT","","","","0","0","0","0","","0","","check_result","activated","2021-12-16 11:56:05"),
("15","1518888ffe3dc","188","33","6","0","0","0","0","","GOODNESS","","AJIS","S/21/0015","$2y$10$bhMj/ATU9ioEFpag3EZUzeFUpkIemjbqcA4yuDptsUr4SSEwEdTgS","zeonglobal","zeonglobal","","2021-12-02","female","Christianity","","","","","","","","","PARENT","","","","0","0","0","0","","0","","check_result","activated","2021-12-16 12:03:00"),
("16","161887ae89308","188","34","6","0","0","0","0","","PHOEBE","","AKANINYENE","S/21/0016","$2y$10$rdCQ7Cd5f2Q7iFUJ3jABt.DmFXYKfepJC1lNWT/7/09jSo2lClppm","zeonglobal","zeonglobal","","2021-12-16","female","Christianity","","","","","","","","","PARENT","","","","0","0","0","0","","0","","check_result","activated","2021-12-16 12:06:15"),
("17","1718806993835","188","35","6","0","0","0","0","","FAVOUR","","ALITA","S/21/0017","$2y$10$WfKVlfDi/8y9EZbKRPR7GujbEawbEdzSAPAJ0KLyGdlfTvCogIzcK","zeonglobal","zeonglobal","","2021-12-16","female","Christianity","","","","","","","","","PARENT","","","","0","0","0","0","","0","","check_result","activated","2021-12-16 12:09:43"),
("18","18188c0e71440","188","36","6","0","0","0","0","","UMAR","","ABDULLAHI","S/21/0018","$2y$10$UaFscfpNhKOAdJNSuo6bO.cq.mYUWuiy1rINgYem/9pyffkOwdq8G","zeonglobal","zeonglobal","","2021-12-16","male","Christianity","","","","","","","","","PARENT","","","","0","0","0","0","","0","","check_result","activated","2021-12-16 12:14:24"),
("19","19188f6259a1c","188","37","6","0","0","0","0","","CHIJINDU","ISAAC","KALU","S/21/0019","$2y$10$yGFTuZDLWv3TL4g5ij1stuzanrZt4y2.6SPD5hxoJLGZdGNCkDDN.","zeonglobal","zeonglobal","","2021-12-16","male","Christianity","","","","","","","","","PARENT","","","","0","0","0","0","","0","","check_result","activated","2021-12-16 12:30:26"),
("20","20188a60acb30","188","38","6","0","0","0","0","","SONIA","","NNAJIOFOR","S/21/0020","$2y$10$efbOIQhqX1Pj1h8hxSG2S..iYpZq4xsOA./.xfFu.J8eZjkTzWsWi","zeonglobal","zeonglobal","","2021-12-16","female","Christianity","","","","","","","","","PARENT","","","","0","0","0","0","","0","","check_result","activated","2021-12-16 12:33:59"),
("21","21188e4ec46a7","188","18","6","0","0","0","0","","ENE","","OKPE-AJI","S/21/0021","$2y$10$A4AN5UjyT0mL42uk2WcuEOxS2sDe1MJSCUJfnjj7cin0U4Jmu7Jvy","jiene","jiene","","2021-12-16","female","Christianity","","","","","","","","","PARENT","","","","0","0","0","0","","0","","check_result","activated","2021-12-16 12:35:06"),
("22","22188b815ea74","188","39","6","0","0","0","0","","EMMANUELLA","","UBADIGBO","S/21/0022","$2y$10$Tz0QYCYaRJYsY/mKR4SJDOmygLDcQpjGiZCByXTCydx.ABazzUAXG","zeonglobal","zeonglobal","","2021-12-16","female","Christianity","","","","","","","","","PARENT","","","","0","0","0","0","","0","","check_result","activated","2021-12-16 12:38:52"),
("23","231884df98c9f","188","40","6","0","0","0","0","","EJILA","","IYAH","S/21/0023","$2y$10$fI268bvW2ieuyM7FjuU6sePRqqiEF/wOL9Gnlqaj5Nc6lgxsejjOO","zeonglobal","zeonglobal","","2021-12-16","male","Christianity","","","","","","","","","PARENT","","","","0","0","0","0","","0","","check_result","activated","2021-12-16 12:40:48"),
("24","24188a08f3bbd","188","41","3","0","0","0","0","","UWEM","PENIEL","EDUIOKA","S/21/0024","$2y$10$dcTBEI.DNRrScuuVJSiqKOBM9tVQdtq9ahaSQ44KDmmypRm9r1BV6","zeonglobal","zeonglobal","","2021-12-16","male","Christianity","","","","","","","","","PARENT","","","","0","0","0","0","","0","","check_result","activated","2021-12-16 12:46:55"),
("25","251889aee3aa9","188","0","3","0","0","0","0","","HAUWA","","KADI-MALA","S/21/0025","$2y$10$EG49znST3niACZXEvYxmUOr7c2GGdxaP0e0zPy/SAoMG0nLEQioIq","lahauwa","lahauwa","","2021-12-16","female","Christianity","","","","","","","","","","","","","0","0","0","0","","0","","check_result","activated","2021-12-16 12:56:40"),
("26","261883a69b8c8","188","0","3","0","0","0","0","","MIRACLE","","EDEH","S/21/0026","$2y$10$XVuYzSpT0ja6xY8L7QCqYeiUm.QJ4F6A8JC5u1jCH/HtoVMyCl2uO","ehmiracle","ehmiracle","","2021-12-16","male","Christianity","","","","","","","","","","","","","0","0","0","0","","0","","check_result","activated","2021-12-16 12:57:54"),
("27","27188780282bf","188","0","3","0","0","0","0","","URENMA","","KALU","S/21/0027","$2y$10$N9SF02wCGTaL6QzTRS4kVuoEIy9QwsXkkxHV0kv2IcE1uyb73TPRa","luurenma","luurenma","","2021-12-02","female","Christianity","","","","","","","","","","","","","0","0","0","0","","0","","check_result","activated","2021-12-16 16:59:44"),
("28","28188a3c352f4","188","22","3","0","0","0","0","","EMMANUEL","","OLONINIYI","S/21/0028","$2y$10$QAEAFQhVv0357XpN41iHz.JNg.sLEqDK0ZwfQ0H2ybqvXUeZShqjy","yiemmanuel","yiemmanuel","","2021-12-16","male","Christianity","","","","","","","","","PARENT","","","","0","0","0","0","","0","","check_result","activated","2021-12-16 17:01:39"),
("29","291887dbc2d3b","188","0","3","0","0","0","0","","SEKINA","","ABDULAZEEZ","S/21/0029","$2y$10$10xqylJ0NH0fWFLgFOUjiucJKCvR.xY13jOfkwm8ma27k1Dnlvd/W","ezsekina","ezsekina","","2021-12-16","female","Christianity","","","","","","","","","","","","","0","0","0","0","","0","","check_result","activated","2021-12-16 17:03:22"),
("30","30188bafe8db4","188","0","3","0","0","0","0","","CHIEMELIE","PETER","UGWU","S/21/0030","$2y$10$h./nveZV41Ryv20nOIkDCuZffyWjwci46gyPDaBZAWKqyBztx5D4.","wuchiemelie","wuchiemelie","","2021-12-16","male","Christianity","","","","","","","","","","","","","0","0","0","0","","0","","check_result","activated","2021-12-16 17:04:02"),
("31","311887dd2435c","188","0","3","0","0","0","0","","ABDALLAH","","FAHAD","S/21/0031","$2y$10$qui6Q579GadnO70YpQAmx.ot58uM.5t3E3jMoRXJwP8ryV2MhOpgq","adabdallah","adabdallah","","2021-12-16","male","Christianity","","","","","","","","","","","","","0","0","0","0","","0","","check_result","activated","2021-12-16 17:04:46"),
("32","32188dc2aeafa","188","0","3","0","0","0","0","","ODASHI","GERALD  UCHE","ROBERT","S/21/0032","$2y$10$dPpANiOO75z8/YriRsp6k.PKeyPJ3OnlFi29mSfdR/BscTt8Ykk02","rtodashi","rtodashi","","2021-12-16","male","Christianity","","","","","","","","","","","","","0","0","0","0","","0","","check_result","activated","2021-12-16 17:05:26"),
("33","33188ba1783b2","188","0","3","0","0","0","0","","MUNIBA","DABAI","YUNUSA","S/21/0033","$2y$10$LfO7iPgZguDWGK1BHm3hpun9Mrty.iET/eKA7Np070RiJ62Kn27Yi","samuriba","samuriba","","2021-12-16","female","Christianity","","","","","","","","","","","","","0","0","0","0","","0","","check_result","activated","2021-12-16 17:06:38"),
("34","3418897153c44","188","0","8","0","0","0","0","","MARYAM","","ABDULRAZAQ","S/21/0034","$2y$10$Una7xL9s8qWnOWK7OnD9quY7ApyQAxMyHa4QYud.D0KVS4NQudmza","aqmaryam","aqmaryam","","2021-12-16","female","Christianity","","","","","","","","","","","","","0","0","0","0","","0","","check_result","activated","2021-12-16 17:20:22"),
("35","3518865746d8c","188","0","8","0","0","0","0","","TIJESUNI","","ADEKUNLE","S/21/0035","$2y$10$cEni0YGrdaWq59jPlkShFuT0Bqhq/CzK6bvSiVL.wL/./Zpx1EwTa","letijesuni","letijesuni","","2021-12-16","male","Christianity","","","","","","","","","","","","","0","0","0","0","","0","","check_result","activated","2021-12-16 17:21:44"),
("36","361886ade4bea","188","33","8","0","0","0","0","","GIFT","","AJIS","S/21/0036","$2y$10$SrEXZjlVXrPwxxv7Tlg8SOS08QJiCGHDdo/ofODTPi.sCaipT6pKG","iagift","iagift","","2021-12-16","female","Christianity","","","","","","","","","","","","","0","0","0","0","","0","","check_result","activated","2021-12-16 17:25:45"),
("37","37188030e00b0","188","34","8","0","0","0","0","","WILLIAM","","AKANINYENE","S/21/0037","$2y$10$6PEXprknWrAuzp2qpMH4zeESK/pnimrGqQt0hfI7GeBMxWKsc.O6G","rewilliam","rewilliam","","2021-12-16","male","Christianity","","","","","","","","","","","","","0","0","0","0","","0","","check_result","activated","2021-12-16 17:27:20"),
("38","38188608f17ad","188","0","8","0","0","0","0","","AYOMIDE","","AKOLO","S/21/0038","$2y$10$h3CRvPhlBqQBuI6/K.ZMDetAdleQkrJKfcdWAuUo3//MAxsWCWNdG","loayomide","loayomide","","2021-12-16","male","Christianity","","","","","","","","","","","","","0","0","0","0","","0","","check_result","activated","2021-12-16 17:28:09"),
("39","39188a1ceeca6","188","0","8","0","0","0","0","","FATIMA","","KADI-MALA","S/21/0039","$2y$10$P3601qXFejTDabO8Xhh0zO9dBRPV8fWsZdl0ryvsA8KcAgF7k72mi","lafatima","lafatima","","2021-12-16","female","Islam","","","","","","","","","","","","","0","0","0","0","","0","","check_result","activated","2021-12-16 17:30:19"),
("40","4018855053d68","188","0","8","0","0","0","0","","EMMANUEL","","MOMODU","S/21/0040","$2y$10$7gEAuP9BhLih/R/VDbiFleYYvdp31oZdYpiXvK/c3gVIXf.pyiWq2","duemmanuel","duemmanuel","","2021-12-16","male","Christianity","","","","","","","","","","","","","0","0","0","0","","0","","check_result","activated","2021-12-16 17:32:38"),
("41","411885fea1018","188","0","8","0","0","0","0","","SOLUCHI","","NNAJIOFOR","S/21/0041","$2y$10$kucG6s6vnEs44b56EtqB2ui4AhYUIR8sV.O8llr4ENqn22inGdq5S","orsoluchi","orsoluchi","","2021-12-16","male","Christianity","","","","","","","","","","","","","0","0","0","0","","0","","check_result","activated","2021-12-16 17:33:29"),
("42","421881366e15d","188","0","8","0","0","0","0","","MAGDALENE","","OLADELE","S/21/0042","$2y$10$HyMVz8szuoaiuasz5AWgjOnAwlts1aNijsEpqnGFSdFEKNIhQCEiS","lemagdaline","lemagdaline","","2021-12-16","female","Christianity","","","","","","","","","","","","","0","0","0","0","","0","","check_result","activated","2021-12-16 17:34:29"),
("43","431886f3940e0","188","0","8","0","0","0","0","","CHIDIUTO","","OKPARA","S/21/0043","$2y$10$4kbdLC6MM6v9zFzBl3QkMuNxjAc0/0KFQ4uoDCb9TQ8Wo.8IWhblG","rachidiuto","rachidiuto","","2021-12-16","female","Christianity","","","","","","","","","","","","","0","0","0","0","","0","","check_result","activated","2021-12-16 17:35:07"),
("44","4418858a69274","188","0","8","0","0","0","0","","KEMA","","ONYEMA","S/21/0044","$2y$10$KGOkvUeyt3vq6Wlj11Gjo.ZvU8JPh9bJdFpSdaBalMg1VTT33NhpO","makema","makema","","2021-12-16","female","Christianity","","","","","","","","","PARENT","","","","0","0","0","0","","0","","check_result","activated","2021-12-16 17:36:11"),
("45","45188640865c0","188","0","8","0","0","0","0","","POSSIBLE","","UCHE","S/21/0045","$2y$10$TZJzzufEypKrwjkbYCyvjOqiuPhSECaZRqLmmznwQHFYI627FGNsO","hepossible","hepossible","","2021-12-16","female","Christianity","","","","","","","","","","","","","0","0","0","0","","0","","check_result","activated","2021-12-16 17:36:46"),
("46","46188c0c5c8b4","188","0","8","0","0","0","0","","AISHA","","USMAN","S/21/0046","$2y$10$h/Ijz/hhIB3w54hT7zUlnujiv156S8aE3eBj8RHYtyLuU69YweyYO","anaisha","anaisha","","2021-12-16","female","Christianity","","","","","","","","","","","","","0","0","0","0","","0","","check_result","activated","2021-12-16 17:37:29"),
("47","47188aa2c133f","188","0","8","0","0","0","0","","ANISA","","YUNUSA","S/21/0047","$2y$10$9kT7BUV8cRh7uhkyu5tB8uG6TyIuAn8rO.yq1xx/e/L6lLbvVRzHO","saanisa","saanisa","","2021-12-16","female","Christianity","","","","","","","","","","","","","0","0","0","0","","0","","check_result","activated","2021-12-16 17:38:17"),
("48","48188f03a6817","188","0","8","0","0","0","0","","VICTOR","","YUSUF","S/21/0048","$2y$10$r0.2J24FBF4liAYzYxMBsOJg42NabfWWcI26gzcpH6oSf0ZewNlWa","ufvictor","ufvictor","","2021-12-16","male","Christianity","","","","","","","","","","","","","0","0","0","0","","0","","check_result","activated","2021-12-16 17:39:06"),
("49","49188a81a908a","188","0","8","0","0","0","0","","MOSES","","SUNDAY","S/21/0049","$2y$10$orF00Kv/A82W9vIHtSZ9RO5wVgn2BIfIJTcNCfJ9vyVwJ5PF3lSse","aymoses","aymoses","","2021-12-16","male","Christianity","","","","","","","","","","","","","0","0","0","0","","0","","check_result","activated","2021-12-16 17:39:50"),
("50","501886e63caf3","188","0","5","0","0","0","0","","PRISCILLA","CHINWE","ANI","S/21/0050","$2y$10$J3AFYA6vrg2Arjp.//GdieJ2kJMxQd/.bipm5dEbrw9hCsJo6vRJu","ampriscilla","ampriscilla","","2021-12-16","female","Christianity","","","","","","","","","","","","","0","0","0","0","","0","","check_result","activated","2021-12-16 17:40:44"),
("51","51188e60f5f23","188","0","5","0","0","0","0","","THEOPHILUS","","ILIYA","S/21/0051","$2y$10$dd39oI/e6gQXAG4TvnA.vOsnf8N3DtqzLHXlNASFdgQA3wszR/poy","yatheophilus","yatheophilus","","2021-12-16","male","Christianity","","","","","","","","","","","","","0","0","0","0","","0","","check_result","activated","2021-12-16 17:43:43"),
("52","521886855725d","188","0","5","0","0","0","0","","CHIMDIEBUBE","","IZUEGBU","S/21/0052","$2y$10$0EKaP7JQyH2jw3Y2/G5Pr.MjzClcGujLn5DAeFSfFUEtETrMaQlZe","buebube","buebube","","2021-12-16","male","Christianity","","","","","","","","","","","","","0","0","0","0","","0","","check_result","activated","2021-12-16 17:45:04"),
("53","5318876ee559d","188","0","5","0","0","0","0","","ALFATH","","MAHMUD","S/21/0053","$2y$10$BXtKseRSRzncmTkiFFr6J.gBTC/7VU9hS2PwoGWdqU0fqIOisLrc2","udalfath","udalfath","","2021-12-16","male","Christianity","","","","","","","","","","","","","0","0","0","0","","0","","check_result","activated","2021-12-16 17:45:43"),
("54","54188b475da3b","188","0","5","0","0","0","0","","IFECHUKWU","","NNAJIOFOR","S/21/0054","$2y$10$LbcRdiy8skwfNRB8TW0Etu8u140RstaqKwZEKClmF1nX1r4yJGhXC","orifechukwu","orifechukwu","","2021-12-16","male","Christianity","","","","","","","","","","","","","0","0","0","0","","0","","check_result","activated","2021-12-16 17:47:14"),
("55","5518872aa4a2f","188","0","5","0","0","0","0","","DANIEL","","OGBUANI","S/21/0055","$2y$10$DdicOecGQxKzCMUYRr4XWONR8ZHwwL5hsIfGGmXM.FMPo26sM.ODC","nidaniel","nidaniel","","2021-12-16","male","Christianity","","","","","","","","","","","","","0","0","0","0","","0","","check_result","activated","2021-12-16 17:48:04"),
("56","5618810919a48","188","0","5","0","0","0","0","","SAMUEL","","ONYEMA","S/21/0056","$2y$10$ZqG0IF5bVVSI6vGzwMPUA.twFxEGt4LLHaQm9JH2hFubQTKTVecme","masamuel","masamuel","","2021-12-16","male","Christianity","","","","","","","","","","","","","0","0","0","0","","0","","check_result","activated","2021-12-16 17:48:46"),
("57","57188671aa256","188","0","5","0","0","0","0","","NEWMAN","","OKECHUKWU","S/21/0057","$2y$10$1KAq1VtR1qSYu6ke5fYq1uIn66oGRoL.tKTCETH5gKI49N7cy9Iqu","wunewman","wunewman","","2021-12-16","male","Christianity","","","","","","","","","","","","","0","0","0","0","","0","","check_result","activated","2021-12-16 17:50:45"),
("58","581882e2d4f1e","188","0","5","0","0","0","0","","HASSAN","OJOR","SAFIRU","S/21/0058","$2y$10$Vn/3.8PRQ8nWIWWLDST.Iey5Qx8/i8bMANCLKhdRAVhCS0XkJBqSe","raojor","raojor","","2021-12-16","male","Christianity","","","","","","","","","","","","","0","0","0","0","","0","","check_result","activated","2021-12-16 17:51:30"),
("59","591888047d588","188","0","5","0","0","0","0","","HUSSEIN","OMOH","SAFIRU","S/21/0059","$2y$10$9TJTqlpVy6Q8P65jfxAtwu7xF7GJwKAFctL6KUFlmOhpj5sl9IZ92","ruhussein","ruhussein","","2021-12-16","male","Christianity","","","","","","","","","","","","","0","0","0","0","","0","","check_result","activated","2021-12-16 17:52:39"),
("60","60188b29d4d7e","188","0","1","0","0","0","0","","PURITY","NANA","ASHONG","S/21/0060","$2y$10$SVke.gJKGnV/XY6QyiAL.eoz7fmMmPqZeHWxN1iVx7IeKzjispFVu","ngpurity","ngpurity","","2021-12-16","female","Christianity","","","","","","","","","PARENT","","","","0","0","0","0","","0","","check_result","activated","2021-12-16 17:55:44"),
("61","6118871bed456","188","0","1","0","0","0","0","","CHERISH","","AYOZIE","S/21/0061","$2y$10$HdyOb.xQD8wYrz5bUb/PwOE73UfToHbvHHKnOPJdD3DUX7TAL4yRC","iecherish","iecherish","","2021-12-16","female","Christianity","","","","","","","","","","","","","0","0","0","0","","0","","check_result","activated","2021-12-16 17:57:08"),
("62","62188a48005d3","188","0","4","0","0","0","0","","KAMHARIDA","","CHARLES","S/21/0062","$2y$10$OO2SQFn1ZUASu3aRJwKWduGFgcjdTAsPbiWxcjdtd6FunsOKIxRpm","eskamhanda","eskamhanda","","2021-12-16","female","Christianity","","","","","","","","","","","","","0","0","0","0","","0","","check_result","activated","2021-12-16 17:58:11"),
("63","6318809a94aff","188","0","1","0","0","0","0","","CHIKAMSO","","CHARLES","S/21/0063","$2y$10$qplq2B518Mo.U11tQR7lnO6.jrAfssCCI1qU.Ryr8OCJuqWK7sPxm","eschikamso","eschikamso","","2021-12-16","female","Christianity","","","","","","","","","","","","","0","0","0","0","","0","","check_result","activated","2021-12-16 17:58:57"),
("64","641887707b70d","188","0","1","0","0","0","0","","CHINEMEREM","","ILOBINSO","S/21/0064","$2y$10$r74pS0e2o3.w.1LDmeiBWeCPw9ZtquGrZKpakq1wYdfar0ls4iufO","sochinaemerem","sochinaemerem","","2021-12-16","female","Christianity","","","","","","","","","","","","","0","0","0","0","","0","","check_result","activated","2021-12-16 18:00:07"),
("65","65188dae6bde2","188","0","1","0","0","0","0","","ENEM","","IYAH","S/21/0065","$2y$10$E.P4Zhp6SyO1sEvjqQTaEOypmhiLXAu1Qqgwb4NgM/atx9W8GqCfS","ahenem","ahenem","","2021-12-16","female","Christianity","","","","","","","","","","","","","0","0","0","0","","0","","check_result","activated","2021-12-16 18:03:32"),
("66","6618800c05526","188","0","1","0","0","0","0","","SOPURUCHI","","MICHAEL","S/21/0066","$2y$10$fGTw0enAfgPxsS24D3IgieZwarxssvtbcvrRJq0OrNKi1mUc9oBSi","elsopuruchi","elsopuruchi","","2021-12-16","male","Christianity","","","","","","","","","","","","","0","0","0","0","","0","","check_result","activated","2021-12-16 18:04:06"),
("67","671886491843f","188","0","1","0","0","0","0","","SANDRA","","NNAJIOFOR","S/21/0067","$2y$10$k/K9SZEwzPmCq1xyZNGMRe4RfTRt/dDvF9Os1M8tikkrwD279.4Ky","orsandra","orsandra","","2021-12-16","female","Christianity","","","","","","","","","","","","","0","0","0","0","","0","","check_result","activated","2021-12-16 18:04:41"),
("68","681889adc81af","188","0","4","0","0","0","0","","CHISOM","","NWACHUKWU","S/21/0068","$2y$10$gacUqDjKTFw89R..vkxsGOOgHOIAp/w1eEuaeFKhRSRc4CSgxpKgy","wuchisom","wuchisom","","2021-12-16","female","Christianity","","","","","","","","","","","","","0","0","0","0","","0","","check_result","activated","2021-12-16 18:05:40"),
("69","69188869a7327","188","0","1","0","0","0","0","","DESTINY","","OCHE","S/21/0069","$2y$10$w2Edb5/OEDg8RFaMp4SryOYx3mZfm2V.54Xxl9XrioCnPggLZyjoG","hedestiny","hedestiny","","2021-12-16","male","Christianity","","","","","","","","","","","","","0","0","0","0","","0","","check_result","activated","2021-12-16 18:06:08"),
("70","70188143104b8","188","0","1","0","0","0","0","","ESTHER","","OGBUANI","S/21/0070","$2y$10$lPJRwErI8913aa3brdHDVOo2gTxbw6BJrjjTiPQiw9pmjQnJpSpAS","niesther","niesther","","2021-12-16","female","Christianity","","","","","","","","","","","","","0","0","0","0","","0","","check_result","activated","2021-12-16 18:06:45"),
("71","711881c97bc63","188","0","1","0","0","0","0","","DAVID","","OGOCHUKWU","S/21/0071","$2y$10$YzlYr.Ur4PZgFVGP.tgS9eVVPUV5aWbEm427PokdsXfzuz81F6IQy","wudavid","wudavid","","2021-12-16","male","Christianity","","","","","","","","","","","","","0","0","0","0","","0","","check_result","activated","2021-12-16 18:07:46"),
("72","721884414b578","188","0","2","0","0","0","0","","ADAEZE","","UGWU","S/21/0072","$2y$10$Tmj6JbxvGmRutuGkUvY4beR6EdD6rZO01d1GG0RSdrKUHZ3zDubgq","wuadaeze","wuadaeze","","2018-05-18","female","Christianity","","","","","","","","","","","","","0","0","0","0","","0","","check_result","activated","2021-12-16 18:10:43"),
("73","73188fa78487a","188","33","2","0","0","0","0","","MARVELLOUS","","AJIS","S/21/0073","$2y$10$EvmwBM5fJrqLbM4Lv8JuQOaxy7DZ5MYbCt.c8btyDsB9vLsOqY9UC","ismarvellous","ismarvellous","","2018-05-10","female","Christianity","","","","","","","","","PARENT","","","","0","0","0","0","","0","","check_result","activated","2021-12-16 18:11:49"),
("74","7418835772e11","188","0","2","0","0","0","0","","TEMIDAYO","","ADEKUNLE","S/21/0074","$2y$10$qt9/Gd8U0JeNy9m5mxcmtek2Rcfg0pPhf.xA2.UhkSvxoQSfjcevu","letemidayo","letemidayo","","2021-12-16","male","Christianity","","","","","","","","","","","","","0","0","0","0","","0","","check_result","activated","2021-12-16 19:04:40"),
("75","75188b9334ca2","188","0","2","0","0","0","0","","GIFT","","OSAKWE","S/21/0075","$2y$10$jDFknPRHZ7jHDpkOiuozd.fvBzA3b1WHcAv28QgUaeK4XT1SB1E5K","wegift","wegift","","2021-12-16","female","Christianity","","","","","","","","","","","","","0","0","0","0","","0","","check_result","activated","2021-12-16 19:07:02"),
("76","761888ea45b9f","188","0","2","0","0","0","0","","EDEN","","UCHE","S/21/0076","$2y$10$3AW5hDwLwi3uRSsdmB0NvOBGMuuUAEITAy2NOoMGjpvUXsRF0Wh/.","heeden","heeden","","2021-12-16","male","Christianity","","","","","","","","","","","","","0","0","0","0","","0","","check_result","activated","2021-12-16 19:07:39"),
("77","77188930d98f3","188","0","2","0","0","0","0","","EPHRAIM","","SUNDAY","S/21/0077","$2y$10$Ch5KZu09qh/Ic8dmEjYedO6FcN.9IFbPSoqXYofMKjij9VUtqR76y","ayephraim","ayephraim","","2021-12-16","male","Christianity","","","","","","","","","","","","","0","0","0","0","","0","","check_result","activated","2021-12-16 19:08:22"),
("78","781885c5771fb","188","0","2","0","0","0","0","","CHIJIOKE","MIRABEL","OKOLI","S/21/0078","$2y$10$1HG.jh/g98HxDY3KmIOct.v5oTEaiNx/YfqIwv/9h3ZW2q8O4oBIa","limirabel","limirabel","","2021-12-16","female","Christianity","","","","","","","","","","","","","0","0","0","0","","0","","check_result","activated","2021-12-16 19:09:18"),
("79","7918889a785ab","188","0","2","0","0","0","0","","FESTUS","","DENNIS","S/21/0079","$2y$10$sHoqBy0.ylv/BthcCvCITuKRCFt0oax1XPcybqgthvPqRzijOCi0G","isfestus","isfestus","","2021-12-16","male","Christianity","","","","","","","","","","","","","0","0","0","0","","0","","check_result","activated","2021-12-16 19:10:08"),
("80","8018850931f31","188","0","2","0","0","0","0","","CHIGOZIRIM","","ILOBINSO","S/21/0080","$2y$10$afmh.OChh0i9gme01pq3/eT.zBYLIx0oU.s3DHquB1U8vHh6oYCku","sochigozirim","sochigozirim","","2021-12-16","male","Christianity","","","","","","","","","","","","","0","0","0","0","","0","","check_result","activated","2021-12-16 19:10:59"),
("81","81188f1697355","188","0","2","0","0","0","0","","DABERECHUKWU","OLEH","OGUAJU","S/21/0081","$2y$10$2j.tajaImq8GeV8miU7x9OrsrCoYelk9MoK5Z94qm1r1eMt3rfyT6","judabere","judabere","","2021-12-16","male","Christianity","","","","","","","","","","","","","0","0","0","0","","0","","check_result","activated","2021-12-16 19:15:06"),
("82","82188de15a477","188","0","2","0","0","0","0","","GIFT","","ISAAC","S/21/0082","$2y$10$u/scT0BSXhkBjX8MvfkkauypxepJBxtmZphRbI53odLnaRQBry74W","acgift","acgift","","2021-12-16","female","Christianity","","","","","","","","","","","","","0","0","0","0","","0","","check_result","activated","2021-12-16 19:15:52"),
("83","8318871478a41","188","0","2","0","0","0","0","","DIVINE","","OKPUYE","S/21/0083","$2y$10$WjMzxJ.jrc3qd2igPwuwzuipSf8wun8M.8dmZXii1YdMRlqhuI7yS","yedivine","yedivine","","2021-12-16","female","Christianity","","","","","","","","","","","","","0","0","0","0","","0","","check_result","activated","2021-12-16 19:18:36"),
("84","84188d286ca37","188","0","2","0","0","0","0","","DAVID","","OGWUCHE","S/21/0084","$2y$10$SSxsYMt9mkknftWnxnOgq./ODS0fzigrBnf82s.v0NYjojYs5ilfO","hedavid","hedavid","","2021-12-16","male","Christianity","","","","","","","","","","","","","0","0","0","0","","0","","check_result","activated","2021-12-16 19:20:04"),
("85","85188c2bdc0a8","188","0","2","0","0","0","0","","DELIGHT","MADEFREE","BASSEY","S/21/0085","$2y$10$sIdGwhFTwham4noA3nv6dO1RV.jNIuX1sX/KDnT9Jmrlt.BhoSbhi","eydelight","eydelight","","2021-12-16","female","Christianity","","","","","","","","","","","","","0","0","0","0","","0","","check_result","activated","2021-12-16 19:21:38"),
("86","86188f290e6dd","188","0","5","0","0","0","0","","KENNETH","UCHE","OSAKWE","S/21/0086","$2y$10$E4w4vyxwliQYsYThOCPud.Tz59nrmo8vyTEcFawtsSWKJUAjPTNtC","wekenneth","wekenneth","","2021-12-16","male","Christianity","","","","","","","","","","","","","0","0","0","0","","0","","check_result","activated","2021-12-16 22:01:43"),
("87","871880de198c5","188","0","10","0","0","0","0","","ABBA","","ABDULRAZAQ","S/21/0087","$2y$10$1.CGonnQNvJlTtRENQni7..md9sNxy5kFU3/7SjuuhX7uuILd4Oiu","aqabba","aqabba","","2021-12-17","male","Islam","","","","","2021/2022","1st Term","","","","new_student","new_student","","0","0","0","0","","0","","check_result","blocked","2021-12-17 03:37:42"),
("88","881889a15b930","188","33","10","0","0","0","0","","GODWIN","","AJIS","S/21/0088","$2y$10$TTbFaukD.YjhiA61WS2E4ejH9cZuQrvr0ueAXRHA3O861h5oMHZKy","isgodwin","isgodwin","","2021-12-17","male","Christianity","","","","","2021/2022","1st Term","","","","new_student","new_student","","0","0","0","0","","0","","check_result","blocked","2021-12-17 03:38:06"),
("89","89188adbe5e5d","188","0","10","0","0","0","0","","PRAISE","","FANIBE","S/21/0089","$2y$10$X8kfy.HexbUQsJp0VzMqse93JFb0mTE87dlILn7y6AR.eMbqupGhK","bepraise","bepraise","","2021-12-17","male","Christianity","","","","","2021/2022","1st Term","","","","new_student","new_student","","0","0","0","0","","0","","check_result","blocked","2021-12-17 03:38:48"),
("90","90188045aec1f","188","0","10","0","0","0","0","","SAMUEL","","OLONIYI","S/21/0090","$2y$10$wRfwBc1vK9Chz6U4Cx9mOuoqSfKCNlmYni5.4Zl.0uXyuYJvOrujG","yisamuel","yisamuel","","2021-12-17","male","Christianity","","","","","2021/2022","1st Term","","","","new_student","new_student","","0","0","0","0","","0","","check_result","blocked","2021-12-17 03:39:11"),
("91","9118827a851ed","188","0","10","0","0","0","0","","SOLOMON","","JUSTINE","S/21/0091","$2y$10$FBfLQoPOVdqqDxYBD649VeLQ/2BeeUCdFTDrl7S34b5vK7wDwB2Ti","nesolomon","nesolomon","","2021-12-17","male","Christianity","","","","","2021/2022","1st Term","","","","new_student","new_student","","0","0","0","0","","0","","check_result","blocked","2021-12-17 03:39:45"),
("92","9218892dc1b88","188","0","10","0","0","0","0","","BIBIAN","","OGWUCHE","S/21/0092","$2y$10$cBEX.o1QC2G5r3hlgYE2Ze1gEgawfIwOEJp8kA6yTZAzRlVTMn6JO","hebibian","hebibian","","2021-12-17","female","Christianity","","","","","2021/2022","1st Term","","","","new_student","new_student","","0","0","0","0","","0","","check_result","blocked","2021-12-17 03:40:07"),
("93","931887596f522","188","0","10","0","0","0","0","","ELIJAH","","ISAAC","S/21/0093","$2y$10$feNANmH2L64MKb1Sk.6N2unSY19GuZadZvxQDn8M81uLjd8/9dPna","acelijah","acelijah","","2021-12-17","male","Christianity","","","","","2021/2022","1st Term","","","","new_student","new_student","","0","0","0","0","","0","","check_result","blocked","2021-12-17 03:40:34"),
("94","9418869ce0b82","188","0","10","0","0","0","0","","JOSEPH","","ISAAC","S/21/0094","$2y$10$9083Nz20.wk3KzRR7X36Z.iVChVIAFKD./wQmpaJStGTeYDwjvN3e","acjoseph","acjoseph","","2021-12-17","male","Christianity","","","","","2021/2022","1st Term","","","","new_student","new_student","","0","0","0","0","","0","","check_result","blocked","2021-12-17 03:41:05"),
("95","951888e87cb06","188","0","10","0","0","0","0","","SAFIRU","","IBRAHIM","S/21/0095","$2y$10$WPnBPgSWlm4zvW/K5yy/XewLGAp2KNDkiIY9BLyFyn22jg6vj8cUK","imsafiru","imsafiru","","2021-12-17","male","Islam","","","","","2021/2022","1st Term","","","","new_student","new_student","","0","0","0","0","","0","","check_result","blocked","2021-12-17 03:41:33"),
("96","96188ef6ff183","188","0","10","0","0","0","0","","FRANCIS","","PATRICK","S/21/0096","$2y$10$Yuf5Nucrsa09uneeH3ImMeq765VKkqGNcEO71Vw5ZE3BdOlpl4uKa","ckfrancis","ckfrancis","","2021-12-17","male","Christianity","","","","","2021/2022","1st Term","","","","new_student","new_student","","0","0","0","0","","0","","check_result","blocked","2021-12-17 03:41:59"),
("97","97188a7de5b82","188","0","10","0","0","0","0","","ABDULHAMID","","USMAN","S/21/0097","$2y$10$YOd/o76v6m.SPIFW8mZitu4EGT28VSAHBHtMAam1C9Qds072VF85S","anabdulhamid","anabdulhamid","","2021-12-17","male","Islam","","","","","2021/2022","1st Term","","","","new_student","new_student","","0","0","0","0","","0","","check_result","blocked","2021-12-17 03:42:30"),
("98","981888726372b","188","0","10","0","0","0","0","","BAKO","INUWA","HABIBA","S/21/0098","$2y$10$f73ZMvy94kgiwFKEP4R0NOT441pnUTg5TRJgLaiWg6De8mIN1wrh6","babako","babako","","2021-12-17","female","Islam","","","","","2021/2022","1st Term","","","","new_student","new_student","","0","0","0","0","","0","","check_result","blocked","2021-12-17 03:42:55"),
("99","9918820e51fec","188","0","10","0","0","0","0","","IYAH","","INALEGWU","S/21/0099","$2y$10$HMlGXa8mQIhfcfQY0VU7/e0sCRrgrOsOgWQ4kOzIkxMLjkHy8dfnm","wuiyah","wuiyah","","2021-12-17","female","Christianity","","","","","2021/2022","1st Term","","","","new_student","new_student","","0","0","0","0","","0","","check_result","blocked","2021-12-17 03:43:22"),
("100","100188ae2a2d85","188","0","10","0","0","0","0","","STAR","","ABRAHAM","S/21/0100","$2y$10$IdtDF2uncJ4UdMXfHbpSCuPgsCVusKEANdy8x/uQOjf/PHrsLsuPa","amstar","amstar","","2021-12-17","male","Christianity","","","","","2021/2022","1st Term","","","","new_student","new_student","","0","0","0","0","","0","","check_result","blocked","2021-12-17 03:43:42");




CREATE TABLE `subclass` (
  `subclass_id` int(11) NOT NULL AUTO_INCREMENT,
  `subclass_name` varchar(30) NOT NULL,
  PRIMARY KEY (`subclass_id`)
) ENGINE=InnoDB DEFAULT CHARSET=latin1;






CREATE TABLE `subject_class` (
  `subject_class_id` int(11) NOT NULL AUTO_INCREMENT,
  `subject_id` int(11) NOT NULL,
  `class_id` int(11) NOT NULL,
  PRIMARY KEY (`subject_class_id`)
) ENGINE=InnoDB AUTO_INCREMENT=182 DEFAULT CHARSET=latin1;


INSERT INTO subject_class VALUES
("1","1","9"),
("2","1","8"),
("3","1","7"),
("4","1","6"),
("5","1","5"),
("10","10","6"),
("11","11","6"),
("12","12","6"),
("13","13","6"),
("14","14","6"),
("15","15","6"),
("16","2","6"),
("17","3","6"),
("18","4","6"),
("19","5","6"),
("20","6","6"),
("21","7","6"),
("22","8","6"),
("23","9","6"),
("24","10","7"),
("25","11","7"),
("26","12","7"),
("27","13","7"),
("28","14","7"),
("29","15","7"),
("30","2","7"),
("31","3","7"),
("32","4","7"),
("33","5","7"),
("34","6","7"),
("35","7","7"),
("36","8","7"),
("37","9","7"),
("38","10","3"),
("39","11","3"),
("40","12","3"),
("41","16","3"),
("42","17","3"),
("43","18","3"),
("44","19","3"),
("45","2","3"),
("46","20","3"),
("47","21","3"),
("48","22","3"),
("49","23","3"),
("50","24","3"),
("51","25","3"),
("53","7","3"),
("54","26","3"),
("55","10","5"),
("56","11","5"),
("57","12","5"),
("58","13","5"),
("59","14","5"),
("60","15","5"),
("61","2","5"),
("62","3","5"),
("63","4","5"),
("64","5","5"),
("65","6","5"),
("66","7","5"),
("67","8","5"),
("68","9","5"),
("69","24","5"),
("70","10","8"),
("71","11","8"),
("72","12","8"),
("73","13","8"),
("74","14","8"),
("75","15","8"),
("76","2","8"),
("77","27","8"),
("78","28","8"),
("79","3","8"),
("80","4","8"),
("81","5","8"),
("82","6","8"),
("83","7","8"),
("84","8","8"),
("85","9","8"),
("96","8","10"),
("97","1","10"),
("98","10","10"),
("99","12","10"),
("100","13","10"),
("101","14","10"),
("102","15","10"),
("103","2","10"),
("104","24","10"),
("105","27","10"),
("106","28","10"),
("107","29","10"),
("108","3","10"),
("109","4","10"),
("110","5","10"),
("111","6","10"),
("112","7","10"),
("113","9","10"),
("114","11","10"),
("115","11","9");
INSERT INTO subject_class VALUES
("116","10","9"),
("117","12","9"),
("119","14","9"),
("120","15","9"),
("121","2","9"),
("123","27","9"),
("124","28","9"),
("126","3","9"),
("127","4","9"),
("128","5","9"),
("129","6","9"),
("130","7","9"),
("131","8","9"),
("133","9","9"),
("134","7","1"),
("135","12","1"),
("136","16","1"),
("137","18","1"),
("138","19","1"),
("139","2","1"),
("140","20","1"),
("141","22","1"),
("142","23","1"),
("144","30","1"),
("145","31","1"),
("146","32","1"),
("147","33","1"),
("148","34","1"),
("149","35","1"),
("150","5","1"),
("151","8","1"),
("152","10","2"),
("153","11","2"),
("154","16","2"),
("155","17","2"),
("156","18","2"),
("157","19","2"),
("158","2","2"),
("159","22","2"),
("160","23","2"),
("161","30","2"),
("162","12","2"),
("163","20","2"),
("164","24","2"),
("165","25","2"),
("166","5","2"),
("167","7","2"),
("168","16","4"),
("169","18","4"),
("170","2","4"),
("171","22","4"),
("172","23","4"),
("173","25","4"),
("174","30","4"),
("175","31","4"),
("176","32","4"),
("177","34","4"),
("178","35","4"),
("179","5","4"),
("180","7","4"),
("181","8","4");




CREATE TABLE `subjects` (
  `subject_id` int(11) NOT NULL AUTO_INCREMENT,
  `subject_name` varchar(50) NOT NULL,
  `subject_short` varchar(30) NOT NULL,
  `groups` varchar(100) NOT NULL,
  PRIMARY KEY (`subject_id`),
  KEY `groups` (`groups`)
) ENGINE=InnoDB AUTO_INCREMENT=36 DEFAULT CHARSET=latin1;


INSERT INTO subjects VALUES
("1","MATHEMATICS","MATHS","both"),
("2","CHRISTIAN/ISLAMIC RELIGIOUS STUDIES","C.R.S/I.R.S","both"),
("3","CIVIC EDUCATION","CIVIC EDU.","both"),
("4","PHYSICAL AND HEALTH EDUCATION","P.H.E","both"),
("5","CULTURAL AND CREATIVE ARTS","C.C.A","both"),
("6","HOME ECONOMICS ","HOME ECONS ","both"),
("7","COMPUTER STUDIES","COMP. STUD.","both"),
("8","ENGLISH STUDIES","ENGLISH STUD.","both"),
("9","BASIC SCIENCE","BASIC SCI.","both"),
("10","QUANTITATIVE REASONING ","QUANT. REASONING ","both"),
("11","VERBAL REASONING","VERBAL REASONING","both"),
("12","SECURITY EDUCATION","SECURITY EDU.","both"),
("13","LITERATURE ","LITERATURE","both"),
("14","SOCIAL STUDIES","SOCIAL STUDIES","both"),
("15","AGRICULTURAL SCIENCE","AGRIC SCI,","both"),
("16","NUMBER WORK","NUMBER WORK","nursery"),
("17","READING","READING","nursery"),
("18","SOCIAL HABITS","SOCIAL HABITS","nursery"),
("19","FOOD AND NUTRITION","FOOD AND NUT,","nursery"),
("20","WATER AND ENVIRONMENTAL STUDIES","WATER AND ENVIRONMENTAL STUD.","nursery"),
("21","PHONICS","PHONICS","nursery"),
("22","RHYME","RHYME","nursery"),
("23","HEALTH HABIT","HEALTH HABIT","nursery"),
("24","HAND WRITING ","HAND WRITING","both"),
("25","NATURE SCENE...","NATURE","nursery"),
("26","FINE ART","FINE ART","nursery"),
("27","FRENCH","FRENCH","primary"),
("28","HAUSA","HAUSA","primary"),
("29","BASIC TECHNOLOGY","BASIC. TECH.","primary"),
("30","MUSIC","MUS/SON","both"),
("31","PICTURE READING","PICS/READING","nursery"),
("32","SPEECH TRAINING","SPEECH","nursery"),
("33","SCIENCE READINESS","SCIENCE.R","both"),
("34","CURRENT AFFAIRS","CURRENT.A","nursery"),
("35","IDENTIFICATION","IDENTITY","nursery");




CREATE TABLE `test` (
  `test_id` int(11) NOT NULL AUTO_INCREMENT,
  `test_page_id` int(11) NOT NULL,
  `student_id` int(11) NOT NULL,
  `class_id` int(11) NOT NULL,
  `subclass_id` int(11) NOT NULL,
  `subject_id` int(11) NOT NULL,
  `class_name` varchar(50) NOT NULL,
  `subclass_name` varchar(50) NOT NULL,
  `subject_name` varchar(100) NOT NULL,
  `student_score` float DEFAULT NULL,
  `status` varchar(10) NOT NULL,
  `sessions` char(20) NOT NULL,
  `terms` char(20) NOT NULL,
  PRIMARY KEY (`test_id`),
  KEY `test_page_id` (`test_page_id`),
  KEY `class_id` (`class_id`),
  KEY `subclass_id` (`subclass_id`),
  KEY `subject_id` (`subject_id`),
  KEY `student_score` (`student_score`),
  KEY `status` (`status`),
  KEY `sessions` (`sessions`),
  KEY `terms` (`terms`)
) ENGINE=InnoDB DEFAULT CHARSET=latin1;






CREATE TABLE `test_page` (
  `test_page_id` int(11) NOT NULL AUTO_INCREMENT,
  `subject_id` int(11) NOT NULL,
  `class_id` int(11) NOT NULL,
  `subclass_id` int(11) NOT NULL,
  `class_name` varchar(50) NOT NULL,
  `subclass_name` varchar(50) NOT NULL,
  `subject_name` varchar(100) NOT NULL,
  `test_title` varchar(100) NOT NULL,
  `total_score` float NOT NULL,
  `students` int(11) NOT NULL,
  `status` varchar(10) NOT NULL,
  `sessions` char(20) NOT NULL,
  `terms` char(20) NOT NULL,
  `date_added` datetime NOT NULL,
  PRIMARY KEY (`test_page_id`)
) ENGINE=InnoDB DEFAULT CHARSET=latin1;






CREATE TABLE `topic` (
  `topic_id` int(11) NOT NULL AUTO_INCREMENT,
  `topic_name` varchar(200) NOT NULL,
  `class_id` int(11) NOT NULL,
  `subclass_id` int(11) NOT NULL,
  `subject_id` int(11) NOT NULL,
  `user_id` int(11) NOT NULL,
  `table_name` varchar(20) NOT NULL,
  `published` varchar(20) NOT NULL DEFAULT 'not_published',
  `discussion_signal` tinyint(4) NOT NULL,
  `sessions` varchar(15) NOT NULL,
  `terms` varchar(15) NOT NULL,
  `date_added` datetime NOT NULL DEFAULT current_timestamp(),
  PRIMARY KEY (`topic_id`),
  KEY `class_id` (`class_id`),
  KEY `subclass_id` (`subclass_id`),
  KEY `subject_id` (`subject_id`),
  KEY `user_id` (`user_id`),
  KEY `published` (`published`)
) ENGINE=InnoDB DEFAULT CHARSET=utf8mb4;






CREATE TABLE `topic_discussions` (
  `topic_discussions_id` int(11) NOT NULL AUTO_INCREMENT,
  `topic_id` int(11) NOT NULL,
  `user_id` int(11) NOT NULL,
  `table_name` varchar(20) NOT NULL,
  `discussion` varchar(300) NOT NULL,
  `date_added` datetime NOT NULL DEFAULT current_timestamp(),
  PRIMARY KEY (`topic_discussions_id`),
  KEY `user_id` (`user_id`),
  KEY `topic_id` (`topic_id`)
) ENGINE=InnoDB DEFAULT CHARSET=utf8mb4;






CREATE TABLE `transfer_current_fees_info` (
  `current_fees_info_id` int(11) unsigned NOT NULL AUTO_INCREMENT,
  `student_id` int(11) unsigned NOT NULL,
  `class_id` int(10) unsigned NOT NULL,
  `current_school_fees` decimal(15,2) NOT NULL,
  `past_debt` decimal(15,2) NOT NULL,
  `amount_to_pay` decimal(15,2) NOT NULL,
  `amount_paid` decimal(15,2) NOT NULL,
  `discount` decimal(15,2) NOT NULL,
  `surcharge_amount` decimal(15,2) NOT NULL,
  `surcharge_reason` varchar(500) NOT NULL,
  `wave_over` decimal(15,2) NOT NULL,
  `owing` decimal(15,2) NOT NULL,
  `present_owing` decimal(15,2) NOT NULL,
  `class_fee` decimal(15,2) NOT NULL,
  `plan_fee` decimal(15,2) NOT NULL,
  `new_student_fee` decimal(15,2) NOT NULL,
  `room_fee` decimal(15,2) NOT NULL,
  `sessions` varchar(20) NOT NULL,
  `terms` varchar(20) NOT NULL,
  PRIMARY KEY (`current_fees_info_id`),
  KEY `student_id` (`student_id`),
  KEY `sess_term` (`sessions`,`terms`)
) ENGINE=InnoDB DEFAULT CHARSET=latin1;






CREATE TABLE `transfer_fees_discount` (
  `fees_discount_id` int(11) NOT NULL AUTO_INCREMENT,
  `student_id` int(11) NOT NULL,
  `amount` decimal(15,2) NOT NULL,
  `reason` varchar(300) NOT NULL,
  `sessions` varchar(20) NOT NULL,
  `terms` varchar(20) NOT NULL,
  PRIMARY KEY (`fees_discount_id`),
  KEY `student_id` (`student_id`),
  KEY `session_term` (`sessions`,`terms`)
) ENGINE=InnoDB DEFAULT CHARSET=latin1;






CREATE TABLE `transfer_result_main` (
  `result_main_id` int(11) NOT NULL AUTO_INCREMENT,
  `student_id` int(11) NOT NULL,
  `class_id` int(11) NOT NULL,
  `class_name` char(50) NOT NULL,
  `section` varchar(10) NOT NULL,
  `subclass_id` int(11) NOT NULL,
  `subclass_name` char(50) NOT NULL,
  `total` float NOT NULL,
  `cumulative_total` float NOT NULL,
  `total_obtainable` float NOT NULL,
  `cumu_total_obtainable` float NOT NULL,
  `average` varchar(10) NOT NULL,
  `cumulative_average` varchar(10) NOT NULL,
  `position_class` varchar(20) NOT NULL,
  `cumulative_position_class` varchar(20) NOT NULL,
  `position_subclass` varchar(20) NOT NULL,
  `cumulative_position_subclass` varchar(20) NOT NULL,
  `student_attendance` int(11) DEFAULT NULL,
  `total_attendance` int(11) DEFAULT NULL,
  `total_student_class` int(10) unsigned NOT NULL,
  `total_student_subclass` int(10) unsigned NOT NULL,
  `cumulative_total_student_class` int(10) unsigned NOT NULL,
  `cumulative_total_student_subclass` int(10) unsigned NOT NULL,
  `handwriting` int(11) NOT NULL,
  `cumulative_handwriting` int(11) NOT NULL,
  `neatness` int(11) NOT NULL,
  `cumulative_neatness` int(11) NOT NULL,
  `punctuality` int(11) NOT NULL,
  `cumulative_punctuality` int(11) NOT NULL,
  `attentiveness` int(11) NOT NULL,
  `cumulative_attentiveness` int(11) NOT NULL,
  `initiative` int(11) NOT NULL,
  `cumulative_initiative` int(11) NOT NULL,
  `respect` int(11) NOT NULL,
  `cumulative_respect` int(11) NOT NULL,
  `obedience` int(11) NOT NULL,
  `cumulative_obedience` int(11) NOT NULL,
  `attitude` int(11) NOT NULL,
  `cumulative_attitude` int(11) NOT NULL,
  `honesty` int(11) NOT NULL,
  `cumulative_honesty` int(11) NOT NULL,
  `creativity` int(11) NOT NULL,
  `cumulative_creativity` int(11) NOT NULL,
  `behaviour1_name` varchar(100) NOT NULL,
  `behaviour2_name` varchar(100) NOT NULL,
  `behaviour3_name` varchar(100) NOT NULL,
  `behaviour4_name` varchar(100) NOT NULL,
  `behaviour5_name` varchar(100) NOT NULL,
  `behaviour6_name` varchar(100) NOT NULL,
  `behaviour7_name` varchar(100) NOT NULL,
  `behaviour8_name` varchar(100) NOT NULL,
  `behaviour9_name` varchar(100) NOT NULL,
  `behaviour10_name` varchar(100) NOT NULL,
  `promotion` varchar(50) NOT NULL,
  `promotion_class_id` int(11) NOT NULL,
  `promotion_class_name` varchar(50) NOT NULL,
  `promotion_comment` varchar(500) NOT NULL,
  `promotion_subclass_id` int(11) NOT NULL,
  `promotion_subclass_name` varchar(50) NOT NULL,
  `pass_ave` varchar(5) NOT NULL,
  `scratch_card_number` varchar(16) NOT NULL,
  `next_term_begins` date NOT NULL,
  `ca1_total_score` float NOT NULL,
  `ca2_total_score` float NOT NULL,
  `ca3_total_score` float NOT NULL,
  `ca4_total_score` float NOT NULL,
  `ca5_total_score` float NOT NULL,
  `ca6_total_score` float NOT NULL,
  `ca_total_score` float NOT NULL,
  `exam_total_score` float NOT NULL,
  `no_of_ca` int(11) NOT NULL,
  `exam_name` varchar(50) NOT NULL,
  `ca_name_1` varchar(50) NOT NULL,
  `ca_name_2` varchar(50) NOT NULL,
  `ca_name_3` varchar(50) NOT NULL,
  `ca_name_4` varchar(50) NOT NULL,
  `ca_name_5` varchar(50) NOT NULL,
  `ca_name_6` varchar(50) NOT NULL,
  `principal_name` varchar(100) NOT NULL,
  `principal_comment` text NOT NULL,
  `form_staff_name` varchar(200) NOT NULL,
  `form_staff_comment` text NOT NULL,
  `student_affairs_comment` text NOT NULL,
  `cumulative_principal_comment` text NOT NULL,
  `cumulative_form_staff_comment` text NOT NULL,
  `principal_signature` varchar(150) NOT NULL,
  `second_principal_signature` varchar(60) NOT NULL,
  `visited` int(11) NOT NULL,
  `sessions` varchar(20) NOT NULL,
  `terms` varchar(20) NOT NULL,
  PRIMARY KEY (`result_main_id`),
  KEY `student_id` (`student_id`),
  KEY `sessions` (`sessions`),
  KEY `terms` (`terms`),
  KEY `promotion` (`promotion`)
) ENGINE=InnoDB DEFAULT CHARSET=latin1;






CREATE TABLE `transfer_result_subject` (
  `result_subject_id` int(11) NOT NULL AUTO_INCREMENT,
  `student_id` int(11) NOT NULL,
  `class_id` int(11) NOT NULL,
  `subclass_id` int(11) NOT NULL,
  `class_name` varchar(50) NOT NULL,
  `subclass_name` varchar(50) NOT NULL,
  `subject_name` varchar(100) NOT NULL,
  `subject_id` int(11) NOT NULL,
  `ca1` float DEFAULT NULL,
  `ca2` float DEFAULT NULL,
  `ca3` float DEFAULT NULL,
  `ca4` float DEFAULT NULL,
  `ca5` float DEFAULT NULL,
  `ca6` float DEFAULT NULL,
  `ca` float DEFAULT NULL,
  `exam` float DEFAULT NULL,
  `sum_total` float DEFAULT NULL,
  `total` float NOT NULL,
  `cumulative_score` float NOT NULL,
  `cumulative_score_percent` float DEFAULT NULL,
  `cumulative_position` char(10) NOT NULL,
  `position_subclass` varchar(20) NOT NULL,
  `grade` varchar(5) NOT NULL,
  `grade_comment` varchar(50) NOT NULL,
  `staff_name` varchar(200) NOT NULL,
  `staff_comment` varchar(60) NOT NULL,
  `attendance` int(11) DEFAULT NULL,
  `percent_attendance` varchar(10) DEFAULT NULL,
  `handwriting` int(11) NOT NULL,
  `neatness` int(11) NOT NULL,
  `punctuality` int(11) NOT NULL,
  `attentiveness` int(11) NOT NULL,
  `initiative` int(11) NOT NULL,
  `respect` int(11) NOT NULL,
  `obedience` int(11) NOT NULL,
  `attitude` int(11) NOT NULL,
  `honesty` int(11) NOT NULL,
  `creativity` int(11) NOT NULL,
  `status` varchar(10) NOT NULL,
  `sessions` varchar(20) NOT NULL,
  `terms` varchar(10) NOT NULL,
  PRIMARY KEY (`result_subject_id`),
  KEY `sess_term` (`sessions`,`terms`),
  KEY `foreign_keys` (`student_id`,`class_id`,`subclass_id`,`subject_id`),
  KEY `status` (`status`)
) ENGINE=InnoDB DEFAULT CHARSET=latin1;






CREATE TABLE `transfer_salary_info` (
  `salary_info_id` int(11) NOT NULL AUTO_INCREMENT,
  `staff_id` int(11) NOT NULL,
  `current_salary` decimal(15,2) NOT NULL,
  `past_debt` decimal(15,2) NOT NULL,
  `amount_to_pay` decimal(15,2) NOT NULL,
  `amount_paid` decimal(15,2) NOT NULL,
  `wave_over` decimal(15,2) NOT NULL,
  `current_debt` decimal(15,2) NOT NULL,
  `deduct` decimal(15,2) NOT NULL,
  `appreciation_amount` decimal(15,2) NOT NULL,
  `appreciation_reason` varchar(500) NOT NULL,
  `owing` decimal(15,2) NOT NULL,
  `sessions` varchar(20) NOT NULL,
  `terms` varchar(20) NOT NULL,
  `months` varchar(30) NOT NULL,
  PRIMARY KEY (`salary_info_id`),
  KEY `staff_id` (`staff_id`),
  KEY `sessions` (`sessions`)
) ENGINE=InnoDB DEFAULT CHARSET=latin1;






CREATE TABLE `transfer_salary_payment` (
  `salary_payment_id` int(11) NOT NULL AUTO_INCREMENT,
  `staff_id` int(11) NOT NULL,
  `accountant_id` int(10) unsigned NOT NULL,
  `amount_paid` decimal(15,2) NOT NULL,
  `staff_name` varchar(200) NOT NULL,
  `sessions` varchar(20) NOT NULL,
  `terms` varchar(20) NOT NULL,
  `months` varchar(30) NOT NULL,
  `date_added` datetime NOT NULL,
  PRIMARY KEY (`salary_payment_id`)
) ENGINE=InnoDB DEFAULT CHARSET=latin1;






CREATE TABLE `transfer_school_fees` (
  `school_fees_id` int(11) NOT NULL AUTO_INCREMENT,
  `transaction_id` char(20) NOT NULL,
  `student_id` int(11) NOT NULL,
  `staff_id` int(11) NOT NULL,
  `plan_id` int(11) NOT NULL,
  `school_fees_payment_mode_id` int(11) NOT NULL,
  `payment_mode` varchar(300) NOT NULL,
  `staff_name` varchar(200) NOT NULL,
  `amount_paid` decimal(15,2) NOT NULL,
  `payment_no` varchar(20) NOT NULL,
  `fees_status` varchar(20) NOT NULL,
  `sessions` varchar(20) NOT NULL,
  `terms` varchar(10) NOT NULL,
  `date_added` datetime NOT NULL,
  PRIMARY KEY (`school_fees_id`),
  KEY `sessions` (`sessions`),
  KEY `terms` (`terms`),
  KEY `transaction_id` (`transaction_id`),
  KEY `school_fees_payment_mode_id` (`school_fees_payment_mode_id`)
) ENGINE=InnoDB DEFAULT CHARSET=latin1;






CREATE TABLE `transferred_students` (
  `transferred_student_id` int(11) NOT NULL AUTO_INCREMENT,
  `student_id` int(11) NOT NULL,
  `parent_id` int(11) NOT NULL,
  `student_name` varchar(300) NOT NULL,
  `class_id` int(11) NOT NULL,
  `old_class_name` varchar(100) NOT NULL,
  `new_class_name` varchar(100) NOT NULL,
  `serial_number` varchar(50) NOT NULL,
  `school_id` int(11) NOT NULL,
  `database_name` varchar(100) NOT NULL,
  `status` varchar(30) NOT NULL,
  `date_transferred` datetime NOT NULL,
  PRIMARY KEY (`transferred_student_id`)
) ENGINE=InnoDB DEFAULT CHARSET=latin1;






CREATE TABLE `zoom` (
  `zoom_id` int(11) NOT NULL AUTO_INCREMENT,
  `class_id` int(11) NOT NULL,
  `class_category_id` int(11) NOT NULL,
  `email` varchar(100) NOT NULL,
  `pass` varchar(50) NOT NULL,
  `api_key` varchar(200) NOT NULL,
  `api_secret` varchar(200) NOT NULL,
  `meeting_id` varchar(20) NOT NULL,
  `meeting_password` varchar(30) NOT NULL,
  `meeting_url_pwd` varchar(400) NOT NULL,
  `host_key` varchar(20) NOT NULL,
  `date_added` datetime NOT NULL DEFAULT current_timestamp(),
  PRIMARY KEY (`zoom_id`),
  KEY `class_id` (`class_id`),
  KEY `class_category_id` (`class_category_id`)
) ENGINE=InnoDB DEFAULT CHARSET=utf8;






/*!40101 SET COLLATION_CONNECTION=@OLD_COLLATION_CONNECTION */;SET SQL_MODE = "NO_AUTO_VALUE_ON_ZERO";


--
-- Database: `zeonglob_zap_kkinternational_nurpri_abuja`
--




CREATE TABLE `about_us` (
  `about_us_id` int(11) NOT NULL AUTO_INCREMENT,
  `map` varchar(300) NOT NULL,
  `about_us_text` text NOT NULL,
  `date_added` datetime NOT NULL DEFAULT current_timestamp() ON UPDATE current_timestamp(),
  PRIMARY KEY (`about_us_id`)
) ENGINE=InnoDB DEFAULT CHARSET=utf8mb4;






CREATE TABLE `activity` (
  `assignment_id` int(11) NOT NULL AUTO_INCREMENT,
  `class_id` int(11) NOT NULL,
  `subclass_id` int(11) NOT NULL,
  `subject_id` int(11) NOT NULL,
  `staff_id` int(11) NOT NULL,
  `topic_id` int(11) NOT NULL,
  `table_name` varchar(30) NOT NULL,
  `assignment_title` varchar(200) NOT NULL,
  `assignment_text` text NOT NULL,
  `due_date` datetime NOT NULL,
  `property` varchar(20) NOT NULL,
  `activation` varchar(20) NOT NULL DEFAULT 'active',
  `total_score` decimal(15,2) NOT NULL,
  `assignment_date` datetime NOT NULL DEFAULT current_timestamp(),
  `answer_text` text NOT NULL,
  `answer_status` varchar(10) NOT NULL,
  `sessions` varchar(15) NOT NULL,
  `terms` varchar(15) NOT NULL,
  PRIMARY KEY (`assignment_id`),
  KEY `due_date` (`due_date`),
  KEY `topic_id` (`topic_id`),
  KEY `activation` (`activation`),
  KEY `answer_status` (`answer_status`)
) ENGINE=InnoDB DEFAULT CHARSET=latin1;






CREATE TABLE `activity_comment` (
  `activity_comment_id` int(11) NOT NULL AUTO_INCREMENT,
  `assignment_id` int(11) NOT NULL,
  `user_id` int(11) NOT NULL,
  `table_name` varchar(20) NOT NULL,
  `comment` varchar(500) NOT NULL,
  `date_added` datetime NOT NULL DEFAULT current_timestamp(),
  PRIMARY KEY (`activity_comment_id`),
  KEY `assignment_id` (`assignment_id`,`user_id`)
) ENGINE=InnoDB DEFAULT CHARSET=utf8mb4;






CREATE TABLE `admission_class` (
  `admission_class_id` int(11) NOT NULL AUTO_INCREMENT,
  `admission_sessions_id` int(11) NOT NULL,
  `class_id` int(11) NOT NULL,
  `price` decimal(15,2) NOT NULL,
  PRIMARY KEY (`admission_class_id`),
  KEY `admission_session_id` (`admission_sessions_id`),
  KEY `class_id` (`class_id`)
) ENGINE=InnoDB DEFAULT CHARSET=utf8mb4;






CREATE TABLE `admission_exam_questions` (
  `admission_exam_question_id` int(11) NOT NULL AUTO_INCREMENT,
  `admission_exam_id` int(11) NOT NULL,
  `subject_id` int(11) NOT NULL,
  `question_id` int(11) NOT NULL,
  `date_added` datetime NOT NULL DEFAULT current_timestamp(),
  PRIMARY KEY (`admission_exam_question_id`),
  KEY `admission_exam_id` (`admission_exam_id`)
) ENGINE=InnoDB DEFAULT CHARSET=utf8mb4;






CREATE TABLE `admission_exam_student_questions` (
  `admission_exam_student_question_id` int(11) NOT NULL AUTO_INCREMENT,
  `admission_exam_student_id` int(11) NOT NULL,
  `question_options_id` int(11) NOT NULL,
  PRIMARY KEY (`admission_exam_student_question_id`),
  KEY `admission_exam_student_id` (`admission_exam_student_id`),
  KEY `question_options_id` (`question_options_id`)
) ENGINE=InnoDB DEFAULT CHARSET=utf8mb4;






CREATE TABLE `admission_exam_students` (
  `admission_exam_student_id` int(11) NOT NULL AUTO_INCREMENT,
  `admission_exam_id` int(11) NOT NULL,
  `admission_student_id` int(11) NOT NULL,
  `start_date` datetime NOT NULL DEFAULT current_timestamp(),
  `end_date` datetime NOT NULL,
  `score` decimal(15,2) DEFAULT NULL,
  `revised_score` decimal(15,2) DEFAULT NULL,
  `total_score` decimal(15,2) DEFAULT NULL,
  `score_percentage` decimal(15,2) DEFAULT NULL,
  `revised_score_percentage` decimal(15,2) DEFAULT NULL,
  `approval` tinyint(4) NOT NULL,
  `fullscreen_exits` int(11) NOT NULL,
  `exam_ended_cond` varchar(30) NOT NULL,
  PRIMARY KEY (`admission_exam_student_id`),
  KEY `admission_exam_id` (`admission_exam_id`),
  KEY `student_id` (`admission_student_id`),
  KEY `approval` (`approval`)
) ENGINE=InnoDB DEFAULT CHARSET=utf8mb4;






CREATE TABLE `admission_exam_webcams` (
  `admission_exam_webcam_id` int(11) NOT NULL AUTO_INCREMENT,
  `admission_exam_id` int(11) NOT NULL,
  `admission_student_id` int(11) NOT NULL,
  `google_drive_id` varchar(300) NOT NULL,
  `timestamp` varchar(20) NOT NULL,
  PRIMARY KEY (`admission_exam_webcam_id`),
  KEY `admission_exam_id` (`admission_exam_id`,`admission_student_id`)
) ENGINE=InnoDB DEFAULT CHARSET=utf8mb4;






CREATE TABLE `admission_exams` (
  `admission_exam_id` int(11) NOT NULL AUTO_INCREMENT,
  `admission_class_id` int(11) NOT NULL,
  `exam_name` varchar(300) NOT NULL,
  `exam_description` text NOT NULL,
  `exam_type` varchar(20) NOT NULL DEFAULT 'multiple_choice',
  `duration` int(11) NOT NULL,
  `start_date` datetime NOT NULL,
  `end_date` datetime NOT NULL,
  `maximum_attempt` tinyint(4) NOT NULL,
  `minimum_percentage` tinyint(4) NOT NULL,
  `view_answers` tinyint(4) NOT NULL,
  `surveillance` tinyint(4) NOT NULL,
  `activation` varchar(10) NOT NULL,
  `date_added` datetime NOT NULL DEFAULT current_timestamp(),
  PRIMARY KEY (`admission_exam_id`),
  KEY `activation` (`activation`)
) ENGINE=InnoDB DEFAULT CHARSET=utf8mb4;






CREATE TABLE `admission_form` (
  `admission_form_id` int(11) NOT NULL AUTO_INCREMENT,
  `admission_form` text NOT NULL,
  `upload_instruction` varchar(500) NOT NULL,
  PRIMARY KEY (`admission_form_id`)
) ENGINE=InnoDB AUTO_INCREMENT=2 DEFAULT CHARSET=utf8mb4;


INSERT INTO admission_form VALUES
("1","[{\"type\":\"text\",\"required\":true,\"label\":\"Last Name\",\"placeholder\":\"ENTER LAST NAME\",\"className\":\"form-control\",\"name\":\"last_name\",\"access\":false,\"subtype\":\"text\"},{\"type\":\"text\",\"required\":true,\"label\":\"First Name\",\"placeholder\":\"ENTER FIRST NAME\",\"className\":\"form-control\",\"name\":\"first_name\",\"access\":false,\"subtype\":\"text\"},{\"type\":\"text\",\"required\":false,\"label\":\"Other Name\",\"placeholder\":\"ENTER OTHER NAME\",\"className\":\"form-control\",\"name\":\"other_name\",\"access\":false,\"subtype\":\"text\"},{\"type\":\"select\",\"required\":true,\"label\":\"Gender\",\"className\":\"form-control\",\"name\":\"gender\",\"access\":false,\"values\":[{\"label\":\"MALE\",\"value\":\"male\",\"selected\":true},{\"label\":\"FEMALE\",\"value\":\"female\"}]},{\"type\":\"select\",\"required\":true,\"label\":\"Religion\",\"placeholder\":\"Religion\",\"className\":\"form-control\",\"name\":\"religion\",\"access\":false,\"values\":[{\"label\":\"CHRISTIANITY \",\"value\":\"Christianity\"},{\"label\":\"ISLAM \",\"value\":\"Islam\"}]},{\"type\":\"date\",\"required\":true,\"label\":\"Date of Birth\",\"className\":\"form-control\",\"name\":\"dob\",\"access\":false},{\"type\":\"text\",\"required\":true,\"label\":\"Parent Name\",\"placeholder\":\"ENTER PARENT NAME\",\"className\":\"form-control\",\"name\":\"parent_name\",\"access\":false,\"subtype\":\"text\"},{\"type\":\"text\",\"required\":true,\"label\":\"Parent Address\",\"placeholder\":\"ENTER PARENT ADDRESS\",\"className\":\"form-control\",\"name\":\"home_address\",\"access\":false,\"subtype\":\"text\"},{\"type\":\"text\",\"required\":true,\"label\":\"Parent Occupation\",\"placeholder\":\"ENTER PARENT OCCUPATION\",\"className\":\"form-control\",\"name\":\"occupation\",\"access\":false,\"subtype\":\"text\"},{\"type\":\"autocomplete\",\"required\":true,\"label\":\"Parent State of Origin\",\"className\":\"form-control\",\"name\":\"parent_state_origin\",\"access\":false,\"requireValidOption\":true,\"values\":[{\"label\":\"ABIA\",\"value\":\"ABIA\"},{\"label\":\"ADAMAWA\",\"value\":\"ADAMAWA\"},{\"label\":\"AKWA IBOM\",\"value\":\"AKWA IBOM\"},{\"label\":\"ANAMBRA\",\"value\":\"ANAMBRA\"},{\"label\":\"BAUCHI\",\"value\":\"BAUCHI\"},{\"label\":\"BAYELSA\",\"value\":\"BAYELSA\"},{\"label\":\"BENUE\",\"value\":\"BENUE\"},{\"label\":\"BORNO\",\"value\":\"BORNO\"},{\"label\":\"CROSS RIVER\",\"value\":\"CROSS RIVER\"},{\"label\":\"DELTA\",\"value\":\"DELTA\"},{\"label\":\"EBONYI\",\"value\":\"EBONYI\"},{\"label\":\"EDO\",\"value\":\"EDO\"},{\"label\":\"EKITI\",\"value\":\"EKITI\"},{\"label\":\"ENUGU\",\"value\":\"ENUGU\"},{\"label\":\"FCT\",\"value\":\"FCT\"},{\"label\":\"GOMBE\",\"value\":\"GOMBE\"},{\"label\":\"IMO\",\"value\":\"IMO\"},{\"label\":\"JIGAWA\",\"value\":\"JIGAWA\"},{\"label\":\"KADUNA\",\"value\":\"KADUNA\"},{\"label\":\"KANO\",\"value\":\"KANO\"},{\"label\":\"KATSINA\",\"value\":\"KATSINA\"},{\"label\":\"KEBBI\",\"value\":\"KEBBI\"},{\"label\":\"KOGI\",\"value\":\"KOGI\"},{\"label\":\"KWARA\",\"value\":\"KWARA\"},{\"label\":\"LAGOS\",\"value\":\"LAGOS\"},{\"label\":\"NASARAWA\",\"value\":\"NASARAWA\"},{\"label\":\"NIGER\",\"value\":\"NIGER\"},{\"label\":\"OGUN\",\"value\":\"OGUN\"},{\"label\":\"ONDO\",\"value\":\"ONDO\"},{\"label\":\"OSUN\",\"value\":\"OSUN\"},{\"label\":\"OYO\",\"value\":\"OYO\"},{\"label\":\"PLATEAU\",\"value\":\"PLATEAU\"},{\"label\":\"RIVERS\",\"value\":\"RIVERS\"},{\"label\":\"SOKOTO\",\"value\":\"SOKOTO\"},{\"label\":\"TARABA\",\"value\":\"TARABA\"},{\"label\":\"YOBE\",\"value\":\"YOBE\"},{\"label\":\"ZAMFARA\",\"value\":\"ZAMFARA\"}]},{\"type\":\"select\",\"required\":true,\"label\":\"Parent Religion\",\"placeholder\":\"Religion\",\"className\":\"form-control\",\"name\":\"select-1595660440643\",\"access\":false,\"values\":[{\"label\":\"CHRISTIANITY \",\"value\":\"Christianity\",\"selected\":true},{\"label\":\"ISLAM \",\"value\":\"Islam\"}]}]","");




CREATE TABLE `admission_sessions` (
  `admission_sessions_id` int(11) NOT NULL AUTO_INCREMENT,
  `admission_sessions_name` varchar(300) NOT NULL,
  `admission_status` varchar(100) NOT NULL DEFAULT 'active',
  `date_created` datetime NOT NULL DEFAULT current_timestamp(),
  PRIMARY KEY (`admission_sessions_id`),
  KEY `admission_status` (`admission_status`)
) ENGINE=InnoDB DEFAULT CHARSET=latin1;






CREATE TABLE `admission_students` (
  `admission_student_id` int(11) NOT NULL AUTO_INCREMENT,
  `admission_class_id` int(11) NOT NULL,
  `main_phonenumber` varchar(20) NOT NULL,
  `phone_number2` varchar(20) DEFAULT NULL,
  `email` varchar(300) NOT NULL,
  `student_info` text NOT NULL,
  `payment` varchar(10) NOT NULL,
  `application_status` varchar(20) NOT NULL,
  `date_added` datetime NOT NULL DEFAULT current_timestamp(),
  PRIMARY KEY (`admission_student_id`)
) ENGINE=InnoDB DEFAULT CHARSET=utf8mb4;






CREATE TABLE `admission_uploads` (
  `admission_upload_id` int(11) NOT NULL AUTO_INCREMENT,
  `admission_student_id` int(11) NOT NULL,
  `upload_title` varchar(50) NOT NULL,
  `google_drive_id` varchar(100) NOT NULL,
  `google_drive_title` varchar(50) NOT NULL,
  `date_added` datetime NOT NULL DEFAULT current_timestamp(),
  PRIMARY KEY (`admission_upload_id`),
  KEY `admission_student_id` (`admission_student_id`)
) ENGINE=InnoDB DEFAULT CHARSET=latin1;






CREATE TABLE `album` (
  `album_id` int(11) NOT NULL AUTO_INCREMENT,
  `class_id` int(11) NOT NULL,
  `subclass_id` int(11) NOT NULL,
  `album_cat` varchar(20) NOT NULL,
  `album_name` varchar(100) NOT NULL,
  `album_date` datetime NOT NULL,
  PRIMARY KEY (`album_id`),
  KEY `album_cat` (`album_cat`),
  KEY `class_id` (`class_id`)
) ENGINE=InnoDB DEFAULT CHARSET=latin1;






CREATE TABLE `album_images` (
  `album_images_id` int(11) NOT NULL AUTO_INCREMENT,
  `album_id` int(11) NOT NULL,
  `image_name` varchar(20) NOT NULL,
  `image_dir` varchar(300) NOT NULL,
  `google_drive_id` varchar(300) DEFAULT NULL,
  `image_google_drive_dir` varchar(300) DEFAULT NULL,
  `image_embed_dir` varchar(300) DEFAULT NULL,
  `image_thumb_dir` varchar(300) DEFAULT NULL,
  PRIMARY KEY (`album_images_id`),
  KEY `album_id` (`album_id`)
) ENGINE=InnoDB DEFAULT CHARSET=latin1;






CREATE TABLE `alumni` (
  `alumni_id` int(11) NOT NULL AUTO_INCREMENT,
  `alumni_class_id` int(11) NOT NULL,
  `last_name` varchar(50) NOT NULL,
  `first_name` varchar(50) NOT NULL,
  `address` varchar(400) NOT NULL,
  `phonenumber` varchar(20) NOT NULL,
  `email` varchar(200) NOT NULL,
  `payment_reference` varchar(50) DEFAULT NULL,
  `year_you_left` varchar(20) NOT NULL,
  `set_name` varchar(15) NOT NULL,
  `brief_info` varchar(400) NOT NULL,
  `date_created` datetime NOT NULL DEFAULT current_timestamp(),
  PRIMARY KEY (`alumni_id`),
  KEY `alumni_class_id` (`alumni_class_id`)
) ENGINE=InnoDB DEFAULT CHARSET=utf8mb4;






CREATE TABLE `alumni_class` (
  `alumni_class_id` int(11) NOT NULL AUTO_INCREMENT,
  `class_name` varchar(50) NOT NULL,
  `class_group` varchar(10) NOT NULL,
  `class_order` int(11) NOT NULL,
  PRIMARY KEY (`alumni_class_id`)
) ENGINE=InnoDB DEFAULT CHARSET=utf8mb4;






CREATE TABLE `app_token` (
  `app_token_id` int(11) NOT NULL AUTO_INCREMENT,
  `user_id` int(11) NOT NULL,
  `table_name` varchar(100) NOT NULL,
  `user_key` varchar(100) NOT NULL,
  `browser_token` varchar(100) NOT NULL,
  `db_name` varchar(100) NOT NULL,
  `token` varchar(300) NOT NULL,
  `date_added` datetime NOT NULL DEFAULT current_timestamp(),
  `last_updated` datetime NOT NULL DEFAULT current_timestamp() ON UPDATE current_timestamp(),
  PRIMARY KEY (`app_token_id`),
  KEY `user_key` (`user_key`,`token`),
  KEY `browser_token` (`browser_token`)
) ENGINE=InnoDB DEFAULT CHARSET=latin1;






CREATE TABLE `assignments` (
  `assignment_id` int(11) NOT NULL AUTO_INCREMENT,
  `class_id` int(11) NOT NULL,
  `subclass_id` int(11) NOT NULL,
  `subject_id` int(11) NOT NULL,
  `assignment_title` varchar(200) NOT NULL,
  `assignment_text` text NOT NULL,
  `assignment_dir` varchar(500) NOT NULL,
  `assignment_date` datetime NOT NULL,
  `sessions` varchar(15) NOT NULL,
  `terms` varchar(15) NOT NULL,
  PRIMARY KEY (`assignment_id`)
) ENGINE=InnoDB DEFAULT CHARSET=latin1;






CREATE TABLE `assignments_answer_file` (
  `assignments_answer_file_id` int(11) NOT NULL AUTO_INCREMENT,
  `assignment_id` int(11) NOT NULL,
  `file_name` varchar(100) NOT NULL,
  `file_dir` varchar(300) NOT NULL,
  `google_drive_id` varchar(200) NOT NULL,
  `google_drive_title` varchar(200) NOT NULL,
  `google_drive_thumbnail_link` varchar(300) NOT NULL,
  `google_drive_dir` varchar(300) NOT NULL,
  `google_drive_embed_link` varchar(300) NOT NULL,
  `google_drive_filesize` varchar(30) NOT NULL,
  `date_added` datetime NOT NULL DEFAULT current_timestamp(),
  PRIMARY KEY (`assignments_answer_file_id`),
  KEY `assignment_id` (`assignment_id`)
) ENGINE=InnoDB DEFAULT CHARSET=utf8mb4;






CREATE TABLE `assignments_files` (
  `assignments_file_id` int(11) NOT NULL AUTO_INCREMENT,
  `assignment_id` int(11) NOT NULL,
  `file_name` varchar(200) NOT NULL,
  `file_dir` varchar(300) NOT NULL,
  `google_drive_id` varchar(200) NOT NULL,
  `google_drive_title` varchar(200) NOT NULL,
  `google_drive_thumbnail_link` varchar(300) NOT NULL,
  `google_drive_dir` varchar(300) NOT NULL,
  `google_drive_embed_link` varchar(300) NOT NULL,
  `google_drive_filesize` varchar(30) NOT NULL,
  `date_added` datetime NOT NULL DEFAULT current_timestamp(),
  PRIMARY KEY (`assignments_file_id`),
  KEY `assignment_id` (`assignment_id`)
) ENGINE=InnoDB DEFAULT CHARSET=utf8mb4;






CREATE TABLE `assignments_marked_file` (
  `assignments_marked_file_id` int(11) NOT NULL AUTO_INCREMENT,
  `assignments_submitted_id` int(11) NOT NULL,
  `file_name` varchar(200) NOT NULL,
  `file_dir` varchar(300) NOT NULL,
  `google_drive_id` varchar(200) NOT NULL,
  `google_drive_title` varchar(200) NOT NULL,
  `google_drive_thumbnail_link` varchar(300) NOT NULL,
  `google_drive_dir` varchar(300) NOT NULL,
  `google_drive_embed_link` varchar(300) NOT NULL,
  `google_drive_filesize` varchar(30) NOT NULL,
  `date_added` datetime NOT NULL DEFAULT current_timestamp(),
  PRIMARY KEY (`assignments_marked_file_id`),
  KEY `assignments_submitted_id` (`assignments_submitted_id`)
) ENGINE=InnoDB DEFAULT CHARSET=utf8mb4;






CREATE TABLE `assignments_submitted` (
  `assignments_submitted_id` int(11) NOT NULL AUTO_INCREMENT,
  `assignment_id` int(11) NOT NULL,
  `student_id` int(11) NOT NULL,
  `typed_assignment` text NOT NULL,
  `uploaded_assignment` varchar(500) NOT NULL,
  `date_added` datetime NOT NULL DEFAULT current_timestamp(),
  `sessions` varchar(15) NOT NULL,
  `terms` varchar(15) NOT NULL,
  `staff_id` int(11) NOT NULL,
  `table_name` varchar(20) NOT NULL,
  `student_submit_status` varchar(30) NOT NULL,
  `staff_marked_status` varchar(30) NOT NULL,
  `typed_marked` text NOT NULL,
  `student_score` decimal(15,2) DEFAULT NULL,
  `date_marked` datetime NOT NULL,
  PRIMARY KEY (`assignments_submitted_id`),
  KEY `assignment_id` (`assignment_id`),
  KEY `student_id` (`student_id`),
  KEY `staff_id` (`staff_id`)
) ENGINE=InnoDB DEFAULT CHARSET=latin1;






CREATE TABLE `assignments_submitted_file` (
  `assignments_submitted_file_id` int(11) NOT NULL AUTO_INCREMENT,
  `assignments_submitted_id` int(11) NOT NULL,
  `file_name` varchar(200) NOT NULL,
  `file_dir` varchar(300) NOT NULL,
  `google_drive_id` varchar(200) NOT NULL,
  `google_drive_title` varchar(200) NOT NULL,
  `google_drive_thumbnail_link` varchar(300) NOT NULL,
  `google_drive_dir` varchar(300) NOT NULL,
  `google_drive_embed_link` varchar(300) NOT NULL,
  `google_drive_filesize` varchar(30) NOT NULL,
  `date_added` datetime NOT NULL DEFAULT current_timestamp(),
  PRIMARY KEY (`assignments_submitted_file_id`),
  KEY `assignments_submitted_id` (`assignments_submitted_id`),
  KEY `date_added` (`date_added`)
) ENGINE=InnoDB DEFAULT CHARSET=utf8mb4;






CREATE TABLE `attendance_behaviour` (
  `attendance_behaviour_id` int(11) NOT NULL AUTO_INCREMENT,
  `student_id` int(11) NOT NULL,
  `student_attendance` int(11) DEFAULT NULL,
  `total_attendance` int(11) NOT NULL,
  `handwriting` int(11) NOT NULL,
  `neatness` int(11) NOT NULL,
  `punctuality` int(11) NOT NULL,
  `attentiveness` int(11) NOT NULL,
  `initiative` int(11) NOT NULL,
  `respect` int(11) NOT NULL,
  `obedience` int(11) NOT NULL,
  `attitude` int(11) NOT NULL,
  `honesty` int(11) NOT NULL,
  `creativity` int(11) NOT NULL,
  `sessions` varchar(20) NOT NULL,
  `terms` varchar(20) NOT NULL,
  PRIMARY KEY (`attendance_behaviour_id`),
  KEY `student_id` (`student_id`)
) ENGINE=InnoDB AUTO_INCREMENT=88 DEFAULT CHARSET=latin1;


INSERT INTO attendance_behaviour VALUES
("1","74","126","126","0","0","0","0","0","0","0","0","0","0","2021/2022","2nd Term"),
("2","73","120","126","0","0","0","0","0","0","0","0","0","0","2021/2022","2nd Term"),
("3","85","114","126","0","0","0","0","0","0","0","0","0","0","2021/2022","2nd Term"),
("4","80","116","126","0","0","0","0","0","0","0","0","0","0","2021/2022","2nd Term"),
("5","82","124","126","0","0","0","0","0","0","0","0","0","0","2021/2022","2nd Term"),
("6","81","86","126","0","0","0","0","0","0","0","0","0","0","2021/2022","2nd Term"),
("7","84","118","126","0","0","0","0","0","0","0","0","0","0","2021/2022","2nd Term"),
("8","78","120","126","0","0","0","0","0","0","0","0","0","0","2021/2022","2nd Term"),
("9","83","122","126","0","0","0","0","0","0","0","0","0","0","2021/2022","2nd Term"),
("10","75","110","126","0","0","0","0","0","0","0","0","0","0","2021/2022","2nd Term"),
("11","77","126","126","0","0","0","0","0","0","0","0","0","0","2021/2022","2nd Term"),
("12","76","122","126","0","0","0","0","0","0","0","0","0","0","2021/2022","2nd Term"),
("13","72","126","126","0","0","0","0","0","0","0","0","0","0","2021/2022","2nd Term"),
("14","79","","126","0","0","0","0","0","0","0","0","0","0","2021/2022","2nd Term"),
("15","34","120","126","3","3","4","3","3","4","4","3","3","3","2021/2022","2nd Term"),
("16","35","126","126","3","5","4","4","4","3","4","3","4","3","2021/2022","2nd Term"),
("17","36","126","126","4","4","4","4","5","4","4","5","4","4","2021/2022","2nd Term"),
("18","37","120","126","3","3","4","5","4","5","5","4","4","4","2021/2022","2nd Term"),
("19","38","120","126","3","5","3","3","3","4","3","4","5","3","2021/2022","2nd Term"),
("20","39","120","126","3","5","3","4","3","4","4","4","4","4","2021/2022","2nd Term"),
("21","40","106","126","3","5","3","4","3","3","3","3","4","5","2021/2022","2nd Term"),
("22","41","126","126","4","4","4","4","4","4","5","4","4","4","2021/2022","2nd Term"),
("23","43","126","126","3","5","3","3","3","4","3","3","3","4","2021/2022","2nd Term"),
("24","42","124","126","3","5","3","3","3","3","3","3","3","3","2021/2022","2nd Term"),
("25","44","126","126","5","4","4","4","5","3","3","4","4","5","2021/2022","2nd Term"),
("26","49","124","126","3","3","3","4","3","5","4","3","4","5","2021/2022","2nd Term"),
("27","45","126","126","4","3","4","4","4","4","4","3","4","4","2021/2022","2nd Term"),
("28","46","124","126","3","4","4","3","3","4","4","5","3","3","2021/2022","2nd Term"),
("29","47","126","126","3","3","5","5","4","4","3","4","4","4","2021/2022","2nd Term"),
("30","48","126","126","3","3","5","4","3","4","3","4","3","4","2021/2022","2nd Term"),
("31","7","126","126","4","2","3","5","5","4","5","4","5","5","2021/2022","2nd Term"),
("32","6","104","126","1","5","1","3","3","4","5","5","4","5","2021/2022","2nd Term"),
("33","5","118","126","3","5","5","5","4","5","5","4","5","5","2021/2022","2nd Term"),
("34","4","126","126","5","3","5","3","3","4","5","5","4","4","2021/2022","2nd Term"),
("35","2","116","126","5","5","5","5","5","5","5","5","5","4","2021/2022","2nd Term"),
("36","1","126","126","5","5","5","5","5","5","5","5","5","5","2021/2022","2nd Term"),
("37","18","126","126","4","4","2","3","4","3","5","4","5","4","2021/2022","2nd Term"),
("38","104","116","126","4","4","3","3","3","3","4","4","4","4","2021/2022","2nd Term"),
("39","15","116","126","4","4","2","4","1","2","4","2","4","2","2021/2022","2nd Term"),
("40","16","126","126","4","4","4","3","4","3","3","4","4","3","2021/2022","2nd Term"),
("41","17","122","126","2","4","2","3","4","3","3","4","4","4","2021/2022","2nd Term"),
("42","23","110","126","1","4","4","4","4","4","4","4","4","4","2021/2022","2nd Term"),
("43","19","126","126","3","3","4","3","3","3","4","4","4","4","2021/2022","2nd Term"),
("44","20","126","126","2","4","2","3","4","4","4","4","4","4","2021/2022","2nd Term"),
("45","21","126","126","4","4","4","4","4","4","3","4","4","4","2021/2022","2nd Term"),
("46","22","124","126","4","4","4","4","2","3","3","4","4","4","2021/2022","2nd Term"),
("47","103","30","126","0","0","0","0","0","0","0","0","0","0","2021/2022","2nd Term"),
("48","8","122","126","3","5","5","4","4","4","5","4","5","4","2021/2022","2nd Term"),
("49","101","118","126","4","5","4","5","3","3","4","3","3","3","2021/2022","2nd Term"),
("50","102","76","126","3","3","4","4","3","4","3","3","3","4","2021/2022","2nd Term"),
("51","11","126","126","5","4","4","3","4","3","5","3","4","3","2021/2022","2nd Term"),
("52","12","112","126","3","4","3","4","3","4","4","4","4","3","2021/2022","2nd Term"),
("53","10","112","126","2","3","4","3","3","4","4","4","4","3","2021/2022","2nd Term"),
("54","9","114","126","2","3","2","3","3","4","3","2","4","4","2021/2022","2nd Term"),
("55","13","126","126","3","5","4","5","4","3","3","4","4","4","2021/2022","2nd Term"),
("56","14","126","126","4","5","5","5","4","4","5","5","4","4","2021/2022","2nd Term"),
("57","29","126","126","5","4","5","5","3","5","5","4","5","5","2021/2022","2nd Term"),
("58","60","122","126","5","5","5","5","5","5","4","4","3","5","2021/2022","2nd Term"),
("59","61","126","126","5","5","5","5","5","5","5","5","5","5","2021/2022","2nd Term"),
("60","26","118","126","5","4","4","3","3","4","3","4","4","4","2021/2022","2nd Term"),
("61","68","116","126","3","3","5","5","3","5","5","5","5","5","2021/2022","2nd Term"),
("62","64","116","126","5","5","5","3","5","5","5","5","3","5","2021/2022","2nd Term"),
("63","65","116","126","3","3","5","3","4","4","5","3","5","4","2021/2022","2nd Term"),
("64","66","126","126","5","5","4","4","3","4","5","3","5","4","2021/2022","2nd Term"),
("65","67","126","126","5","5","4","5","4","3","3","3","4","5","2021/2022","2nd Term"),
("66","69","126","126","5","4","3","3","5","5","4","5","5","5","2021/2022","2nd Term"),
("67","70","116","126","5","5","5","5","5","5","5","5","5","5","2021/2022","2nd Term"),
("68","71","116","126","5","5","5","5","5","5","5","5","5","5","2021/2022","2nd Term"),
("69","24","116","126","5","4","4","5","3","4","5","5","4","4","2021/2022","2nd Term"),
("70","31","70","126","4","4","4","5","3","5","5","5","5","5","2021/2022","2nd Term"),
("71","106","124","126","5","5","5","5","5","5","5","5","5","5","2021/2022","2nd Term"),
("72","25","100","126","4","4","5","5","3","5","5","5","5","5","2021/2022","2nd Term"),
("73","27","126","126","4","3","5","5","5","5","5","5","5","5","2021/2022","2nd Term"),
("74","32","112","126","0","0","0","0","0","0","0","0","0","0","2021/2022","2nd Term"),
("75","30","126","126","2","2","4","5","3","5","3","5","3","5","2021/2022","2nd Term"),
("76","33","124","126","5","5","5","5","5","5","5","5","5","5","2021/2022","2nd Term"),
("77","50","122","126","5","4","5","5","5","5","4","4","3","4","2021/2022","2nd Term"),
("78","105","74","126","3","5","4","4","3","4","5","5","5","3","2021/2022","2nd Term"),
("79","51","114","126","3","3","5","4","3","4","4","4","4","4","2021/2022","2nd Term"),
("80","52","112","126","4","5","5","5","4","5","5","5","5","4","2021/2022","2nd Term"),
("81","53","124","126","3","4","4","3","4","3","3","3","3","4","2021/2022","2nd Term"),
("82","54","126","126","5","3","5","4","5","5","4","5","4","4","2021/2022","2nd Term"),
("83","55","116","126","3","5","4","4","3","4","3","3","3","3","2021/2022","2nd Term"),
("84","57","126","126","3","5","5","4","4","5","5","4","4","3","2021/2022","2nd Term"),
("85","86","122","126","5","5","5","4","4","5","5","4","5","4","2021/2022","2nd Term"),
("86","58","122","126","4","5","5","5","5","4","4","5","3","4","2021/2022","2nd Term"),
("87","59","122","126","5","5","5","4","3","4","5","4","4","4","2021/2022","2nd Term");




CREATE TABLE `autologin` (
  `user_key` varchar(100) NOT NULL,
  `token` char(32) NOT NULL,
  `created` timestamp NOT NULL DEFAULT current_timestamp(),
  `browser_token` char(32) NOT NULL,
  `dbname` varchar(300) NOT NULL,
  `data` text DEFAULT NULL,
  `used` tinyint(1) NOT NULL DEFAULT 0,
  PRIMARY KEY (`user_key`,`token`),
  KEY `dbname` (`dbname`(255))
) ENGINE=InnoDB DEFAULT CHARSET=utf8;






CREATE TABLE `backup_class` (
  `backup_class_id` int(10) unsigned NOT NULL AUTO_INCREMENT,
  `class_id` int(10) unsigned NOT NULL,
  `class_name` varchar(10) NOT NULL,
  `class_order` int(10) unsigned NOT NULL,
  `section` varchar(10) NOT NULL,
  `promotional_average` varchar(5) NOT NULL,
  `new_student_fee` decimal(15,2) unsigned NOT NULL,
  `sessions` varchar(20) NOT NULL,
  `terms` varchar(15) NOT NULL,
  PRIMARY KEY (`backup_class_id`),
  KEY `session_term` (`sessions`,`terms`)
) ENGINE=InnoDB AUTO_INCREMENT=11 DEFAULT CHARSET=latin1;


INSERT INTO backup_class VALUES
("1","1","KINDERGART","2","nursery","50","0.00","2021/2022","1st Term"),
("2","2","NURSERY 1","3","nursery","50","0.00","2021/2022","1st Term"),
("3","3","NURSERY 2","4","nursery","50","0.00","2021/2022","1st Term"),
("4","4","PLAY GROUP","1","nursery","50","0.00","2021/2022","1st Term"),
("5","5","BASIC 1","5","primary","50","0.00","2021/2022","1st Term"),
("6","6","BASIC 2","6","primary","50","0.00","2021/2022","1st Term"),
("7","7","BASIC 3","7","primary","50","0.00","2021/2022","1st Term"),
("8","8","BASIC 4","8","primary","50","0.00","2021/2022","1st Term"),
("9","9","BASIC 5","9","primary","50","0.00","2021/2022","1st Term"),
("10","10","BASIC 6","10","primary","50","0.00","2021/2022","1st Term");




CREATE TABLE `backup_new_fees_class` (
  `backup_new_fees_class_id` int(10) unsigned NOT NULL AUTO_INCREMENT,
  `new_fees_class_id` int(11) NOT NULL,
  `class_id` int(11) NOT NULL,
  `amount` decimal(15,2) NOT NULL,
  `term` varchar(20) NOT NULL,
  `sessions` varchar(20) NOT NULL,
  `terms` varchar(15) NOT NULL,
  PRIMARY KEY (`backup_new_fees_class_id`),
  KEY `session_term` (`sessions`,`terms`)
) ENGINE=InnoDB AUTO_INCREMENT=31 DEFAULT CHARSET=latin1;


INSERT INTO backup_new_fees_class VALUES
("1","1","1","0.00","1st Term","2021/2022","1st Term"),
("2","2","1","0.00","2nd Term","2021/2022","1st Term"),
("3","3","1","0.00","3rd Term","2021/2022","1st Term"),
("4","4","2","0.00","1st Term","2021/2022","1st Term"),
("5","5","2","0.00","2nd Term","2021/2022","1st Term"),
("6","6","2","0.00","3rd Term","2021/2022","1st Term"),
("7","7","3","0.00","1st Term","2021/2022","1st Term"),
("8","8","3","0.00","2nd Term","2021/2022","1st Term"),
("9","9","3","0.00","3rd Term","2021/2022","1st Term"),
("10","10","4","0.00","1st Term","2021/2022","1st Term"),
("11","11","4","0.00","2nd Term","2021/2022","1st Term"),
("12","12","4","0.00","3rd Term","2021/2022","1st Term"),
("13","13","5","0.00","1st Term","2021/2022","1st Term"),
("14","14","5","0.00","2nd Term","2021/2022","1st Term"),
("15","15","5","0.00","3rd Term","2021/2022","1st Term"),
("16","16","6","0.00","1st Term","2021/2022","1st Term"),
("17","17","6","0.00","2nd Term","2021/2022","1st Term"),
("18","18","6","0.00","3rd Term","2021/2022","1st Term"),
("19","19","7","0.00","1st Term","2021/2022","1st Term"),
("20","20","7","0.00","2nd Term","2021/2022","1st Term"),
("21","21","7","0.00","3rd Term","2021/2022","1st Term"),
("22","22","8","0.00","1st Term","2021/2022","1st Term"),
("23","23","8","0.00","2nd Term","2021/2022","1st Term"),
("24","24","8","0.00","3rd Term","2021/2022","1st Term"),
("25","25","9","0.00","1st Term","2021/2022","1st Term"),
("26","26","9","0.00","2nd Term","2021/2022","1st Term"),
("27","27","9","0.00","3rd Term","2021/2022","1st Term"),
("28","28","10","0.00","1st Term","2021/2022","1st Term"),
("29","29","10","0.00","2nd Term","2021/2022","1st Term"),
("30","30","10","0.00","3rd Term","2021/2022","1st Term");




CREATE TABLE `backup_plan` (
  `backup_plan_id` int(10) unsigned NOT NULL AUTO_INCREMENT,
  `plan_id` int(10) unsigned NOT NULL,
  `plan_name` varchar(100) NOT NULL,
  `amount` decimal(15,2) unsigned NOT NULL,
  `date_added` datetime NOT NULL,
  `sessions` varchar(20) NOT NULL,
  `terms` varchar(15) NOT NULL,
  PRIMARY KEY (`backup_plan_id`),
  KEY `session_term` (`sessions`,`terms`)
) ENGINE=InnoDB DEFAULT CHARSET=latin1;






CREATE TABLE `behaviours` (
  `behaviour_id` int(11) NOT NULL AUTO_INCREMENT,
  `class_id` int(11) NOT NULL,
  `behaviour_order` int(11) NOT NULL,
  `behaviour_name` varchar(200) NOT NULL,
  PRIMARY KEY (`behaviour_id`),
  KEY `class_id` (`class_id`,`behaviour_order`)
) ENGINE=InnoDB AUTO_INCREMENT=101 DEFAULT CHARSET=latin1;


INSERT INTO behaviours VALUES
("1","1","1","I LISTEN ATTENTIVELY"),
("2","1","2","I WORK INDEPENDENTLY"),
("3","1","3","I AM NEAT AND ORDERLY IN APPEARANCE AND WORK"),
("4","1","4","I PARTICIPATE IN A VARIETY OF ACTIVITIES"),
("5","1","5","I COMPLETE WORK ON TIME"),
("6","1","6","I AM COURTEOUS AND I PLAY WELL WITH OTHERS"),
("7","1","7","I ACCEPT CHANGES AND RESPOND WELL TO CORRECTION"),
("8","1","8","I KNOW MY NAME AND MY AGE"),
("9","1","9","I KNOW MY HOUSE ADDRESS AND THE NAME OF MY SCHOOL"),
("10","1","10","I CAN DRESS- UP MYSELF AND BUCKLE MY SHOES"),
("11","2","1","THE CHILD IS ABLE TO SCRIBBLE"),
("12","2","2","THE CHILD IS ABLE TO DRAW AND PAINT"),
("13","2","3","THE CHILD IS ABLE TO DANCE TO VARIETY OF MUSIC"),
("14","2","4","THE CHILD IS ABLE TO INTERACTE WITH OTHERS"),
("15","2","5","THE CHILD IS ABLE TO OBEY SIMPLE INSTRUCTIONS"),
("16","2","6","THE CHILD IS ABLE TO INTERACT WITH THE SOCIAL HABIT OF HIS ENVIROMENT"),
("17","2","7","THE CHILD IS ABLE TO PLAY WITH OTHERS IN GROUP AND SHARE EXPERIENCE TOGETHER"),
("18","2","8","THE CHILD IS ABLE TO TAKE PART IN SOME GAMES"),
("19","2","9","THE CHILD IS ABLE TO SING SOME HEALTH SONGS"),
("20","2","10","THE CHILD IS ABLE TO TAKE PART IN SIMPLE GAMES AND CREATIVE ACTIVITIES"),
("21","3","1","THE CHILD IS ABLE TO SCRIBBLE"),
("22","3","2","THE CHILD IS ABLE TO DRAW AND PAINT"),
("23","3","3","THE CHILD IS ABLE TO DANCE TO VARIETY OF MUSIC"),
("24","3","4","THE CHILD IS ABLE TO INTERACTE WITH OTHERS"),
("25","3","5","THE CHILD IS ABLE TO OBEY SIMPLE INSTRUCTIONS"),
("26","3","6","THE CHILD IS ABLE TO INTERACT WITH THE SOCIAL HABIT OF HIS ENVIROMENT"),
("27","3","7","THE CHILD IS ABLE TO PLAY WITH OTHERS IN GROUP AND SHARE EXPERIENCE TOGETHER"),
("28","3","8","THE CHILD IS ABLE TO TAKE PART IN SOME GAMES"),
("29","3","9","THE CHILD IS ABLE TO SING SOME HEALTH SONGS"),
("30","3","10","THE CHILD IS ABLE TO TAKE PART IN SIMPLE GAMES AND CREATIVE ACTIVITIES"),
("31","4","1","I LISTEN ATTENTIVELY"),
("32","4","2","I WORK INDEPENDENTLY"),
("33","4","3","I AM NEAT AND ORDERLY IN APPEARANCE AND WORK"),
("34","4","4","I PARTICIPATE IN A VARIETY OF ACTIVITIES"),
("35","4","5","I COMPLETE WORK ON TIME"),
("36","4","6","I AM COURTEOUS AND I PLAY WELL WITH OTHERS"),
("37","4","7","I ACCEPT CHANGES AND RESPOND WELL TO CORRECTION"),
("38","4","8","I KNOW MY NAME AND MY AGE"),
("39","4","9","I KNOW MY HOUSE ADDRESS AND THE NAME OF MY SCHOOL"),
("40","4","10","I CAN DRESS- UP MYSELF AND BUCKLE MY SHOES"),
("41","5","1","HANDWRITING"),
("42","5","2","NEATNESS"),
("43","5","3","PUNCTUALITY"),
("44","5","4","ATTENTIVENESS"),
("45","5","5","INITIATIVE"),
("46","5","6","RESPECT"),
("47","5","7","OBEDIENCE"),
("48","5","8","ATTITUDE"),
("49","5","9","HONESTY"),
("50","5","10","CREATIVITY"),
("51","6","1","HANDWRITING"),
("52","6","2","NEATNESS"),
("53","6","3","PUNCTUALITY"),
("54","6","4","ATTENTIVENESS"),
("55","6","5","INITIATIVE"),
("56","6","6","RESPECT"),
("57","6","7","OBEDIENCE"),
("58","6","8","ATTITUDE"),
("59","6","9","HONESTY"),
("60","6","10","CREATIVITY"),
("61","7","1","HANDWRITING"),
("62","7","2","NEATNESS"),
("63","7","3","PUNCTUALITY"),
("64","7","4","ATTENTIVENESS"),
("65","7","5","INITIATIVE"),
("66","7","6","RESPECT"),
("67","7","7","OBEDIENCE"),
("68","7","8","ATTITUDE"),
("69","7","9","HONESTY"),
("70","7","10","CREATIVITY"),
("71","8","1","HANDWRITING"),
("72","8","2","NEATNESS"),
("73","8","3","PUNCTUALITY"),
("74","8","4","ATTENTIVENESS"),
("75","8","5","INITIATIVE"),
("76","8","6","RESPECT"),
("77","8","7","OBEDIENCE"),
("78","8","8","ATTITUDE"),
("79","8","9","HONESTY"),
("80","8","10","CREATIVITY"),
("81","9","1","HANDWRITING"),
("82","9","2","NEATNESS"),
("83","9","3","PUNCTUALITY"),
("84","9","4","ATTENTIVENESS"),
("85","9","5","INITIATIVE"),
("86","9","6","RESPECT"),
("87","9","7","OBEDIENCE"),
("88","9","8","ATTITUDE"),
("89","9","9","HONESTY"),
("90","9","10","CREATIVITY"),
("91","10","1","HANDWRITING"),
("92","10","2","NEATNESS"),
("93","10","3","PUNCTUALITY"),
("94","10","4","ATTENTIVENESS"),
("95","10","5","INITIATIVE"),
("96","10","6","RESPECT"),
("97","10","7","OBEDIENCE"),
("98","10","8","ATTITUDE"),
("99","10","9","HONESTY"),
("100","10","10","CREATIVITY");




CREATE TABLE `class` (
  `class_id` int(11) NOT NULL AUTO_INCREMENT,
  `class_name` varchar(30) NOT NULL,
  `class_order` int(10) unsigned NOT NULL,
  `section` varchar(10) NOT NULL,
  `promotional_average` varchar(5) NOT NULL,
  `new_student_fee` decimal(15,2) unsigned NOT NULL,
  PRIMARY KEY (`class_id`),
  KEY `order` (`class_order`),
  KEY `section` (`section`)
) ENGINE=InnoDB AUTO_INCREMENT=11 DEFAULT CHARSET=latin1;


INSERT INTO class VALUES
("1","KINDERGARTEN","2","nursery","50","0.00"),
("2","NURSERY 1","3","nursery","50","0.00"),
("3","NURSERY 2","4","nursery","50","0.00"),
("4","PLAY GROUP","1","nursery","50","0.00"),
("5","BASIC 1","5","primary","50","0.00"),
("6","BASIC 2","6","primary","50","0.00"),
("7","BASIC 3","7","primary","50","0.00"),
("8","BASIC 4","8","primary","50","0.00"),
("9","BASIC 5","9","primary","50","0.00"),
("10","BASIC 6","10","primary","50","0.00");




CREATE TABLE `class_approval` (
  `class_approval_id` int(11) NOT NULL AUTO_INCREMENT,
  `student_id` int(11) NOT NULL,
  `old_class_id` int(11) NOT NULL,
  `new_class_id` int(11) NOT NULL,
  `old_status` char(20) NOT NULL,
  `mode` char(20) NOT NULL,
  `date_sent` datetime NOT NULL,
  PRIMARY KEY (`class_approval_id`),
  KEY `old_status` (`old_status`)
) ENGINE=InnoDB DEFAULT CHARSET=latin1;






CREATE TABLE `class_category` (
  `class_category_id` int(11) NOT NULL AUTO_INCREMENT,
  `class_category_name` varchar(80) NOT NULL,
  `date_added` datetime NOT NULL DEFAULT current_timestamp(),
  PRIMARY KEY (`class_category_id`)
) ENGINE=InnoDB DEFAULT CHARSET=latin1;






CREATE TABLE `class_class_category` (
  `class_class_category_id` int(11) NOT NULL AUTO_INCREMENT,
  `class_id` int(11) NOT NULL,
  `class_category_id` int(11) NOT NULL,
  `date_added` datetime NOT NULL DEFAULT current_timestamp(),
  PRIMARY KEY (`class_class_category_id`),
  KEY `class_id` (`class_id`),
  KEY `class_category_id` (`class_category_id`)
) ENGINE=InnoDB DEFAULT CHARSET=latin1;






CREATE TABLE `class_storages` (
  `class_storage_id` int(11) NOT NULL AUTO_INCREMENT,
  `class_id` int(11) NOT NULL,
  `subclass_id` int(11) NOT NULL,
  `subject_id` int(11) NOT NULL,
  `class_storage_title` varchar(200) NOT NULL,
  `class_storage_dir` varchar(500) NOT NULL,
  `class_storage_date` datetime NOT NULL,
  PRIMARY KEY (`class_storage_id`)
) ENGINE=InnoDB DEFAULT CHARSET=latin1;






CREATE TABLE `class_subclass` (
  `class_subclass_id` int(10) unsigned NOT NULL AUTO_INCREMENT,
  `class_id` int(10) unsigned NOT NULL,
  `subclass_id` int(10) unsigned NOT NULL,
  PRIMARY KEY (`class_subclass_id`),
  KEY `class_id` (`class_id`),
  KEY `subclass_id` (`subclass_id`)
) ENGINE=InnoDB AUTO_INCREMENT=11 DEFAULT CHARSET=latin1;


INSERT INTO class_subclass VALUES
("1","1","0"),
("2","2","0"),
("3","3","0"),
("4","4","0"),
("5","5","0"),
("6","6","0"),
("7","7","0"),
("8","8","0"),
("9","9","0"),
("10","10","0");




CREATE TABLE `contact_us` (
  `contact_us_id` int(11) NOT NULL AUTO_INCREMENT,
  `name` varchar(200) NOT NULL,
  `role` varchar(200) NOT NULL,
  `phonenumber` varchar(100) NOT NULL,
  `email` varchar(200) NOT NULL,
  `date_added` datetime NOT NULL DEFAULT current_timestamp(),
  PRIMARY KEY (`contact_us_id`)
) ENGINE=InnoDB DEFAULT CHARSET=utf8mb4;






CREATE TABLE `current_fees_info` (
  `current_fees_info_id` int(11) unsigned NOT NULL AUTO_INCREMENT,
  `student_id` int(11) unsigned NOT NULL,
  `class_id` int(10) unsigned NOT NULL,
  `current_school_fees` decimal(15,2) NOT NULL,
  `past_debt` decimal(15,2) NOT NULL,
  `amount_to_pay` decimal(15,2) NOT NULL,
  `amount_paid` decimal(15,2) NOT NULL,
  `discount` decimal(15,2) NOT NULL,
  `surcharge_amount` decimal(15,2) NOT NULL,
  `surcharge_reason` varchar(500) NOT NULL,
  `wave_over` decimal(15,2) NOT NULL,
  `owing` decimal(15,2) NOT NULL,
  `present_owing` decimal(15,2) NOT NULL,
  `class_fee` decimal(15,2) NOT NULL,
  `plan_fee` decimal(15,2) NOT NULL,
  `new_student_fee` decimal(15,2) NOT NULL,
  `room_fee` decimal(15,2) NOT NULL,
  `sessions` varchar(20) NOT NULL,
  `terms` varchar(20) NOT NULL,
  PRIMARY KEY (`current_fees_info_id`),
  KEY `student_id` (`student_id`),
  KEY `sess_term` (`sessions`,`terms`)
) ENGINE=InnoDB AUTO_INCREMENT=113 DEFAULT CHARSET=latin1;


INSERT INTO current_fees_info VALUES
("1","1","9","0.00","0.00","0.00","0.00","0.00","0.00","","0.00","0.00","0.00","0.00","0.00","0.00","0.00","2021/2022","1st Term"),
("2","2","9","0.00","0.00","0.00","0.00","0.00","0.00","","0.00","0.00","0.00","0.00","0.00","0.00","0.00","2021/2022","1st Term"),
("3","3","9","0.00","0.00","0.00","0.00","0.00","0.00","","0.00","0.00","0.00","0.00","0.00","0.00","0.00","2021/2022","1st Term"),
("4","4","9","0.00","0.00","0.00","0.00","0.00","0.00","","0.00","0.00","0.00","0.00","0.00","0.00","0.00","2021/2022","1st Term"),
("5","5","9","0.00","0.00","0.00","0.00","0.00","0.00","","0.00","0.00","0.00","0.00","0.00","0.00","0.00","2021/2022","1st Term"),
("6","6","9","0.00","0.00","0.00","0.00","0.00","0.00","","0.00","0.00","0.00","0.00","0.00","0.00","0.00","2021/2022","1st Term"),
("7","7","9","0.00","0.00","0.00","0.00","0.00","0.00","","0.00","0.00","0.00","0.00","0.00","0.00","0.00","2021/2022","1st Term"),
("8","8","7","0.00","0.00","0.00","0.00","0.00","0.00","","0.00","0.00","0.00","0.00","0.00","0.00","0.00","2021/2022","1st Term"),
("9","9","7","0.00","0.00","0.00","0.00","0.00","0.00","","0.00","0.00","0.00","0.00","0.00","0.00","0.00","2021/2022","1st Term"),
("10","10","7","0.00","0.00","0.00","0.00","0.00","0.00","","0.00","0.00","0.00","0.00","0.00","0.00","0.00","2021/2022","1st Term"),
("11","11","7","0.00","0.00","0.00","0.00","0.00","0.00","","0.00","0.00","0.00","0.00","0.00","0.00","0.00","2021/2022","1st Term"),
("12","12","7","0.00","0.00","0.00","0.00","0.00","0.00","","0.00","0.00","0.00","0.00","0.00","0.00","0.00","2021/2022","1st Term"),
("13","13","7","0.00","0.00","0.00","0.00","0.00","0.00","","0.00","0.00","0.00","0.00","0.00","0.00","0.00","2021/2022","1st Term"),
("14","14","7","0.00","0.00","0.00","0.00","0.00","0.00","","0.00","0.00","0.00","0.00","0.00","0.00","0.00","2021/2022","1st Term"),
("15","15","6","0.00","0.00","0.00","0.00","0.00","0.00","","0.00","0.00","0.00","0.00","0.00","0.00","0.00","2021/2022","1st Term"),
("16","16","6","0.00","0.00","0.00","0.00","0.00","0.00","","0.00","0.00","0.00","0.00","0.00","0.00","0.00","2021/2022","1st Term"),
("17","17","6","0.00","0.00","0.00","0.00","0.00","0.00","","0.00","0.00","0.00","0.00","0.00","0.00","0.00","2021/2022","1st Term"),
("18","18","6","0.00","0.00","0.00","0.00","0.00","0.00","","0.00","0.00","0.00","0.00","0.00","0.00","0.00","2021/2022","1st Term"),
("19","19","6","0.00","0.00","0.00","0.00","0.00","0.00","","0.00","0.00","0.00","0.00","0.00","0.00","0.00","2021/2022","1st Term"),
("20","20","6","0.00","0.00","0.00","0.00","0.00","0.00","","0.00","0.00","0.00","0.00","0.00","0.00","0.00","2021/2022","1st Term"),
("21","21","6","0.00","0.00","0.00","0.00","0.00","0.00","","0.00","0.00","0.00","0.00","0.00","0.00","0.00","2021/2022","1st Term"),
("22","22","6","0.00","0.00","0.00","0.00","0.00","0.00","","0.00","0.00","0.00","0.00","0.00","0.00","0.00","2021/2022","1st Term"),
("23","23","6","0.00","0.00","0.00","0.00","0.00","0.00","","0.00","0.00","0.00","0.00","0.00","0.00","0.00","2021/2022","1st Term"),
("24","24","3","0.00","0.00","0.00","0.00","0.00","0.00","","0.00","0.00","0.00","0.00","0.00","0.00","0.00","2021/2022","1st Term"),
("25","25","3","0.00","0.00","0.00","0.00","0.00","0.00","","0.00","0.00","0.00","0.00","0.00","0.00","0.00","2021/2022","1st Term"),
("26","26","3","0.00","0.00","0.00","0.00","0.00","0.00","","0.00","0.00","0.00","0.00","0.00","0.00","0.00","2021/2022","1st Term"),
("27","27","3","0.00","0.00","0.00","0.00","0.00","0.00","","0.00","0.00","0.00","0.00","0.00","0.00","0.00","2021/2022","1st Term"),
("28","28","3","0.00","0.00","0.00","0.00","0.00","0.00","","0.00","0.00","0.00","0.00","0.00","0.00","0.00","2021/2022","1st Term"),
("29","29","3","0.00","0.00","0.00","0.00","0.00","0.00","","0.00","0.00","0.00","0.00","0.00","0.00","0.00","2021/2022","1st Term"),
("30","30","3","0.00","0.00","0.00","0.00","0.00","0.00","","0.00","0.00","0.00","0.00","0.00","0.00","0.00","2021/2022","1st Term"),
("31","31","3","0.00","0.00","0.00","0.00","0.00","0.00","","0.00","0.00","0.00","0.00","0.00","0.00","0.00","2021/2022","1st Term"),
("32","32","3","0.00","0.00","0.00","0.00","0.00","0.00","","0.00","0.00","0.00","0.00","0.00","0.00","0.00","2021/2022","1st Term"),
("33","33","3","0.00","0.00","0.00","0.00","0.00","0.00","","0.00","0.00","0.00","0.00","0.00","0.00","0.00","2021/2022","1st Term"),
("34","34","8","0.00","0.00","0.00","0.00","0.00","0.00","","0.00","0.00","0.00","0.00","0.00","0.00","0.00","2021/2022","1st Term"),
("35","35","8","0.00","0.00","0.00","0.00","0.00","0.00","","0.00","0.00","0.00","0.00","0.00","0.00","0.00","2021/2022","1st Term"),
("36","36","8","0.00","0.00","0.00","0.00","0.00","0.00","","0.00","0.00","0.00","0.00","0.00","0.00","0.00","2021/2022","1st Term"),
("37","37","8","0.00","0.00","0.00","0.00","0.00","0.00","","0.00","0.00","0.00","0.00","0.00","0.00","0.00","2021/2022","1st Term"),
("38","38","8","0.00","0.00","0.00","0.00","0.00","0.00","","0.00","0.00","0.00","0.00","0.00","0.00","0.00","2021/2022","1st Term"),
("39","39","8","0.00","0.00","0.00","0.00","0.00","0.00","","0.00","0.00","0.00","0.00","0.00","0.00","0.00","2021/2022","1st Term"),
("40","40","8","0.00","0.00","0.00","0.00","0.00","0.00","","0.00","0.00","0.00","0.00","0.00","0.00","0.00","2021/2022","1st Term"),
("41","41","8","0.00","0.00","0.00","0.00","0.00","0.00","","0.00","0.00","0.00","0.00","0.00","0.00","0.00","2021/2022","1st Term"),
("42","42","8","0.00","0.00","0.00","0.00","0.00","0.00","","0.00","0.00","0.00","0.00","0.00","0.00","0.00","2021/2022","1st Term"),
("43","43","8","0.00","0.00","0.00","0.00","0.00","0.00","","0.00","0.00","0.00","0.00","0.00","0.00","0.00","2021/2022","1st Term"),
("44","44","8","0.00","0.00","0.00","0.00","0.00","0.00","","0.00","0.00","0.00","0.00","0.00","0.00","0.00","2021/2022","1st Term"),
("45","45","8","0.00","0.00","0.00","0.00","0.00","0.00","","0.00","0.00","0.00","0.00","0.00","0.00","0.00","2021/2022","1st Term"),
("46","46","8","0.00","0.00","0.00","0.00","0.00","0.00","","0.00","0.00","0.00","0.00","0.00","0.00","0.00","2021/2022","1st Term"),
("47","47","8","0.00","0.00","0.00","0.00","0.00","0.00","","0.00","0.00","0.00","0.00","0.00","0.00","0.00","2021/2022","1st Term"),
("48","48","8","0.00","0.00","0.00","0.00","0.00","0.00","","0.00","0.00","0.00","0.00","0.00","0.00","0.00","2021/2022","1st Term"),
("49","49","8","0.00","0.00","0.00","0.00","0.00","0.00","","0.00","0.00","0.00","0.00","0.00","0.00","0.00","2021/2022","1st Term"),
("50","50","5","0.00","0.00","0.00","0.00","0.00","0.00","","0.00","0.00","0.00","0.00","0.00","0.00","0.00","2021/2022","1st Term"),
("51","51","5","0.00","0.00","0.00","0.00","0.00","0.00","","0.00","0.00","0.00","0.00","0.00","0.00","0.00","2021/2022","1st Term"),
("52","52","5","0.00","0.00","0.00","0.00","0.00","0.00","","0.00","0.00","0.00","0.00","0.00","0.00","0.00","2021/2022","1st Term"),
("53","53","5","0.00","0.00","0.00","0.00","0.00","0.00","","0.00","0.00","0.00","0.00","0.00","0.00","0.00","2021/2022","1st Term"),
("54","54","5","0.00","0.00","0.00","0.00","0.00","0.00","","0.00","0.00","0.00","0.00","0.00","0.00","0.00","2021/2022","1st Term"),
("55","55","5","0.00","0.00","0.00","0.00","0.00","0.00","","0.00","0.00","0.00","0.00","0.00","0.00","0.00","2021/2022","1st Term"),
("56","56","5","0.00","0.00","0.00","0.00","0.00","0.00","","0.00","0.00","0.00","0.00","0.00","0.00","0.00","2021/2022","1st Term"),
("57","57","5","0.00","0.00","0.00","0.00","0.00","0.00","","0.00","0.00","0.00","0.00","0.00","0.00","0.00","2021/2022","1st Term"),
("58","58","5","0.00","0.00","0.00","0.00","0.00","0.00","","0.00","0.00","0.00","0.00","0.00","0.00","0.00","2021/2022","1st Term"),
("59","59","5","0.00","0.00","0.00","0.00","0.00","0.00","","0.00","0.00","0.00","0.00","0.00","0.00","0.00","2021/2022","1st Term"),
("60","60","1","0.00","0.00","0.00","0.00","0.00","0.00","","0.00","0.00","0.00","0.00","0.00","0.00","0.00","2021/2022","1st Term"),
("61","61","1","0.00","0.00","0.00","0.00","0.00","0.00","","0.00","0.00","0.00","0.00","0.00","0.00","0.00","2021/2022","1st Term"),
("62","62","4","0.00","0.00","0.00","0.00","0.00","0.00","","0.00","0.00","0.00","0.00","0.00","0.00","0.00","2021/2022","1st Term"),
("63","63","1","0.00","0.00","0.00","0.00","0.00","0.00","","0.00","0.00","0.00","0.00","0.00","0.00","0.00","2021/2022","1st Term"),
("64","64","1","0.00","0.00","0.00","0.00","0.00","0.00","","0.00","0.00","0.00","0.00","0.00","0.00","0.00","2021/2022","1st Term"),
("65","65","1","0.00","0.00","0.00","0.00","0.00","0.00","","0.00","0.00","0.00","0.00","0.00","0.00","0.00","2021/2022","1st Term"),
("66","66","1","0.00","0.00","0.00","0.00","0.00","0.00","","0.00","0.00","0.00","0.00","0.00","0.00","0.00","2021/2022","1st Term"),
("67","67","1","0.00","0.00","0.00","0.00","0.00","0.00","","0.00","0.00","0.00","0.00","0.00","0.00","0.00","2021/2022","1st Term"),
("68","68","4","0.00","0.00","0.00","0.00","0.00","0.00","","0.00","0.00","0.00","0.00","0.00","0.00","0.00","2021/2022","1st Term"),
("69","69","1","0.00","0.00","0.00","0.00","0.00","0.00","","0.00","0.00","0.00","0.00","0.00","0.00","0.00","2021/2022","1st Term"),
("70","70","1","0.00","0.00","0.00","0.00","0.00","0.00","","0.00","0.00","0.00","0.00","0.00","0.00","0.00","2021/2022","1st Term"),
("71","71","1","0.00","0.00","0.00","0.00","0.00","0.00","","0.00","0.00","0.00","0.00","0.00","0.00","0.00","2021/2022","1st Term"),
("72","72","2","0.00","0.00","0.00","0.00","0.00","0.00","","0.00","0.00","0.00","0.00","0.00","0.00","0.00","2021/2022","1st Term"),
("73","73","2","0.00","0.00","0.00","0.00","0.00","0.00","","0.00","0.00","0.00","0.00","0.00","0.00","0.00","2021/2022","1st Term"),
("74","74","2","0.00","0.00","0.00","0.00","0.00","0.00","","0.00","0.00","0.00","0.00","0.00","0.00","0.00","2021/2022","1st Term"),
("75","75","2","0.00","0.00","0.00","0.00","0.00","0.00","","0.00","0.00","0.00","0.00","0.00","0.00","0.00","2021/2022","1st Term"),
("76","76","2","0.00","0.00","0.00","0.00","0.00","0.00","","0.00","0.00","0.00","0.00","0.00","0.00","0.00","2021/2022","1st Term"),
("77","77","2","0.00","0.00","0.00","0.00","0.00","0.00","","0.00","0.00","0.00","0.00","0.00","0.00","0.00","2021/2022","1st Term"),
("78","78","2","0.00","0.00","0.00","0.00","0.00","0.00","","0.00","0.00","0.00","0.00","0.00","0.00","0.00","2021/2022","1st Term"),
("79","79","2","0.00","0.00","0.00","0.00","0.00","0.00","","0.00","0.00","0.00","0.00","0.00","0.00","0.00","2021/2022","1st Term"),
("80","80","2","0.00","0.00","0.00","0.00","0.00","0.00","","0.00","0.00","0.00","0.00","0.00","0.00","0.00","2021/2022","1st Term"),
("81","81","2","0.00","0.00","0.00","0.00","0.00","0.00","","0.00","0.00","0.00","0.00","0.00","0.00","0.00","2021/2022","1st Term"),
("82","82","2","0.00","0.00","0.00","0.00","0.00","0.00","","0.00","0.00","0.00","0.00","0.00","0.00","0.00","2021/2022","1st Term"),
("83","83","2","0.00","0.00","0.00","0.00","0.00","0.00","","0.00","0.00","0.00","0.00","0.00","0.00","0.00","2021/2022","1st Term"),
("84","84","2","0.00","0.00","0.00","0.00","0.00","0.00","","0.00","0.00","0.00","0.00","0.00","0.00","0.00","2021/2022","1st Term"),
("85","85","2","0.00","0.00","0.00","0.00","0.00","0.00","","0.00","0.00","0.00","0.00","0.00","0.00","0.00","2021/2022","1st Term"),
("86","86","5","0.00","0.00","0.00","0.00","0.00","0.00","","0.00","0.00","0.00","0.00","0.00","0.00","0.00","2021/2022","1st Term"),
("87","87","10","0.00","0.00","0.00","0.00","0.00","0.00","","0.00","0.00","0.00","0.00","0.00","0.00","0.00","2021/2022","1st Term"),
("88","88","10","0.00","0.00","0.00","0.00","0.00","0.00","","0.00","0.00","0.00","0.00","0.00","0.00","0.00","2021/2022","1st Term"),
("89","89","10","0.00","0.00","0.00","0.00","0.00","0.00","","0.00","0.00","0.00","0.00","0.00","0.00","0.00","2021/2022","1st Term"),
("90","90","10","0.00","0.00","0.00","0.00","0.00","0.00","","0.00","0.00","0.00","0.00","0.00","0.00","0.00","2021/2022","1st Term"),
("91","91","10","0.00","0.00","0.00","0.00","0.00","0.00","","0.00","0.00","0.00","0.00","0.00","0.00","0.00","2021/2022","1st Term"),
("92","92","10","0.00","0.00","0.00","0.00","0.00","0.00","","0.00","0.00","0.00","0.00","0.00","0.00","0.00","2021/2022","1st Term"),
("93","93","10","0.00","0.00","0.00","0.00","0.00","0.00","","0.00","0.00","0.00","0.00","0.00","0.00","0.00","2021/2022","1st Term"),
("94","94","10","0.00","0.00","0.00","0.00","0.00","0.00","","0.00","0.00","0.00","0.00","0.00","0.00","0.00","2021/2022","1st Term"),
("95","95","10","0.00","0.00","0.00","0.00","0.00","0.00","","0.00","0.00","0.00","0.00","0.00","0.00","0.00","2021/2022","1st Term"),
("96","96","10","0.00","0.00","0.00","0.00","0.00","0.00","","0.00","0.00","0.00","0.00","0.00","0.00","0.00","2021/2022","1st Term"),
("97","97","10","0.00","0.00","0.00","0.00","0.00","0.00","","0.00","0.00","0.00","0.00","0.00","0.00","0.00","2021/2022","1st Term"),
("98","98","10","0.00","0.00","0.00","0.00","0.00","0.00","","0.00","0.00","0.00","0.00","0.00","0.00","0.00","2021/2022","1st Term"),
("99","99","10","0.00","0.00","0.00","0.00","0.00","0.00","","0.00","0.00","0.00","0.00","0.00","0.00","0.00","2021/2022","1st Term"),
("100","100","10","0.00","0.00","0.00","0.00","0.00","0.00","","0.00","0.00","0.00","0.00","0.00","0.00","0.00","2021/2022","1st Term");
INSERT INTO current_fees_info VALUES
("101","101","7","0.00","0.00","0.00","0.00","0.00","0.00","","0.00","0.00","0.00","0.00","0.00","0.00","0.00","2021/2022","2nd Term"),
("102","102","7","0.00","0.00","0.00","0.00","0.00","0.00","","0.00","0.00","0.00","0.00","0.00","0.00","0.00","2021/2022","2nd Term"),
("103","103","8","0.00","0.00","0.00","0.00","0.00","0.00","","0.00","0.00","0.00","0.00","0.00","0.00","0.00","2021/2022","2nd Term"),
("104","104","6","0.00","0.00","0.00","0.00","0.00","0.00","","0.00","0.00","0.00","0.00","0.00","0.00","0.00","2021/2022","2nd Term"),
("105","105","5","0.00","0.00","0.00","0.00","0.00","0.00","","0.00","0.00","0.00","0.00","0.00","0.00","0.00","2021/2022","2nd Term"),
("106","56","5","0.00","0.00","0.00","0.00","0.00","0.00","","0.00","0.00","0.00","0.00","0.00","0.00","0.00","2021/2022","2nd Term"),
("107","62","4","0.00","0.00","0.00","0.00","0.00","0.00","","0.00","0.00","0.00","0.00","0.00","0.00","0.00","2021/2022","2nd Term"),
("108","63","1","0.00","0.00","0.00","0.00","0.00","0.00","","0.00","0.00","0.00","0.00","0.00","0.00","0.00","2021/2022","2nd Term"),
("109","79","2","0.00","0.00","0.00","0.00","0.00","0.00","","0.00","0.00","0.00","0.00","0.00","0.00","0.00","2021/2022","2nd Term"),
("110","28","3","0.00","0.00","0.00","0.00","0.00","0.00","","0.00","0.00","0.00","0.00","0.00","0.00","0.00","2021/2022","2nd Term"),
("111","3","9","0.00","0.00","0.00","0.00","0.00","0.00","","0.00","0.00","0.00","0.00","0.00","0.00","0.00","2021/2022","2nd Term"),
("112","106","3","0.00","0.00","0.00","0.00","0.00","0.00","","0.00","0.00","0.00","0.00","0.00","0.00","0.00","2021/2022","2nd Term");




CREATE TABLE `e_library_cat` (
  `e_library_cat_id` int(11) NOT NULL AUTO_INCREMENT,
  `e_library_cat_name` varchar(200) NOT NULL,
  `date_added` datetime NOT NULL DEFAULT current_timestamp(),
  PRIMARY KEY (`e_library_cat_id`)
) ENGINE=InnoDB DEFAULT CHARSET=utf8mb4;






CREATE TABLE `e_library_file` (
  `e_library_file_id` int(11) NOT NULL AUTO_INCREMENT,
  `e_library_cat_id` int(11) NOT NULL,
  `topic_id` int(11) NOT NULL,
  `google_drive_id` varchar(200) NOT NULL,
  `class_id` int(11) NOT NULL,
  `subclass_id` int(11) NOT NULL,
  `subject_id` int(11) NOT NULL,
  `staff_id` int(11) NOT NULL,
  `table_name` varchar(20) NOT NULL,
  `title` varchar(300) NOT NULL,
  `google_drive_title` varchar(200) NOT NULL,
  `google_drive_thumbnail_link` varchar(300) NOT NULL,
  `description` varchar(500) NOT NULL,
  `preview_status` varchar(20) NOT NULL DEFAULT 'preview_download',
  `mode` varchar(20) NOT NULL,
  `activation` varchar(20) NOT NULL DEFAULT 'active',
  `file_dir` varchar(300) NOT NULL,
  `google_drive_dir` varchar(300) NOT NULL,
  `google_drive_embed_link` varchar(300) NOT NULL,
  `google_drive_filesize` varchar(30) NOT NULL,
  `sessions` varchar(15) NOT NULL,
  `terms` varchar(15) NOT NULL,
  `date_added` datetime NOT NULL DEFAULT current_timestamp(),
  PRIMARY KEY (`e_library_file_id`),
  KEY `e_library_cat_id` (`e_library_cat_id`),
  KEY `subclass_id` (`subclass_id`),
  KEY `subject_id` (`subject_id`),
  KEY `class_id` (`class_id`),
  KEY `staff_id` (`staff_id`),
  KEY `topic_id` (`topic_id`),
  KEY `activation` (`activation`)
) ENGINE=InnoDB DEFAULT CHARSET=utf8mb4;






CREATE TABLE `e_r_cat` (
  `e_r_cat_id` int(10) unsigned NOT NULL AUTO_INCREMENT,
  `e_r_cat_name` varchar(300) NOT NULL,
  `e_r_scratch_card` varchar(4) NOT NULL DEFAULT 'no',
  PRIMARY KEY (`e_r_cat_id`),
  KEY `e_r_scratch_card` (`e_r_scratch_card`)
) ENGINE=InnoDB DEFAULT CHARSET=latin1;






CREATE TABLE `e_r_class_term` (
  `e_r_class_term_id` int(10) unsigned NOT NULL AUTO_INCREMENT,
  `e_r_cat_id` int(10) unsigned NOT NULL,
  `class_id` int(10) unsigned NOT NULL,
  `terms` varchar(10) NOT NULL,
  PRIMARY KEY (`e_r_class_term_id`),
  KEY `e_r_cat_id` (`e_r_cat_id`,`class_id`,`terms`)
) ENGINE=InnoDB DEFAULT CHARSET=latin1;






CREATE TABLE `e_r_main` (
  `e_r_main_id` int(11) NOT NULL AUTO_INCREMENT,
  `e_r_cat_id` int(11) NOT NULL,
  `student_id` int(11) NOT NULL,
  `class_id` int(11) NOT NULL,
  `subclass_id` int(11) NOT NULL,
  `e_r_cat_name` varchar(100) NOT NULL,
  `class_name` varchar(50) NOT NULL,
  `subclass_name` varchar(50) NOT NULL,
  `section` varchar(10) NOT NULL,
  `total` float NOT NULL,
  `total_obtainable` float NOT NULL,
  `average` varchar(10) NOT NULL,
  `position_class` varchar(20) NOT NULL,
  `position_subclass` varchar(20) NOT NULL,
  `total_student_class` int(11) NOT NULL,
  `total_student_subclass` int(11) NOT NULL,
  `pass_ave` varchar(5) NOT NULL,
  `subcat1_total` float NOT NULL,
  `subcat2_total` float NOT NULL,
  `subcat3_total` float NOT NULL,
  `subcat4_total` float NOT NULL,
  `subcat5_total` float NOT NULL,
  `subcat6_total` float NOT NULL,
  `subcat7_total` float NOT NULL,
  `subcat8_total` float NOT NULL,
  `subcat9_total` float NOT NULL,
  `subcat10_total` float NOT NULL,
  `subcat1_name` varchar(50) NOT NULL,
  `subcat2_name` varchar(50) NOT NULL,
  `subcat3_name` varchar(50) NOT NULL,
  `subcat4_name` varchar(50) NOT NULL,
  `subcat5_name` varchar(50) NOT NULL,
  `subcat6_name` varchar(50) NOT NULL,
  `subcat7_name` varchar(50) NOT NULL,
  `subcat8_name` varchar(50) NOT NULL,
  `subcat9_name` varchar(50) NOT NULL,
  `subcat10_name` varchar(50) NOT NULL,
  `subcat1_short_name` varchar(40) NOT NULL,
  `subcat2_short_name` varchar(40) NOT NULL,
  `subcat3_short_name` varchar(40) NOT NULL,
  `subcat4_short_name` varchar(40) NOT NULL,
  `subcat5_short_name` varchar(40) NOT NULL,
  `subcat6_short_name` varchar(40) NOT NULL,
  `subcat7_short_name` varchar(40) NOT NULL,
  `subcat8_short_name` varchar(40) NOT NULL,
  `subcat9_short_name` varchar(40) NOT NULL,
  `subcat10_short_name` varchar(40) NOT NULL,
  `count_subcat` int(11) NOT NULL,
  `scratch_card_number` varchar(16) NOT NULL,
  `principal_name` varchar(100) NOT NULL,
  `principal_comment` varchar(200) NOT NULL,
  `form_staff_name` varchar(200) NOT NULL,
  `form_staff_comment` varchar(300) NOT NULL,
  `principal_signature` varchar(60) NOT NULL,
  `second_principal_signature` varchar(60) NOT NULL,
  `visited` int(11) NOT NULL,
  `sessions` varchar(20) NOT NULL,
  `terms` varchar(20) NOT NULL,
  PRIMARY KEY (`e_r_main_id`),
  KEY `e_r_cat_id` (`e_r_cat_id`,`student_id`)
) ENGINE=InnoDB DEFAULT CHARSET=latin1;






CREATE TABLE `e_r_subcat` (
  `e_r_subcat_id` int(10) unsigned NOT NULL AUTO_INCREMENT,
  `e_r_cat_id` int(10) unsigned NOT NULL,
  `e_r_subcat_name` varchar(300) NOT NULL,
  `e_r_short_form` varchar(100) NOT NULL,
  `total_score` float NOT NULL,
  PRIMARY KEY (`e_r_subcat_id`),
  KEY `e_r_cat_id` (`e_r_cat_id`),
  KEY `e_r_cat_id_2` (`e_r_cat_id`)
) ENGINE=InnoDB DEFAULT CHARSET=latin1;






CREATE TABLE `e_r_subject` (
  `e_r_subject_id` int(11) NOT NULL AUTO_INCREMENT,
  `e_r_cat_id` int(11) NOT NULL,
  `student_id` int(11) NOT NULL,
  `class_id` int(11) NOT NULL,
  `subclass_id` int(11) NOT NULL,
  `subject_id` int(11) NOT NULL,
  `class_name` varchar(300) NOT NULL,
  `subclass_name` varchar(300) NOT NULL,
  `subject_name` varchar(300) NOT NULL,
  `subcat1` float DEFAULT NULL,
  `subcat2` float DEFAULT NULL,
  `subcat3` float DEFAULT NULL,
  `subcat4` float DEFAULT NULL,
  `subcat5` float DEFAULT NULL,
  `subcat6` float DEFAULT NULL,
  `subcat7` float DEFAULT NULL,
  `subcat8` float DEFAULT NULL,
  `subcat9` float DEFAULT NULL,
  `subcat10` float DEFAULT NULL,
  `total` float NOT NULL,
  `total_percent` varchar(10) NOT NULL,
  `position_subclass` varchar(30) NOT NULL,
  `grade` varchar(20) NOT NULL,
  `grade_comment` varchar(300) NOT NULL,
  `staff_name` varchar(300) NOT NULL,
  `staff_comment` varchar(300) NOT NULL,
  `status` varchar(20) NOT NULL,
  `generate_result` varchar(20) NOT NULL DEFAULT 'not_generated',
  `sessions` varchar(20) NOT NULL,
  `terms` varchar(20) NOT NULL,
  PRIMARY KEY (`e_r_subject_id`),
  KEY `e_r_cat_id` (`e_r_cat_id`,`student_id`,`class_id`,`subclass_id`,`subject_id`),
  KEY `class_id` (`class_id`,`subclass_id`,`subject_id`,`sessions`,`terms`)
) ENGINE=InnoDB DEFAULT CHARSET=latin1;






CREATE TABLE `end_term_info` (
  `end_term_id` int(11) NOT NULL AUTO_INCREMENT,
  `new_student_number` int(11) NOT NULL,
  `no_of_students` int(11) NOT NULL,
  `no_of_male_students` int(11) NOT NULL,
  `no_of_female_students` int(11) NOT NULL,
  `no_of_grad_students` int(11) NOT NULL,
  `no_of_deact_students` int(11) NOT NULL,
  `no_of_parents` int(11) NOT NULL,
  `no_of_staff` int(11) NOT NULL,
  `no_of_academic_staff` int(11) NOT NULL,
  `no_of_non_academic_staff` int(11) NOT NULL,
  `no_of_accountant` int(11) NOT NULL,
  `no_of_admin` int(11) NOT NULL,
  `owing` int(11) NOT NULL,
  `annual_only_last_subjects` varchar(5) NOT NULL,
  `third_term_in_annual` varchar(3) NOT NULL DEFAULT 'no',
  `allow_finance` varchar(5) NOT NULL,
  `scratch_card` varchar(5) NOT NULL,
  `generate_result` varchar(20) NOT NULL,
  `publish_result` char(30) NOT NULL,
  `next_term_begins` date NOT NULL,
  `publish_result_deadline` date NOT NULL,
  `report_ready` varchar(15) NOT NULL,
  `sessions` varchar(20) NOT NULL,
  `terms` varchar(20) NOT NULL,
  `date_entered` datetime NOT NULL DEFAULT current_timestamp(),
  `account_balanced` varchar(12) NOT NULL,
  PRIMARY KEY (`end_term_id`),
  KEY `sess_term` (`sessions`,`terms`),
  KEY `report_ready` (`report_ready`),
  KEY `date_entered` (`date_entered`)
) ENGINE=InnoDB AUTO_INCREMENT=20 DEFAULT CHARSET=latin1;


INSERT INTO end_term_info VALUES
("18","0","86","41","45","0","0","0","12","12","0","0","0","0","no","no","no","no","generated","published","2022-01-10","0000-00-00","ready","2021/2022","1st Term","2018-04-14 13:39:26","unbalanced"),
("19","0","0","0","0","0","0","0","0","0","0","0","0","0","no","no","no","no","not_generated","not_published","2022-05-02","2022-04-08","not_ready","2021/2022","2nd Term","2022-03-17 14:30:38","unbalanced");




CREATE TABLE `end_term_inventory` (
  `end_term_inventory_id` int(11) NOT NULL AUTO_INCREMENT,
  `account_balanced` varchar(20) NOT NULL DEFAULT 'unbalanced',
  `date_added` datetime NOT NULL DEFAULT current_timestamp(),
  `sessions` varchar(15) NOT NULL,
  `terms` varchar(15) NOT NULL,
  PRIMARY KEY (`end_term_inventory_id`)
) ENGINE=InnoDB DEFAULT CHARSET=utf8mb4;






CREATE TABLE `end_term_ledger` (
  `end_term_ledger_id` int(11) NOT NULL AUTO_INCREMENT,
  `account_balanced` varchar(15) NOT NULL DEFAULT 'unbalanced',
  `date_added` datetime NOT NULL DEFAULT current_timestamp(),
  `sessions` varchar(15) NOT NULL,
  `terms` varchar(15) NOT NULL,
  PRIMARY KEY (`end_term_ledger_id`),
  KEY `terms` (`terms`,`sessions`)
) ENGINE=InnoDB DEFAULT CHARSET=utf8mb4;






CREATE TABLE `end_term_school_fees` (
  `end_term_school_fees_id` int(11) NOT NULL AUTO_INCREMENT,
  `account_balanced` varchar(20) DEFAULT 'unbalanced',
  `date_added` datetime NOT NULL DEFAULT current_timestamp(),
  `sessions` varchar(15) NOT NULL,
  `terms` varchar(15) NOT NULL,
  PRIMARY KEY (`end_term_school_fees_id`),
  KEY `sessions` (`sessions`,`terms`)
) ENGINE=InnoDB DEFAULT CHARSET=utf8mb4;






CREATE TABLE `event` (
  `event_id` int(11) NOT NULL AUTO_INCREMENT,
  `class_id` int(11) NOT NULL,
  `subclass_id` int(11) NOT NULL,
  `event_title` varchar(300) NOT NULL,
  `event_cat` varchar(20) NOT NULL,
  `event_image` varchar(300) NOT NULL,
  `location` varchar(300) NOT NULL,
  `description` text NOT NULL,
  `start_date` datetime NOT NULL,
  `end_date` datetime NOT NULL,
  `date_created` datetime NOT NULL DEFAULT current_timestamp(),
  PRIMARY KEY (`event_id`),
  KEY `date_created` (`date_created`),
  KEY `event_cat` (`event_cat`),
  KEY `class_id` (`class_id`)
) ENGINE=InnoDB DEFAULT CHARSET=latin1;






CREATE TABLE `exam_questions` (
  `exam_question_id` int(11) NOT NULL AUTO_INCREMENT,
  `exam_id` int(11) NOT NULL,
  `question_id` int(11) NOT NULL,
  `date_added` datetime NOT NULL DEFAULT current_timestamp(),
  PRIMARY KEY (`exam_question_id`)
) ENGINE=InnoDB DEFAULT CHARSET=utf8mb4;






CREATE TABLE `exam_student_questions` (
  `exam_student_question_id` int(11) NOT NULL AUTO_INCREMENT,
  `exam_student_id` int(11) NOT NULL,
  `question_options_id` int(11) NOT NULL,
  PRIMARY KEY (`exam_student_question_id`),
  KEY `exam_student_id` (`exam_student_id`),
  KEY `question_options_id` (`question_options_id`)
) ENGINE=InnoDB DEFAULT CHARSET=latin1;






CREATE TABLE `exam_student_theory` (
  `exam_student_theory_id` int(11) NOT NULL AUTO_INCREMENT,
  `exam_student_id` int(11) NOT NULL,
  `question_id` int(11) NOT NULL,
  `question_text` text NOT NULL,
  `corrected_text` text NOT NULL,
  `score` decimal(15,2) DEFAULT NULL,
  `total_score` decimal(15,2) DEFAULT NULL,
  `date_added` datetime NOT NULL DEFAULT current_timestamp(),
  PRIMARY KEY (`exam_student_theory_id`),
  KEY `exam_student_id` (`exam_student_id`),
  KEY `question_id` (`question_id`)
) ENGINE=InnoDB DEFAULT CHARSET=utf8mb4;






CREATE TABLE `exam_student_theory_images` (
  `exam_student_theory_images_id` int(11) NOT NULL AUTO_INCREMENT,
  `exam_student_id` int(11) NOT NULL,
  `question_id` int(11) NOT NULL,
  `google_drive_id` varchar(50) NOT NULL,
  `date_added` datetime NOT NULL DEFAULT current_timestamp(),
  PRIMARY KEY (`exam_student_theory_images_id`),
  KEY `exam_student_id` (`exam_student_id`),
  KEY `question_id` (`question_id`),
  KEY `google_drive_id` (`google_drive_id`)
) ENGINE=InnoDB DEFAULT CHARSET=utf8mb4;






CREATE TABLE `exam_students` (
  `exam_student_id` int(11) NOT NULL AUTO_INCREMENT,
  `exam_id` int(11) NOT NULL,
  `student_id` int(11) NOT NULL,
  `start_date` datetime NOT NULL DEFAULT current_timestamp(),
  `end_date` datetime NOT NULL,
  `score` decimal(15,2) DEFAULT NULL,
  `revised_score` decimal(15,2) DEFAULT NULL,
  `total_score` decimal(15,2) DEFAULT NULL,
  `score_percentage` decimal(15,2) DEFAULT NULL,
  `revised_score_percentage` decimal(15,2) DEFAULT NULL,
  `approval` tinyint(4) NOT NULL,
  `fullscreen_exits` int(11) NOT NULL,
  `exam_ended_cond` varchar(30) NOT NULL,
  PRIMARY KEY (`exam_student_id`),
  KEY `exam_id` (`exam_id`),
  KEY `student_id` (`student_id`),
  KEY `approval` (`approval`)
) ENGINE=InnoDB DEFAULT CHARSET=latin1;






CREATE TABLE `exam_webcams` (
  `exam_webcam_id` int(11) NOT NULL AUTO_INCREMENT,
  `exam_id` int(11) NOT NULL,
  `student_id` int(11) NOT NULL,
  `google_drive_id` varchar(300) NOT NULL,
  `timestamp` varchar(20) NOT NULL,
  PRIMARY KEY (`exam_webcam_id`),
  KEY `exam_id` (`exam_id`,`student_id`)
) ENGINE=InnoDB DEFAULT CHARSET=latin1;






CREATE TABLE `exams` (
  `exam_id` int(11) NOT NULL AUTO_INCREMENT,
  `class_id` int(11) NOT NULL,
  `subject_id` int(11) NOT NULL,
  `topic_id` int(11) NOT NULL,
  `exam_name` varchar(300) NOT NULL,
  `exam_description` text NOT NULL,
  `exam_pass` varchar(300) NOT NULL,
  `exam_pass_hash` varchar(300) NOT NULL,
  `duration` int(11) NOT NULL,
  `start_date` datetime NOT NULL,
  `end_date` datetime NOT NULL,
  `maximum_attempt` tinyint(4) NOT NULL,
  `minimum_percentage` tinyint(4) NOT NULL,
  `view_answers` tinyint(4) NOT NULL,
  `surveillance` tinyint(4) NOT NULL,
  `randomize_question` tinyint(4) NOT NULL,
  `exam_type` varchar(20) NOT NULL,
  `activation` varchar(10) NOT NULL,
  `sessions` varchar(15) NOT NULL,
  `terms` varchar(15) NOT NULL,
  `date_added` datetime NOT NULL DEFAULT current_timestamp(),
  PRIMARY KEY (`exam_id`),
  KEY `activation` (`activation`)
) ENGINE=InnoDB DEFAULT CHARSET=utf8mb4;






CREATE TABLE `executives` (
  `executive_id` int(11) NOT NULL AUTO_INCREMENT,
  `school_id` int(10) unsigned NOT NULL,
  `user_key` varchar(100) DEFAULT NULL,
  `serial_number` varchar(30) NOT NULL,
  `pass` char(255) NOT NULL,
  `new_password` char(255) NOT NULL,
  `email` varchar(200) NOT NULL,
  `status` varchar(30) NOT NULL,
  `phone_number` varchar(20) NOT NULL,
  `forget_token` varchar(200) NOT NULL,
  `login_attempt` int(11) NOT NULL,
  `login_last_time` int(10) unsigned NOT NULL,
  PRIMARY KEY (`executive_id`),
  UNIQUE KEY `user_key` (`user_key`),
  KEY `school_id` (`school_id`)
) ENGINE=InnoDB AUTO_INCREMENT=5 DEFAULT CHARSET=latin1;


INSERT INTO executives VALUES
("1","0","1b86783ae","O/16/0001","$2y$10$/WPShfudvtky2Lvam61YyuCdOUGnP1SL6eY7ovm0doCDrnTPli/AW","","zeonorganisation@gmail.com","","","","0","1505998587"),
("2","0","2df20249c","B/16/0001","$2y$10$n407Q9ygVsOdUWfe52PHNO6SYlzLRcUq2CQdZdfjF4fnDgt25v8W2","Mynameisbackend","zeonglobal@gmail.com","","","","0","1650957507"),
("3","0","392f989c6","U/16/0001","$2y$10$hXRdO2YNOVyphYSz.pPHEuD4Zw9PhdaG6SNGJHJgQb87QUWV22tV.","","","admin","","","0","1649322732"),
("4","0","4a0978df3","A/16/0001","$2y$10$Gg5mWpO2Pt/lM7sClJy90u7orPh02Z9.ST0B5RSMl9ckFg6ls6a8K","","","account","","","0","1506032093");




CREATE TABLE `facility` (
  `facility_id` int(10) unsigned NOT NULL AUTO_INCREMENT,
  `class_id` int(11) NOT NULL,
  `facility_cat` varchar(100) NOT NULL,
  `facility_name` varchar(300) NOT NULL,
  `facility_date` datetime NOT NULL DEFAULT current_timestamp(),
  PRIMARY KEY (`facility_id`),
  KEY `facility_cat` (`facility_cat`),
  KEY `class_id` (`class_id`)
) ENGINE=InnoDB DEFAULT CHARSET=latin1;






CREATE TABLE `facility_images` (
  `facility_images_id` int(10) unsigned NOT NULL AUTO_INCREMENT,
  `facility_id` int(10) unsigned NOT NULL,
  `image_name` varchar(300) NOT NULL,
  `image_dir` varchar(500) NOT NULL,
  PRIMARY KEY (`facility_images_id`),
  KEY `facility_id` (`facility_id`)
) ENGINE=InnoDB DEFAULT CHARSET=latin1;






CREATE TABLE `fees_discount` (
  `fees_discount_id` int(11) NOT NULL AUTO_INCREMENT,
  `student_id` int(11) NOT NULL,
  `amount` decimal(15,2) NOT NULL,
  `reason` varchar(300) NOT NULL,
  `sessions` varchar(20) NOT NULL,
  `terms` varchar(20) NOT NULL,
  PRIMARY KEY (`fees_discount_id`),
  KEY `student_id` (`student_id`),
  KEY `session_term` (`sessions`,`terms`)
) ENGINE=InnoDB DEFAULT CHARSET=latin1;






CREATE TABLE `form_staff_class_subclass` (
  `form_staff_class_subclass_id` int(11) NOT NULL AUTO_INCREMENT,
  `staff_id` int(11) NOT NULL,
  `class_id` int(11) NOT NULL,
  `subclass_id` int(11) NOT NULL,
  PRIMARY KEY (`form_staff_class_subclass_id`)
) ENGINE=InnoDB AUTO_INCREMENT=11 DEFAULT CHARSET=latin1;


INSERT INTO form_staff_class_subclass VALUES
("2","2","5","0"),
("3","8","1","0"),
("4","3","8","0"),
("5","4","7","0"),
("6","5","6","0"),
("7","6","3","0"),
("8","7","2","0"),
("9","12","9","0"),
("10","8","4","0");




CREATE TABLE `grading` (
  `grading_id` int(11) NOT NULL AUTO_INCREMENT,
  `grade_from` int(11) NOT NULL,
  `grade_to` int(11) NOT NULL,
  `grade` char(20) NOT NULL,
  `remark` char(100) NOT NULL,
  `principal_name` char(200) NOT NULL,
  `principal_comment` text NOT NULL,
  `form_staff_comment` text NOT NULL,
  `subject_comment` text NOT NULL,
  `groups` char(20) NOT NULL,
  PRIMARY KEY (`grading_id`)
) ENGINE=InnoDB AUTO_INCREMENT=31 DEFAULT CHARSET=latin1;


INSERT INTO grading VALUES
("1","0","29","F9","FAIL","MRS OKPE-AJI VICTORIA","YOU CAN BE A STAR! YOU HAVE THE POTENTIALS IN YOU. BRING IT OUT SO YOU CAN SHINE NEXT TIME.","WE WILL WORK TOWARDS IMPROVING ON THIS NEXT TERM","FAIR, YOU CAN DO BETTER","lower"),
("2","30","34","F9","FAIL","MRS OKPE-AJI VICTORIA","YOU CAN BE A STAR! YOU HAVE THE POTENTIALS IN YOU. BRING IT OUT SO YOU CAN SHINE NEXT TIME.","WE WILL WORK TOWARDS IMPROVING ON THIS NEXT TERM","FAIR, YOU CAN DO BETTER","lower"),
("3","35","39","F9","FAIL","MRS OKPE-AJI VICTORIA","YOU CAN SOAR HIGH LIKE AN EAGLE. PUT MORE EFFORT, IT\'S IN YOU TO SUCCEED.","WE WILL WORK TOWARDS IMPROVING ON THIS NEXT TERM","FAIR, YOU CAN DO BETTER","lower"),
("4","40","44","E8","POOR","MRS OKPE-AJI VICTORIA","YOU HAVE THE POTENTIALS FOR GREATNESS IN YOU, BRING IT OUT. YOU WILL DO BETTER NEXT TIME.","ALMOST THERE, LETS WORK FOR A BETTER RESULT NEXT TERM","FAIR, TRY HARDER NEXT TIME","lower"),
("5","45","49","D7","PASS","MRS OKPE-AJI VICTORIA","YOU HAVE THE POTENTIALS TO FLY, RELEASE MORE OF IT, AND YOU WILL FLY WITH MASTERY.","ALMOST THERE, LETS WORK FOR A BETTER RESULT NEXT TERM","FAIR, TRY HARDER NEXT TIME","lower"),
("6","50","54","C6","CREDIT","MRS OKPE-AJI VICTORIA","IMPRESSIVE EFFORT, YOU ARE MIDDLE WAY TO SUCCESS, WELL DONE! YOU CAN DO MORE.","GOOD RESULT, PUT IN MORE EFFORT","GOOD WORK. WORK HARDER","lower"),
("7","55","59","C5","CREDIT","MRS OKPE-AJI VICTORIA","WELL DONE! YOU ARE ABOUT TO FLY, WITH MORE HARD WORK YOU CAN SCALE HIGHER WITH FLYING COLOURS.","GOOD RESULT, PUT IN MORE EFFORT","GOOD WORK. WORK HARDER","lower"),
("8","60","64","C4","CREDIT","MRS OKPE-AJI VICTORIA","GREAT EFFORT. YOU DESERVE TO BE CELEBRATED, YOU HAVE SHOWN POTENTIALS FOR SUCCESS. YOU CAN DO BETTER.","GOOD RESULT, PUT IN MORE EFFORT","SATISFACTORY. YOU CAN DO BETTER.","lower"),
("9","65","69","B3","GOOD","MRS OKPE-AJI VICTORIA","IMPRESSIVE WORK. YOU ARE ON THE PATH TO EXCELLENCE, JUST A LITTLE MORE EFFORT AND YOU ARE ON TOP.","GOOD RESULT, PUT IN MORE EFFORT","SATISFACTORY. YOU CAN DO BETTER.","lower"),
("10","70","74","B2","VERY GOOD","MRS OKPE-AJI VICTORIA","YOU HAVE UNLOCKED THE SUCCESS KEY, KEEP IT UP. THE SKY IS YOUR STARTING POINT.","VERY GOOD PERFORMANCE","VERY GOOD, WELL DONE","lower"),
("11","75","79","B2","VERY GOOD","MRS OKPE-AJI VICTORIA","YOU HAVE RANKED  YOURSELF AMONG THE ACADEMIC GLADIATORS, WELL DONE!  KEEP IT UP. THERE ARE MORE GROUNDS TO CONQUER.","VERY GOOD PERFORMANCE","VERY GOOD, WELL DONE","lower"),
("12","80","84","A1","EXCELLENT","MRS OKPE-AJI VICTORIA","OUTSTANDING PERFORMANCE. YOU ARE IN A CLASS OF GOAL GETTERS. WELL DONE! KEEP THE SPIRIT UP.","EXECELLENT RESULT, KEEP IT UP","EXCELLENT PERFORMANCE, KEEP IT UP","lower"),
("13","85","89","A1","EXCELLENT","MRS OKPE-AJI VICTORIA","VERY IMPRESSIVE WORK, WONDERFULLY DONE! YOU HAVE MADE A DIFFERENCE, YOU ARE NOW A REFERENCE POINT.","EXECELLENT RESULT, KEEP IT UP","EXCELLENT PERFORMANCE, KEEP IT UP","lower"),
("14","90","94","A1","DISTINTION","MRS OKPE-AJI VICTORIA","YOU HAVE HIT THE MARK OF A CHAMPION, BRILLIANT PERFORMANCE. SOAR TO THE PEAK","EXECELLENT RESULT, KEEP IT UP","EXCEPTIONAL WORK. WONDERFULLY DONE.","lower"),
("15","95","100","A1","DISTINCTION","MRS OKPE-AJI VICTORIA","YOU ARE A GENERAL, YOU HAVE EARNED YOURSELF AN EXCEPTIONAL PLACE. WELL DONE! KEEP ON SOARING","EXECELLENT RESULT, KEEP IT UP","EXCEPTIONAL WORK. WONDERFULLY DONE.","lower"),
("16","0","29","F9","FAIL","MRS. OKPE-AJI VICTORIA","YOU CAN BE A STAR! YOU HAVE THE POTENTIALS IN YOU. BRING IT OUT SO YOU CAN SHINE NEXT TIME.","WE WILL WORK TOWARDS IMPROVING ON THIS NEXT TERM","FAIR, YOU CAN DO BETTER","higher"),
("17","30","34","F9","FAIL","MRS. OKPE-AJI VICTORIA","YOU CAN BE A STAR! YOU HAVE THE POTENTIALS IN YOU. BRING IT OUT SO YOU CAN SHINE NEXT TIME.","WE WILL WORK TOWARDS IMPROVING ON THIS NEXT TERM","FAIR, YOU CAN DO BETTER","higher"),
("18","35","39","F9","FAIL","MRS. OKPE-AJI VICTORIA","YOU CAN SOAR HIGH LIKE AN EAGLE. PUT MORE EFFORT, IT\'S IN YOU TO SUCCEED.","WE WILL WORK TOWARDS IMPROVING ON THIS NEXT TERM","FAIR, YOU CAN DO BETTER","higher"),
("19","40","44","E8","POOR","MRS. OKPE-AJI VICTORIA","YOU HAVE THE POTENTIALS FOR GREATNESS IN YOU, BRING IT OUT. YOU WILL DO BETTER NEXT TIME.","ALMOST THERE, LETS WORK FOR A BETTER RESULT NEXT TERM","FAIR, TRY HARDER NEXT TIME","higher"),
("20","45","49","D7","PASS","MRS. OKPE-AJI VICTORIA","YOU HAVE THE POTENTIALS TO FLY, RELEASE MORE OF IT, AND YOU WILL FLY WITH MASTERY.","ALMOST THERE, LETS WORK FOR A BETTER RESULT NEXT TERM","FAIR, TRY HARDER NEXT TIME","higher"),
("21","50","54","C6","CREDIT","MRS. OKPE-AJI VICTORIA","IMPRESSIVE EFFORT, YOU ARE MIDDLE WAY TO SUCCESS, WELL DONE! YOU CAN DO MORE.","GOOD RESULT, PUT IN MORE EFFORT","GOOD WORK. WORK HARDER","higher"),
("22","55","59","C5","CREDIT","MRS. OKPE-AJI VICTORIA","WELL DONE! YOU ARE ABOUT TO FLY, WITH MORE HARD WORK YOU CAN SCALE HIGHER WITH FLYING COLOURS.","GOOD RESULT, PUT IN MORE EFFORT","GOOD WORK. WORK HARDER","higher"),
("23","60","64","C4","CREDIT","MRS. OKPE-AJI VICTORIA","GREAT EFFORT. YOU DESERVE TO BE CELEBRATED, YOU HAVE SHOWN POTENTIALS FOR SUCCESS. YOU CAN DO BETTER.","GOOD RESULT, PUT IN MORE EFFORT","SATISFACTORY. YOU CAN DO BETTER.","higher"),
("24","65","69","B3","GOOD","MRS. OKPE-AJI VICTORIA","IMPRESSIVE WORK. YOU ARE ON THE PATH TO EXCELLENCE, JUST A LITTLE MORE EFFORT AND YOU ARE ON TOP.","GOOD RESULT, PUT IN MORE EFFORT","SATISFACTORY. YOU CAN DO BETTER.","higher"),
("25","70","74","B2","VERY GOOD","MRS. OKPE-AJI VICTORIA","YOU HAVE UNLOCKED THE SUCCESS KEY, KEEP IT UP. THE SKY IS YOUR STARTING POINT.","VERY GOOD PERFORMANCE","VERY GOOD, WELL DONE","higher"),
("26","75","79","B2","VERY GOOD","MRS. OKPE-AJI VICTORIA","YOU HAVE RANKED  YOURSELF AMONG THE ACADEMIC GLADIATORS, WELL DONE!  KEEP IT UP. THERE ARE MORE GROUNDS TO CONQUER.","VERY GOOD PERFORMANCE","VERY GOOD, WELL DONE","higher"),
("27","80","84","A1","EXCELLENT","MRS. OKPE-AJI VICTORIA","OUTSTANDING PERFORMANCE. YOU ARE IN A CLASS OF GOAL GETTERS. WELL DONE! KEEP THE SPIRIT UP.","EXECELLENT RESULT, KEEP IT UP","EXCELLENT PERFORMANCE, KEEP IT UP","higher"),
("28","85","89","A1","EXCELLENT","MRS. OKPE-AJI VICTORIA","VERY IMPRESSIVE WORK, WONDERFULLY DONE! YOU HAVE MADE A DIFFERENCE, YOU ARE NOW A REFERENCE POINT.","EXECELLENT RESULT, KEEP IT UP","EXCELLENT PERFORMANCE, KEEP IT UP","higher"),
("29","90","94","A1","DISTINCTION","MRS. OKPE-AJI VICTORIA","YOU HAVE HIT THE MARK OF A CHAMPION, BRILLIANT PERFORMANCE. SOAR TO THE PEAK","EXECELLENT RESULT, KEEP IT UP","EXCEPTIONAL WORK. WONDERFULLY DONE.","higher"),
("30","95","100","A1","DISTINCTION","MRS. OKPE-AJI VICTORIA","YOU ARE A GENERAL, YOU HAVE EARNED YOURSELF AN EXCEPTIONAL PLACE. WELL DONE! KEEP ON SOARING","EXECELLENT RESULT, KEEP IT UP","EXCEPTIONAL WORK. WONDERFULLY DONE.","higher");




CREATE TABLE `hostel_rooms` (
  `room_id` int(11) NOT NULL AUTO_INCREMENT,
  `hostel_id` int(11) NOT NULL,
  `room_name` varchar(400) NOT NULL,
  `bedspace_prefix` varchar(400) NOT NULL,
  `room_fee` int(11) NOT NULL,
  `room_space` int(11) NOT NULL,
  `available` int(11) NOT NULL,
  PRIMARY KEY (`room_id`)
) ENGINE=InnoDB DEFAULT CHARSET=latin1;






CREATE TABLE `hostels` (
  `hostel_id` int(11) NOT NULL AUTO_INCREMENT,
  `hostel_name` varchar(400) NOT NULL,
  `hostel_gender` varchar(20) NOT NULL,
  PRIMARY KEY (`hostel_id`)
) ENGINE=InnoDB DEFAULT CHARSET=latin1;






CREATE TABLE `html5_games` (
  `html5_games_id` int(11) NOT NULL AUTO_INCREMENT,
  `html5_games_category_id` int(11) NOT NULL,
  `game_name` varchar(50) NOT NULL,
  `game_image` varchar(150) NOT NULL,
  `game_link` varchar(300) NOT NULL,
  `date_added` datetime NOT NULL DEFAULT current_timestamp(),
  PRIMARY KEY (`html5_games_id`),
  KEY `html5_games_category_id` (`html5_games_category_id`)
) ENGINE=InnoDB AUTO_INCREMENT=11 DEFAULT CHARSET=latin1;


INSERT INTO html5_games VALUES
("1","1","Trivia Quiz","/app/private/images/games/1.jpg","https://html5.gamedistribution.com/66c37511b2d14fe4a2b5ce334c986cae/","2020-04-19 00:56:55"),
("2","1","Quiz Story Animal","https://www.h5games.com/imgs/d1bjj4kazoovdg.cloudfront.net/assets/games/quiz-story-animal/big_icon.jpg","https://games.softgames.com/games/quiz-story-animal/gamesites/6326/locale/en","2020-04-19 00:56:55"),
("3","1","Words with Owl","https://www.h5games.com/imgs/d1bjj4kazoovdg.cloudfront.net/assets/games/words-with-owl/big_icon.jpg","https://games.softgames.com/games/words-with-owl/gamesites/6326/locale/en","2020-04-19 00:56:55"),
("4","2","Waffle Game","https://www.h5games.com/imgs/img.GameDistribution.com/c501bf4c7c124cad960a0bfcedf74e49.jpg","https://html5.gamedistribution.com/c501bf4c7c124cad960a0bfcedf74e49/","2020-04-19 00:56:55"),
("5","2","Word Finder","https://www.h5games.com/imgs/img.GameDistribution.com/06f2049a0e14444eace08ead61b295aa.jpg","https://html5.gamedistribution.com/06f2049a0e14444eace08ead61b295aa/","2020-04-19 00:56:55"),
("6","3","Matt Vs Math","https://www.h5games.com/imgs/d1bjj4kazoovdg.cloudfront.net/assets/games/matt-vs-math/big_icon.jpg","https://games.softgames.com/games/matt-vs-math/gamesites/6326/locale/en","2020-04-19 01:02:09"),
("7","2","Tetra","https://www.h5games.com/imgs/d1bjj4kazoovdg.cloudfront.net/assets/games/2020-tetra/big_icon.jpg","https://games.softgames.com/games/2020-tetra/gamesites/6326/locale/en","2020-04-19 01:02:09"),
("8","2","4 Images and 1 Word","https://www.h5games.com/imgs/img.GameDistribution.com/2fcdda0631b24da5902b0a837d94f21d.jpg","https://html5.gamedistribution.com/2fcdda0631b24da5902b0a837d94f21d/","2020-04-19 01:02:09"),
("9","3","Number Search","https://cdn.htmlgames.com/NumberSearch/img/icon/icon-196x196.png","https://cdn.htmlgames.com/NumberSearch/index.html","2020-04-19 01:06:56"),
("10","3","Numbers In The City","https://cdn.htmlgames.com/NumbersInTheCity/img/icon/icon-196x196.png","https://cdn.htmlgames.com/NumbersInTheCity/index.html","2020-04-19 01:28:16");




CREATE TABLE `html5_games_category` (
  `html5_games_category_id` int(11) NOT NULL AUTO_INCREMENT,
  `category_name` varchar(50) NOT NULL,
  `date_added` datetime NOT NULL DEFAULT current_timestamp(),
  PRIMARY KEY (`html5_games_category_id`)
) ENGINE=InnoDB AUTO_INCREMENT=4 DEFAULT CHARSET=latin1;


INSERT INTO html5_games_category VALUES
("1","WORDS TRIVIA","2020-04-19 00:51:16"),
("2","PUZZLE","2020-04-19 00:51:16"),
("3","MATHS TRIVIA","2020-04-19 00:58:15");




CREATE TABLE `inv_cat` (
  `cat_id` int(11) NOT NULL AUTO_INCREMENT,
  `cat_name` varchar(200) NOT NULL,
  PRIMARY KEY (`cat_id`)
) ENGINE=InnoDB DEFAULT CHARSET=latin1;






CREATE TABLE `inv_payment` (
  `inv_payment_id` int(11) NOT NULL AUTO_INCREMENT,
  `subcat_id` int(11) NOT NULL,
  `student_id` int(11) NOT NULL,
  `transaction_id` int(11) NOT NULL,
  `quantity` int(11) DEFAULT NULL,
  `amount_paid` decimal(15,2) NOT NULL,
  `inv_payment_delete` tinyint(4) NOT NULL DEFAULT 0,
  `sessions` varchar(15) NOT NULL,
  `terms` varchar(15) NOT NULL,
  `date_added` datetime NOT NULL DEFAULT current_timestamp(),
  PRIMARY KEY (`inv_payment_id`),
  KEY `subcat_id` (`subcat_id`),
  KEY `student_id` (`student_id`),
  KEY `transaction_id` (`transaction_id`)
) ENGINE=InnoDB DEFAULT CHARSET=utf8mb4;






CREATE TABLE `inv_stack_payment` (
  `stack_payment_id` int(10) unsigned NOT NULL AUTO_INCREMENT,
  `cat_id` int(11) NOT NULL,
  `subcat_id` int(11) NOT NULL,
  `accountant_id` int(10) unsigned NOT NULL,
  `staff_name` varchar(200) NOT NULL,
  `sold` int(11) NOT NULL,
  `each_amount` decimal(15,2) NOT NULL,
  `sessions` varchar(20) NOT NULL,
  `terms` varchar(20) NOT NULL,
  `date_added` datetime NOT NULL,
  PRIMARY KEY (`stack_payment_id`)
) ENGINE=InnoDB DEFAULT CHARSET=latin1;






CREATE TABLE `inv_stock_cat` (
  `stock_id` int(10) unsigned NOT NULL AUTO_INCREMENT,
  `cat_id` int(11) NOT NULL,
  `accountant_id` int(11) NOT NULL,
  `amount` decimal(15,2) NOT NULL,
  `no_of_stock` int(11) NOT NULL,
  `staff_name` varchar(200) NOT NULL,
  `sessions` varchar(20) NOT NULL,
  `terms` varchar(20) NOT NULL,
  `date_added` datetime NOT NULL,
  PRIMARY KEY (`stock_id`),
  KEY `sessions` (`sessions`),
  KEY `terms` (`terms`)
) ENGINE=InnoDB DEFAULT CHARSET=latin1;






CREATE TABLE `inv_stock_subcat` (
  `inv_stock_subcat_id` int(10) unsigned NOT NULL AUTO_INCREMENT,
  `stock_id` int(11) NOT NULL,
  `cat_id` int(11) NOT NULL,
  `subcat_id` int(11) NOT NULL,
  `no_of_sub` int(11) NOT NULL,
  PRIMARY KEY (`inv_stock_subcat_id`)
) ENGINE=InnoDB DEFAULT CHARSET=latin1;






CREATE TABLE `inv_subcat` (
  `subcat_id` int(10) unsigned NOT NULL AUTO_INCREMENT,
  `cat_id` int(11) NOT NULL,
  `sub_cat_name` varchar(200) NOT NULL,
  `amount` decimal(15,2) NOT NULL,
  PRIMARY KEY (`subcat_id`)
) ENGINE=InnoDB DEFAULT CHARSET=latin1;






CREATE TABLE `inv_transaction` (
  `trans_id` int(11) unsigned NOT NULL AUTO_INCREMENT,
  `cat_id` int(10) unsigned NOT NULL,
  `subcat_id` int(11) NOT NULL,
  `total_no` int(11) NOT NULL,
  `remaining` int(11) NOT NULL,
  `bought` int(11) NOT NULL,
  `total_amount` decimal(15,2) NOT NULL,
  `expected_income` decimal(15,2) NOT NULL,
  `current_income` decimal(15,2) NOT NULL,
  `damaged_items` int(11) NOT NULL,
  `damages` decimal(15,2) NOT NULL,
  `damage_reason` varchar(300) NOT NULL,
  `remove` varchar(10) NOT NULL,
  `sessions` varchar(20) NOT NULL,
  `terms` varchar(20) NOT NULL,
  PRIMARY KEY (`trans_id`),
  KEY `sessions` (`sessions`),
  KEY `terms` (`terms`)
) ENGINE=InnoDB DEFAULT CHARSET=latin1;






CREATE TABLE `ledger_category` (
  `ledger_category_id` int(10) unsigned NOT NULL AUTO_INCREMENT,
  `category_name` varchar(200) NOT NULL,
  `status` varchar(20) NOT NULL,
  PRIMARY KEY (`ledger_category_id`)
) ENGINE=InnoDB DEFAULT CHARSET=latin1;






CREATE TABLE `ledger_expense` (
  `ledger_expense_id` int(11) NOT NULL AUTO_INCREMENT,
  `ledger_category_id` int(11) NOT NULL,
  `accountant_id` int(10) unsigned NOT NULL,
  `staff_name` varchar(200) NOT NULL,
  `amount_spent` decimal(15,2) NOT NULL,
  `f_explain` varchar(400) NOT NULL,
  `sessions` varchar(20) NOT NULL,
  `terms` varchar(20) NOT NULL,
  `date_added` datetime NOT NULL,
  PRIMARY KEY (`ledger_expense_id`),
  KEY `ledger_category_id` (`ledger_category_id`),
  KEY `sessions` (`sessions`),
  KEY `terms` (`terms`)
) ENGINE=InnoDB DEFAULT CHARSET=latin1;






CREATE TABLE `ledger_income` (
  `ledger_income_id` int(10) unsigned NOT NULL AUTO_INCREMENT,
  `ledger_category_id` int(10) unsigned NOT NULL,
  `accountant_id` int(10) unsigned NOT NULL,
  `staff_name` varchar(200) NOT NULL,
  `amount_gotten` decimal(15,2) unsigned NOT NULL,
  `f_explain` varchar(400) NOT NULL,
  `sessions` varchar(20) NOT NULL,
  `terms` varchar(20) NOT NULL,
  `date_added` datetime NOT NULL,
  PRIMARY KEY (`ledger_income_id`),
  KEY `sessions` (`sessions`),
  KEY `terms` (`terms`),
  KEY `ledger_category_id` (`ledger_category_id`)
) ENGINE=InnoDB DEFAULT CHARSET=latin1;






CREATE TABLE `ledger_info` (
  `ledger_info_id` int(10) unsigned NOT NULL AUTO_INCREMENT,
  `ledger_category_id` int(10) unsigned NOT NULL,
  `income` decimal(15,2) NOT NULL,
  `expense` decimal(15,2) NOT NULL,
  `sessions` varchar(20) NOT NULL,
  `terms` varchar(20) NOT NULL,
  PRIMARY KEY (`ledger_info_id`),
  KEY `sessions` (`sessions`),
  KEY `terms` (`terms`),
  KEY `ledger_category_id` (`ledger_category_id`)
) ENGINE=InnoDB DEFAULT CHARSET=latin1;






CREATE TABLE `lesson_note_template` (
  `lesson_note_template_id` int(11) NOT NULL AUTO_INCREMENT,
  `class_id` int(11) NOT NULL,
  `subclass_id` int(11) NOT NULL,
  `subject_id` int(11) NOT NULL,
  `topic` varchar(500) NOT NULL,
  `date` datetime NOT NULL,
  `ages` varchar(500) NOT NULL,
  `no_of_period` varchar(500) NOT NULL,
  `specific_objectives` varchar(500) NOT NULL,
  `instructional_materials` varchar(500) NOT NULL,
  `resource_materials` varchar(500) NOT NULL,
  `teaching_methods` varchar(500) NOT NULL,
  `previous_knowledge` varchar(500) NOT NULL,
  `teachers_intro` varchar(500) NOT NULL,
  `students_intro` varchar(500) NOT NULL,
  `learning_intro` varchar(500) NOT NULL,
  `teachers_step_one` varchar(500) NOT NULL,
  `students_step_one` varchar(500) NOT NULL,
  `learning_step_one` varchar(500) NOT NULL,
  `teachers_step_two` varchar(500) NOT NULL,
  `students_step_two` varchar(500) NOT NULL,
  `learning_step_two` varchar(500) NOT NULL,
  `teachers_step_three` varchar(500) NOT NULL,
  `students_step_three` varchar(500) NOT NULL,
  `learning_step_three` varchar(500) NOT NULL,
  `teachers_step_four` varchar(500) NOT NULL,
  `students_step_four` varchar(500) NOT NULL,
  `learning_step_four` varchar(500) NOT NULL,
  `teachers_classwork` varchar(500) NOT NULL,
  `students_classwork` varchar(500) NOT NULL,
  `learning_classwork` varchar(500) NOT NULL,
  `teachers_assignment` varchar(500) NOT NULL,
  `students_assignment` varchar(500) NOT NULL,
  `learning_assignment` varchar(500) NOT NULL,
  `teachers_conclusion` varchar(500) NOT NULL,
  `students_conclusion` varchar(500) NOT NULL,
  `learning_conclusion` varchar(500) NOT NULL,
  `summary_note` text NOT NULL,
  `date_created` datetime NOT NULL DEFAULT current_timestamp(),
  PRIMARY KEY (`lesson_note_template_id`),
  KEY `class_id` (`class_id`,`subclass_id`,`subject_id`)
) ENGINE=InnoDB DEFAULT CHARSET=latin1;






CREATE TABLE `new_fees_class` (
  `new_fees_class_id` int(11) NOT NULL AUTO_INCREMENT,
  `class_id` int(11) NOT NULL,
  `amount` decimal(15,2) NOT NULL,
  `term` varchar(20) NOT NULL,
  PRIMARY KEY (`new_fees_class_id`),
  KEY `term` (`term`),
  KEY `class_id` (`class_id`)
) ENGINE=InnoDB AUTO_INCREMENT=31 DEFAULT CHARSET=latin1;


INSERT INTO new_fees_class VALUES
("1","1","0.00","1st Term"),
("2","1","0.00","2nd Term"),
("3","1","0.00","3rd Term"),
("4","2","0.00","1st Term"),
("5","2","0.00","2nd Term"),
("6","2","0.00","3rd Term"),
("7","3","0.00","1st Term"),
("8","3","0.00","2nd Term"),
("9","3","0.00","3rd Term"),
("10","4","0.00","1st Term"),
("11","4","0.00","2nd Term"),
("12","4","0.00","3rd Term"),
("13","5","0.00","1st Term"),
("14","5","0.00","2nd Term"),
("15","5","0.00","3rd Term"),
("16","6","0.00","1st Term"),
("17","6","0.00","2nd Term"),
("18","6","0.00","3rd Term"),
("19","7","0.00","1st Term"),
("20","7","0.00","2nd Term"),
("21","7","0.00","3rd Term"),
("22","8","0.00","1st Term"),
("23","8","0.00","2nd Term"),
("24","8","0.00","3rd Term"),
("25","9","0.00","1st Term"),
("26","9","0.00","2nd Term"),
("27","9","0.00","3rd Term"),
("28","10","0.00","1st Term"),
("29","10","0.00","2nd Term"),
("30","10","0.00","3rd Term");




CREATE TABLE `news` (
  `news_id` int(11) NOT NULL AUTO_INCREMENT,
  `class_id` int(11) NOT NULL,
  `subclass_id` int(11) NOT NULL,
  `news_title` varchar(300) NOT NULL,
  `news_message` text NOT NULL,
  `news_category` varchar(11) NOT NULL,
  `news_image` varchar(500) NOT NULL,
  `news_date` datetime NOT NULL,
  PRIMARY KEY (`news_id`),
  KEY `news_category` (`news_category`),
  KEY `class_id` (`class_id`)
) ENGINE=InnoDB AUTO_INCREMENT=2 DEFAULT CHARSET=latin1;


INSERT INTO news VALUES
("1","0","0","RESULT FOR 2021/2022 1ST TERM IS READY !!!","<p style=\"text-align: justify;\">All students and parents of Kk International Schools should be informed that the result of <strong>2021/2022 1st Term</strong> has been published. Please you are required to complete all fee payment before checking your result.</p>
\n		<p style=\"text-align: justify;\">&nbsp;</p>
\n		<p style=\"text-align: center;\"><strong><span style=\"text-decoration: underline;\">OUTSTANDING STUDENTS</span></strong></p>
\n		<p style=\"text-align: justify;\">From the outcome of the result, these are the best students in their various classes:</p>
\n		<p style=\"text-align: justify;\">&nbsp;</p><p style=\"text-align: justify;\">PLAY GROUP: <strong>CHARLES KAMHARIDA </strong></p>
\n						<p style=\"text-align: justify;\">&nbsp;</p><p style=\"text-align: justify;\">KINDERGARTEN: <strong>AYOZIE CHERISH </strong></p>
\n						<p style=\"text-align: justify;\">&nbsp;</p><p style=\"text-align: justify;\">NURSERY 1: <strong>OGWUCHE DAVID </strong></p>
\n						<p style=\"text-align: justify;\">&nbsp;</p><p style=\"text-align: justify;\">NURSERY 2: <strong>YUNUSA MUNIBA DABAI</strong></p>
\n						<p style=\"text-align: justify;\">&nbsp;</p><p style=\"text-align: justify;\">BASIC 1: <strong>ONYEMA SAMUEL </strong></p>
\n						<p style=\"text-align: justify;\">&nbsp;</p><p style=\"text-align: justify;\">BASIC 2: <strong>KALU CHIJINDU ISAAC</strong></p>
\n						<p style=\"text-align: justify;\">&nbsp;</p><p style=\"text-align: justify;\">BASIC 3: <strong>JOHNSON OGOCHUKWU </strong></p>
\n						<p style=\"text-align: justify;\">&nbsp;</p><p style=\"text-align: justify;\">BASIC 4: <strong>ADEKUNLE TIJESUNI </strong></p>
\n						<p style=\"text-align: justify;\">&nbsp;</p><p style=\"text-align: justify;\">BASIC 5: <strong>SAFIRU LATIFAT </strong></p>
\n						<p style=\"text-align: justify;\">&nbsp;</p>
\n		<p style=\"text-align: justify;\">&nbsp;</p>
\n		<p style=\"text-align: justify;\">Signed</p>
\n		<p style=\"text-align: justify;\">Management</p>","both","/private/images/default_result.png","2022-03-17 14:30:29");




CREATE TABLE `news_images` (
  `news_images_id` int(11) NOT NULL AUTO_INCREMENT,
  `news_id` int(11) NOT NULL,
  `image_name` varchar(300) NOT NULL,
  `image_dir` varchar(300) NOT NULL,
  PRIMARY KEY (`news_images_id`),
  KEY `news_id` (`news_id`)
) ENGINE=InnoDB DEFAULT CHARSET=latin1;






CREATE TABLE `notify` (
  `notify_id` int(11) NOT NULL AUTO_INCREMENT,
  `notify_collection_id` int(10) unsigned NOT NULL,
  `person_id` int(11) NOT NULL,
  `notify_table_name` varchar(20) NOT NULL,
  `notify_title` varchar(300) NOT NULL,
  `notify_message` text NOT NULL,
  `notify_status` varchar(100) NOT NULL,
  `notify_icon` varchar(100) NOT NULL,
  `notify_color` varchar(20) NOT NULL,
  `notify_date` datetime NOT NULL,
  PRIMARY KEY (`notify_id`),
  KEY `notify_collection_id` (`notify_collection_id`),
  KEY `notify_date` (`notify_date`)
) ENGINE=InnoDB AUTO_INCREMENT=13 DEFAULT CHARSET=latin1;


INSERT INTO notify VALUES
("1","1","1","staff","RESULT SUBMISSION","<p>Good evening everyone</p><p>I want to appreciate our teacher who have submitted their result....you all did a great job.</p><p>To those who are yet to submit their result please ensure you do that before 5th April,2022 so your children report sheet would be printed and ready for collection before 8th April 2022.</p><p>Form teachers should please input their children attendance and make out their behavior from the result summary session shown in your dashboard.</p><p>Best regards.</p><p>ADMIN</p><p><br></p><p><br></p><p><br></p>","unread","fa fa-diamond","noti-info","2022-03-31 21:49:21"),
("2","1","2","staff","RESULT SUBMISSION","<p>Good evening everyone</p><p>I want to appreciate our teacher who have submitted their result....you all did a great job.</p><p>To those who are yet to submit their result please ensure you do that before 5th April,2022 so your children report sheet would be printed and ready for collection before 8th April 2022.</p><p>Form teachers should please input their children attendance and make out their behavior from the result summary session shown in your dashboard.</p><p>Best regards.</p><p>ADMIN</p><p><br></p><p><br></p><p><br></p>","unread","fa fa-diamond","noti-info","2022-03-31 21:49:21"),
("3","1","3","staff","RESULT SUBMISSION","<p>Good evening everyone</p><p>I want to appreciate our teacher who have submitted their result....you all did a great job.</p><p>To those who are yet to submit their result please ensure you do that before 5th April,2022 so your children report sheet would be printed and ready for collection before 8th April 2022.</p><p>Form teachers should please input their children attendance and make out their behavior from the result summary session shown in your dashboard.</p><p>Best regards.</p><p>ADMIN</p><p><br></p><p><br></p><p><br></p>","unread","fa fa-diamond","noti-info","2022-03-31 21:49:21"),
("4","1","4","staff","RESULT SUBMISSION","<p>Good evening everyone</p><p>I want to appreciate our teacher who have submitted their result....you all did a great job.</p><p>To those who are yet to submit their result please ensure you do that before 5th April,2022 so your children report sheet would be printed and ready for collection before 8th April 2022.</p><p>Form teachers should please input their children attendance and make out their behavior from the result summary session shown in your dashboard.</p><p>Best regards.</p><p>ADMIN</p><p><br></p><p><br></p><p><br></p>","unread","fa fa-diamond","noti-info","2022-03-31 21:49:21"),
("5","1","5","staff","RESULT SUBMISSION","<p>Good evening everyone</p><p>I want to appreciate our teacher who have submitted their result....you all did a great job.</p><p>To those who are yet to submit their result please ensure you do that before 5th April,2022 so your children report sheet would be printed and ready for collection before 8th April 2022.</p><p>Form teachers should please input their children attendance and make out their behavior from the result summary session shown in your dashboard.</p><p>Best regards.</p><p>ADMIN</p><p><br></p><p><br></p><p><br></p>","read","fa fa-diamond","noti-info","2022-03-31 21:49:21"),
("6","1","6","staff","RESULT SUBMISSION","<p>Good evening everyone</p><p>I want to appreciate our teacher who have submitted their result....you all did a great job.</p><p>To those who are yet to submit their result please ensure you do that before 5th April,2022 so your children report sheet would be printed and ready for collection before 8th April 2022.</p><p>Form teachers should please input their children attendance and make out their behavior from the result summary session shown in your dashboard.</p><p>Best regards.</p><p>ADMIN</p><p><br></p><p><br></p><p><br></p>","read","fa fa-diamond","noti-info","2022-03-31 21:49:21"),
("7","1","7","staff","RESULT SUBMISSION","<p>Good evening everyone</p><p>I want to appreciate our teacher who have submitted their result....you all did a great job.</p><p>To those who are yet to submit their result please ensure you do that before 5th April,2022 so your children report sheet would be printed and ready for collection before 8th April 2022.</p><p>Form teachers should please input their children attendance and make out their behavior from the result summary session shown in your dashboard.</p><p>Best regards.</p><p>ADMIN</p><p><br></p><p><br></p><p><br></p>","unread","fa fa-diamond","noti-info","2022-03-31 21:49:21"),
("8","1","8","staff","RESULT SUBMISSION","<p>Good evening everyone</p><p>I want to appreciate our teacher who have submitted their result....you all did a great job.</p><p>To those who are yet to submit their result please ensure you do that before 5th April,2022 so your children report sheet would be printed and ready for collection before 8th April 2022.</p><p>Form teachers should please input their children attendance and make out their behavior from the result summary session shown in your dashboard.</p><p>Best regards.</p><p>ADMIN</p><p><br></p><p><br></p><p><br></p>","unread","fa fa-diamond","noti-info","2022-03-31 21:49:21"),
("9","1","9","staff","RESULT SUBMISSION","<p>Good evening everyone</p><p>I want to appreciate our teacher who have submitted their result....you all did a great job.</p><p>To those who are yet to submit their result please ensure you do that before 5th April,2022 so your children report sheet would be printed and ready for collection before 8th April 2022.</p><p>Form teachers should please input their children attendance and make out their behavior from the result summary session shown in your dashboard.</p><p>Best regards.</p><p>ADMIN</p><p><br></p><p><br></p><p><br></p>","unread","fa fa-diamond","noti-info","2022-03-31 21:49:21"),
("10","1","10","staff","RESULT SUBMISSION","<p>Good evening everyone</p><p>I want to appreciate our teacher who have submitted their result....you all did a great job.</p><p>To those who are yet to submit their result please ensure you do that before 5th April,2022 so your children report sheet would be printed and ready for collection before 8th April 2022.</p><p>Form teachers should please input their children attendance and make out their behavior from the result summary session shown in your dashboard.</p><p>Best regards.</p><p>ADMIN</p><p><br></p><p><br></p><p><br></p>","unread","fa fa-diamond","noti-info","2022-03-31 21:49:21"),
("11","1","11","staff","RESULT SUBMISSION","<p>Good evening everyone</p><p>I want to appreciate our teacher who have submitted their result....you all did a great job.</p><p>To those who are yet to submit their result please ensure you do that before 5th April,2022 so your children report sheet would be printed and ready for collection before 8th April 2022.</p><p>Form teachers should please input their children attendance and make out their behavior from the result summary session shown in your dashboard.</p><p>Best regards.</p><p>ADMIN</p><p><br></p><p><br></p><p><br></p>","unread","fa fa-diamond","noti-info","2022-03-31 21:49:21"),
("12","1","12","staff","RESULT SUBMISSION","<p>Good evening everyone</p><p>I want to appreciate our teacher who have submitted their result....you all did a great job.</p><p>To those who are yet to submit their result please ensure you do that before 5th April,2022 so your children report sheet would be printed and ready for collection before 8th April 2022.</p><p>Form teachers should please input their children attendance and make out their behavior from the result summary session shown in your dashboard.</p><p>Best regards.</p><p>ADMIN</p><p><br></p><p><br></p><p><br></p>","unread","fa fa-diamond","noti-info","2022-03-31 21:49:21");




CREATE TABLE `notify_attachments` (
  `notify_attachment_id` int(11) NOT NULL AUTO_INCREMENT,
  `notify_collection_id` int(11) NOT NULL,
  `attachment_name` varchar(300) NOT NULL,
  `attachment_dir` varchar(300) NOT NULL,
  PRIMARY KEY (`notify_attachment_id`),
  KEY `notify_collection_id` (`notify_collection_id`)
) ENGINE=InnoDB DEFAULT CHARSET=latin1;






CREATE TABLE `notify_collection` (
  `notify_collection_id` int(10) unsigned NOT NULL AUTO_INCREMENT,
  `notify_table_name` varchar(20) NOT NULL,
  `notify_title` varchar(300) NOT NULL,
  `notify_message` text NOT NULL,
  `notify_icon` varchar(100) NOT NULL,
  `notify_color` varchar(20) NOT NULL,
  `notify_date` datetime NOT NULL,
  PRIMARY KEY (`notify_collection_id`)
) ENGINE=InnoDB AUTO_INCREMENT=3 DEFAULT CHARSET=latin1;


INSERT INTO notify_collection VALUES
("1","staff","RESULT SUBMISSION","<p>Good evening everyone</p><p>I want to appreciate our teacher who have submitted their result....you all did a great job.</p><p>To those who are yet to submit their result please ensure you do that before 5th April,2022 so your children report sheet would be printed and ready for collection before 8th April 2022.</p><p>Form teachers should please input their children attendance and make out their behavior from the result summary session shown in your dashboard.</p><p>Best regards.</p><p>ADMIN</p><p><br></p><p><br></p><p><br></p>","fa fa-diamond","noti-info","2022-03-31 21:49:21");




CREATE TABLE `order_scratch_card` (
  `order_scratch_card_id` int(10) unsigned NOT NULL AUTO_INCREMENT,
  `transaction_id` varchar(20) NOT NULL,
  `number_bought` int(10) unsigned NOT NULL,
  `amount` varchar(20) NOT NULL,
  `status` varchar(20) NOT NULL,
  `payment_mode` varchar(5) NOT NULL,
  `date_bought` datetime NOT NULL,
  PRIMARY KEY (`order_scratch_card_id`),
  UNIQUE KEY `transaction_id` (`transaction_id`),
  KEY `mode` (`status`)
) ENGINE=InnoDB DEFAULT CHARSET=latin1;






CREATE TABLE `other_fees_cat` (
  `other_fees_cat_id` int(11) NOT NULL AUTO_INCREMENT,
  `other_fees_cat_name` varchar(200) NOT NULL,
  `date_added` datetime NOT NULL DEFAULT current_timestamp(),
  PRIMARY KEY (`other_fees_cat_id`),
  KEY `other_fees_cat_name` (`other_fees_cat_name`(191))
) ENGINE=InnoDB DEFAULT CHARSET=utf8mb4;






CREATE TABLE `other_fees_subcat` (
  `other_fees_subcat_id` int(11) NOT NULL AUTO_INCREMENT,
  `other_fees_cat_id` int(11) NOT NULL,
  `other_fees_subcat_name` varchar(200) NOT NULL,
  `other_fees_subcat_amount` varchar(200) NOT NULL,
  `date_added` datetime NOT NULL DEFAULT current_timestamp(),
  PRIMARY KEY (`other_fees_subcat_id`),
  KEY `other_fees_cat_id` (`other_fees_cat_id`)
) ENGINE=InnoDB DEFAULT CHARSET=utf8mb4;






CREATE TABLE `other_fees_subcat_payment` (
  `other_fees_subcat_payment_id` int(11) NOT NULL AUTO_INCREMENT,
  `student_id` int(11) NOT NULL,
  `transaction_id` varchar(20) NOT NULL,
  `other_fees_subcat_id` int(11) NOT NULL,
  `amount_paid` decimal(15,2) NOT NULL,
  `other_fees_delete` tinyint(4) NOT NULL DEFAULT 0,
  `sessions` varchar(15) NOT NULL,
  `terms` varchar(15) NOT NULL,
  `date_added` datetime NOT NULL DEFAULT current_timestamp(),
  PRIMARY KEY (`other_fees_subcat_payment_id`),
  KEY `student_id` (`student_id`),
  KEY `other_fees_subcat_id` (`other_fees_subcat_id`),
  KEY `sessions` (`sessions`,`terms`),
  KEY `transaction_id` (`transaction_id`),
  KEY `other_fees_delete` (`other_fees_delete`)
) ENGINE=InnoDB DEFAULT CHARSET=utf8mb4;






CREATE TABLE `parent_student_school` (
  `parent_student_school_id` int(11) NOT NULL AUTO_INCREMENT,
  `parent_id` int(11) NOT NULL,
  `student_id` int(11) NOT NULL,
  `school_id` int(11) NOT NULL,
  PRIMARY KEY (`parent_student_school_id`)
) ENGINE=InnoDB AUTO_INCREMENT=59 DEFAULT CHARSET=latin1;


INSERT INTO parent_student_school VALUES
("1","1","15","189"),
("2","2","16","189"),
("3","3","17","189"),
("4","4","18","189"),
("5","5","19","189"),
("6","6","20","189"),
("7","7","21","189"),
("8","8","22","189"),
("9","9","23","189"),
("10","10","24","189"),
("11","11","25","189"),
("14","14","28","189"),
("15","15","29","189"),
("16","16","30","189"),
("17","17","31","189"),
("18","18","32","189"),
("19","19","33","189"),
("20","20","1","188"),
("21","21","2","188"),
("22","22","3","188"),
("23","23","5","188"),
("24","24","6","188"),
("25","25","7","188"),
("26","26","8","188"),
("27","27","9","188"),
("28","28","10","188"),
("29","29","11","188"),
("30","30","12","188"),
("31","31","13","188"),
("32","32","14","188"),
("33","33","15","188"),
("34","34","16","188"),
("35","35","17","188"),
("36","36","18","188"),
("37","37","19","188"),
("38","38","20","188"),
("39","18","21","188"),
("40","39","22","188"),
("41","40","23","188"),
("42","41","24","188"),
("43","22","28","188"),
("44","42","35","189"),
("45","43","2","189"),
("46","44","4","189"),
("47","45","7","189"),
("48","45","8","189"),
("49","46","9","189"),
("50","47","10","189"),
("51","48","11","189"),
("52","49","13","189"),
("53","50","14","189"),
("54","51","1","189"),
("56","12","26","189"),
("57","12","27","189"),
("58","42","104","188");




CREATE TABLE `parents` (
  `parent_id` int(11) NOT NULL AUTO_INCREMENT,
  `user_key` varchar(100) DEFAULT NULL,
  `school_id` int(11) NOT NULL,
  `parent_name` varchar(200) NOT NULL,
  `serial_number` varchar(100) NOT NULL,
  `pass` char(255) NOT NULL,
  `first_password` varchar(200) NOT NULL,
  `new_password` varchar(255) NOT NULL,
  `email` varchar(200) NOT NULL,
  `main_phonenumber` bigint(20) NOT NULL,
  `phone_number2` bigint(20) NOT NULL,
  `phone_number3` bigint(20) NOT NULL,
  `occupation` varchar(200) NOT NULL,
  `home_address` text NOT NULL,
  `office_address` text NOT NULL,
  `state_origin` varchar(200) NOT NULL,
  `religion` varchar(200) NOT NULL,
  `local_govt` varchar(200) NOT NULL,
  `country` varchar(200) NOT NULL,
  `sent_serial_pass_sms` char(3) NOT NULL,
  `login_attempt` int(11) NOT NULL,
  `login_last_time` int(11) unsigned NOT NULL,
  `forget_token` varchar(200) NOT NULL,
  `activation` varchar(50) NOT NULL,
  `date_created` datetime NOT NULL DEFAULT current_timestamp(),
  PRIMARY KEY (`parent_id`),
  UNIQUE KEY `user_key` (`user_key`),
  KEY `activation` (`activation`),
  KEY `sent_serial_pass_sms` (`sent_serial_pass_sms`),
  KEY `religion` (`religion`),
  KEY `date_created` (`date_created`)
) ENGINE=InnoDB AUTO_INCREMENT=52 DEFAULT CHARSET=latin1;


INSERT INTO parents VALUES
("1","11892e12cc75","189","MR AND MRS ABENG","P/21/0001","$2y$10$XozLfox0z03BikeN58KC9.IRN.AwHMGwi4fCfaulChVOcwkAi4Tn.","zeonglobal","zeonglobal","","2348101212515","0","0","BUSINESS","A/IBOM","","AKWA IBOM","CHRISTIANITY","","NIGERIA","","0","0","","activated","2021-12-15 13:47:24"),
("2","21898e440a0d","189","MR AND MRS ABRAHAM","P/21/0002","$2y$10$1IXOMX9y.P1i7Txlw9jcd.T3tlUHfWSMBTlQ767Hr0XsqfHLjZ85W","zeonglobal","zeonglobal","","2348060994192","0","0","BUSINESS","KOGI","","KOGI","CHRISTIANITY","","NIGERIA","","0","0","","activated","2021-12-15 13:49:18"),
("3","3189e0ce7f1d","189","MR AND MRS EMMANUEL","P/21/0003","$2y$10$lpZAJinFl6mPphO5RWsMQOEby2E.4CDUtT5sZa.EcCdmsEBjt0YMO","zeonglobal","zeonglobal","","2347017148871","0","0","BUSINESS","KOGI","","KOGI","CHRISTIANITY","","NIGERIA","","0","0","","activated","2021-12-15 13:50:49"),
("4","418982f470f8","189","MR AND MRS IBRAHIM","P/21/0004","$2y$10$yOtxkE1AmghXvxs61wG8U.k753Gzaq.oJ5sFYzEDuFpl0T1/mDUii","zeonglobal","zeonglobal","","2348026943687","0","0","BUSINESS","KADUNA","","KADUNA","CHRISTIANITY","","NIGERIA","","0","0","","activated","2021-12-15 13:53:22"),
("5","51899b3f2579","189","MR AND MRS ISIBOR","P/21/0005","$2y$10$O35lW.oBFZgAuEvzyT/8Aetu4E/YLlQXP83cpukU9YegaEVQ1KX2q","zeonglobal","zeonglobal","","2348057916612","0","0","BUSINESS","DELTA","","DELTA","CHRISTIANITY","","NIGERIA","","0","0","","activated","2021-12-15 13:55:04"),
("6","618987f19a1d","189","MR AND MRS JOHN","P/21/0006","$2y$10$ee7Dx09i18FhtlmmKDlLXubkGeqUEOT1NZrfFd86Jlbj0n9xrtjvW","zeonglobal","zeonglobal","","2348034009323","0","0","BUSINESS","ONDO","","ONDO","CHRISTIANITY","","NIGERIA","","0","0","","activated","2021-12-15 13:56:43"),
("7","71896dd46256","189","MR AND MRS JOSEPH","P/21/0007","$2y$10$ecfcD9p8.39IWfcgpvCaceKEcckeZ6enlP6TEoEuueUIC5VdRLq56","zeonglobal","zeonglobal","","2348059102613","0","0","BUSINESS","DUTSE","","JIGAWA","CHRISTIANITY","","NIGERIA","","0","0","","activated","2021-12-15 14:01:19"),
("8","81893787b398","189","MR AND MRS KADI-MALA","P/21/0008","$2y$10$DYAoY4mUcy/pJi3TRAE7LOOwdysgmrxcaSkaZ8SdSNd5DyZV7r3xu","zeonglobal","zeonglobal","","2348080072271","0","0","BUSINESS","KANO","","KANO","CHRISTIANITY","","NIGERIA","","0","0","","activated","2021-12-15 14:03:37"),
("9","9189c9f265fb","189","MR AND MRS OKALAENWE","P/21/0009","$2y$10$NtQDOCGYRa/GWGV6UJVpQ.30FzPJ.V4AzchP2/QqB.tqiee3J2S3K","zeonglobal","zeonglobal","","2348036789652","0","0","BUSINESS","ANAMBRA","","ANAMBRA","CHRISTIANITY","","NIGERIA","","0","0","","activated","2021-12-15 15:24:23"),
("10","10189dbfae187","189","MR AND MRS OKPE","P/21/0010","$2y$10$sHEudmUw6ZvwGsdFv98FDengCA0ygqCDMcwib6C6mXraEH36OsBEa","zeonglobal","zeonglobal","","2347067317727","0","0","BUSINESS","BENUE","","BENUE","CHRISTIANITY","","NIGERIA","","0","0","","deactivated","2021-12-15 15:27:31"),
("11","111891787433c","189","MR AND MRS NWANTA","P/21/0011","$2y$10$rWEaQXhg1F5mstsE56u4KOuxAnS9OdCXPslQEMuGFbCffpUTbHiKK","zeonglobal","zeonglobal","","2348130414764","0","0","BUSINESS","ANAMBRA","","ANAMBRA","CHRISTIANITY","","NIGERIA","","0","0","","activated","2021-12-15 15:29:25"),
("12","12189e696217c","189","CHIEF AND MRS EMMANUEL AZUBUIKE","P/21/0012","$2y$10$xSOn3E1.xxWd5MVEwbQGTeU.2QrFR/NFhBL7XAn3fJUX40SOMqOjG","zeonglobal","zeonglobal","","2348125133326","2348039606378","0","BUSINESS","KUBWA","","IMO","Christianity","","NIGERIA","","0","0","","activated","2021-12-15 21:39:53"),
("14","1418991bde5eb","189","MR AND MRS OFEM BISONG","P/21/0014","$2y$10$2Ny4JjoyFFoVFHoTkSa3DOB/lWVrrk6K/BX6Et5QldEDN3CawKwBG","zeonglobal","zeonglobal","","2348137091247","0","0","BUSINESS","KUBWA","","CROSS RIVER","Christianity","","NIGERIA","","0","0","","activated","2021-12-15 22:58:46"),
("15","151890995c9ee","189","MR AND MRS IDRIS DAUDA MAHMOOD","P/21/0015","$2y$10$KHyYsLE//Ogu8eKIs8qdUOxQV3oZQFiWioME//bdP/0OHH2QV7Fwe","zeonglobal","zeonglobal","","2348065576581","0","0","BUSINESS","PHASE 4","","NASARAWA","Islam","","NIGERIA","","0","0","","activated","2021-12-15 23:03:40"),
("16","16189a8d512f3","189","MR AND MRS PAUL-WEST IDUHON","P/21/0016","$2y$10$DYnfxY/mR7K2DeaRNluKXemjoqD2UBe8kvoPWjJlffV/k2z1UXS7K","zeonglobal","zeonglobal","","2348142485051","0","0","BUSINESS","NEW SITE","","DELTA","Christianity","","NIGERIA","","0","0","","activated","2021-12-15 23:10:14"),
("17","171892ad9bf21","189","MR AND MRS NWOKORO BONIFACE","P/21/0017","$2y$10$E6tQdZ2Lak/Kdzt6YoD7jeHjJVhElRWCpbJ0wKrFDZ52Mz6ZT9f76","zeonglobal","zeonglobal","","2348063692018","0","0","BUSINESS","KUBWA","","IMO","Christianity","","NIGERIA","","0","0","","activated","2021-12-15 23:17:11"),
("18","18189609562bd","189","MR AND MRS OKPE-AJI","P/21/0018","$2y$10$vWuFq7gVAnQMLeT9FvJuruie7KLsuNPDkyhx0FAU8WLXvqBGXQ7be","zeonglobal","zeonglobal","","2347131617727","0","0","BUSINESS","KUBWA","","BENUE","CHRISTIANITY","","NIGERIA","","0","0","","activated","2021-12-15 23:20:08"),
("19","19189c5637be1","189","QS AND MRS MICHAEL UWADA","P/21/0019","$2y$10$DnKpuUasFLc6px.dlE8s/uO/m07WoCJku8OkFGFF9LLip3O0Mq0TG","zeonglobal","zeonglobal","","2348036020427","0","0","BUSINESS","KUBWA","","KOGI","Christianity","","NIGERIA","","0","0","","activated","2021-12-15 23:27:18"),
("20","20188b63771d3","188","MR AND MRS UMAR","P/21/0020","$2y$10$.NuUjyU4l1r0H6wStLTWye0dq2Ci4u/J/Bu1LWZ.HmUMT3lygDcjW","zeonglobal","zeonglobal","","2348059690869","0","0","CIVIL SERVANT","KUBWA","","FCT","ISLAM","","NIGERIA","","0","0","","activated","2021-12-16 10:25:20"),
("21","211880e4deb40","188","MR AND MRS SAFIRU","P/21/0021","$2y$10$nSa/HW/ux2CymQhxgoVlD.hWkLaDFvd73vMV3xSkC9fBNsXd0fS6O","zeonglobal","zeonglobal","","2348038881737","2348036884113","0","CIVIL SERVANT","FLAT 4 AGUWARA CLOSE,  2/1 ,KUBWA","","EDO","Islam","","NIGERIA","","0","0","","activated","2021-12-16 10:30:09"),
("22","22188144f8615","188","MR AND MRS OLONINIYI","P/21/0022","$2y$10$2KldZ87af0X.I9lO6rjO5uTmiTlBJdDZi8pcLxCIwskvKuDjJwwI.","zeonglobal","zeonglobal","","2348038133905","0","0","CIVIL SERVANT","KUBWA","","FCT","CHRISTIANITY","","NIGERIA","","0","0","","activated","2021-12-16 10:52:06"),
("23","23188f7d21ff9","188","MR AND MRS NMERUBULE","P/21/0023","$2y$10$2ypnyyqbEzg4LtgOv8wxNeLcXQSsG3LgR0dbIQr6CqXEIv7xOInPa","zeonglobal","zeonglobal","","2348055458228","0","0","CIVIL SERVANT","KUBWA","","FCT","CHRISTIANITY","","NIGERIA","","0","0","","activated","2021-12-16 11:03:40"),
("24","241885e53a7c7","188","MR AND MRS BAKO MOHAMMED","P/21/0024","$2y$10$X0ky.oiGh3hyGu3MtzZdsOnmXyC8wjijwDpTGo9Jys9OinPZs36Rq","zeonglobal","zeonglobal","","2348033155690","0","0","BUSINESS","NEAR YORUBA MOSQUE, 2/1, KUBWA","","BAUCHI","Islam","","NIGERIA","","0","0","","activated","2021-12-16 11:14:07"),
("25","251886e1b1280","188","MR AND MRS IJANBOH","P/21/0025","$2y$10$agyODXy41B6BUfwKdFYqCuTPvFQCJZZMSRJQFF.dekraeYrrfFQL2","zeonglobal","zeonglobal","","2347036106716","0","0","CIVIL SERVANT","KUBWA","","FCT","CHRISTIANITY","","NIGERIA","","0","0","","activated","2021-12-16 11:19:37"),
("26","26188d35e2459","188","MR AND MRS DABAI","P/21/0026","$2y$10$Z.vVuRawfmAC4ZMySqPKdOSlZfylLzxeqIhN1VLMIKCsMxfUhBDH6","zeonglobal","zeonglobal","","2347030518359","0","0","BUSINESS","KUBWA","","FCT","CHRISTIANITY","","NIGERIA","","0","0","","activated","2021-12-16 11:27:05"),
("27","271884693d392","188","MR AND MRS OKANLAWON","P/21/0027","$2y$10$W5hXPjbU4Zkreh00C/p/M.Xo3qOfOkkAARYnPWU1Zy8r.EBr/cJuC","zeonglobal","zeonglobal","","2348065358631","0","0","BUSINESS","KUBWA","","FCT","CHRISTIANITY","","NIGERIA","","0","0","","activated","2021-12-16 11:32:51"),
("28","281889d519e2f","188","MR AND MRS OGBUANI","P/21/0028","$2y$10$8b6M.KcILC5yLIA7rjhoTeZbxRoUi7olb2fcRwi9hQeodL0jCQkm.","zeonglobal","zeonglobal","","2349018769848","0","0","CIVIL SERVANT","KUBWA","","FCT","Christianity","","NIGERIA","","0","0","","activated","2021-12-16 11:39:16"),
("29","29188396707e2","188","MR AND MRS JOHNSON","P/21/0029","$2y$10$PWX02fO5ustJCU9jBazSCe.R0H2wYlS8rfNVB9jbwvkVmcjVNRj5G","zeonglobal","zeonglobal","","2348062656459","0","0","BUSINESS","KUBWA","","FCT","CHRISTIANITY","","NIGERIA","","0","0","","activated","2021-12-16 11:43:05"),
("30","301881405ea65","188","MR AND MRS NOATAM","P/21/0030","$2y$10$hz/z7d/gh184h/vtKL.QzeR.5A6sL0C7w1gYwRJs6AiMs0YqQCcWi","zeonglobal","zeonglobal","","2348055500535","0","0","BUSINESS","KUBWA","","FCT","CHRISTIANITY","","NIGERIA","","0","0","","activated","2021-12-16 11:50:38"),
("31","31188ff7d59fc","188","MR AND MRS OKECHUKWU","P/21/0031","$2y$10$WWyrJDd71hI2LUvCrep99.5a/FGS.0Edp7qXHkU7EOJ1TDcSDz3ja","zeonglobal","zeonglobal","","2348093280210","0","0","BUSINESS","KUBWA","","FCT","CHRISTIANITY","","NIGERIA","","0","0","","activated","2021-12-16 11:53:15"),
("32","32188035afc4a","188","MR AND MRS YUSUF","P/21/0032","$2y$10$vtLZN7/Pf7uJDgpwi9DHH.vBhABffAGi7k97mFII17k.qtAP/rNR2","zeonglobal","zeonglobal","","2348116687289","0","0","BUSINESS","KUBWA","","FCT","CHRISTIANITY","","NIGERIA","","0","0","","activated","2021-12-16 11:56:05"),
("33","33188c0820ea6","188","MR AND MRS AJIS","P/21/0033","$2y$10$bhMj/ATU9ioEFpag3EZUzeFUpkIemjbqcA4yuDptsUr4SSEwEdTgS","zeonglobal","zeonglobal","","2349044357588","0","0","PASTOR","2/1 FUTURE ROAD,  KUBWA","","KOGI","CHRISTIANITY","","NIGERIA","","0","0","","activated","2021-12-16 12:03:00"),
("34","341889307cf45","188","MR AND MRS AKANNYERE","P/21/0034","$2y$10$rdCQ7Cd5f2Q7iFUJ3jABt.DmFXYKfepJC1lNWT/7/09jSo2lClppm","zeonglobal","zeonglobal","","2348036487194","0","0","BUSINESS","KUBWA","","FCT","CHRISTIANITY","","NIGERIA","","0","0","","activated","2021-12-16 12:06:15"),
("35","3518829d5c146","188","MR AND MRS ALITA","P/21/0035","$2y$10$WfKVlfDi/8y9EZbKRPR7GujbEawbEdzSAPAJ0KLyGdlfTvCogIzcK","zeonglobal","zeonglobal","","2348100387421","0","0","BUSINESS","KUBWA","","FCT","CHRISTIANITY","","NIGERIA","","0","0","","activated","2021-12-16 12:09:43"),
("36","3618865b0de4c","188","MR AND MRS ABDULLAHI","P/21/0036","$2y$10$UaFscfpNhKOAdJNSuo6bO.cq.mYUWuiy1rINgYem/9pyffkOwdq8G","zeonglobal","zeonglobal","","2348039382659","0","0","BUSINESS","KUBWA","","FCT","CHRISTIANITY","","NIGERIA","","0","0","","activated","2021-12-16 12:14:24"),
("37","371883155e5b9","188","MR AND MRS KALU","P/21/0037","$2y$10$yGFTuZDLWv3TL4g5ij1stuzanrZt4y2.6SPD5hxoJLGZdGNCkDDN.","zeonglobal","zeonglobal","","2348036140102","0","0","BUSINESS","KUBWA","","FCT","CHRISTIANITY","","NIGERIA","","0","0","","activated","2021-12-16 12:30:26"),
("38","381884dcbcb96","188","MR AND MRS NNAJIOFOR","P/21/0038","$2y$10$efbOIQhqX1Pj1h8hxSG2S..iYpZq4xsOA./.xfFu.J8eZjkTzWsWi","zeonglobal","zeonglobal","","2348033419769","0","0","BUSINESS","KUBWA","","FCT","CHRISTIANITY","","NIGERIA","","0","0","","activated","2021-12-16 12:33:59"),
("39","39188df02767b","188","MR AND MRS UBADIGBO","P/21/0039","$2y$10$Tz0QYCYaRJYsY/mKR4SJDOmygLDcQpjGiZCByXTCydx.ABazzUAXG","zeonglobal","zeonglobal","","2348131120311","0","0","BUSINESS","KUBWA","","FCT","CHRISTIANITY","","NIGERIA","","0","0","","activated","2021-12-16 12:38:52"),
("40","4018888ecc0f6","188","MR AND MRS EJILA","P/21/0040","$2y$10$fI268bvW2ieuyM7FjuU6sePRqqiEF/wOL9Gnlqaj5Nc6lgxsejjOO","zeonglobal","zeonglobal","","2348031103377","0","0","BUSINESS","KUBWA","","FCT","CHRISTIANITY","","NIGERIA","","0","0","","activated","2021-12-16 12:40:48"),
("41","41188edd222d5","188","MR AND MRS EDUAIKA","P/21/0041","$2y$10$dcTBEI.DNRrScuuVJSiqKOBM9tVQdtq9ahaSQ44KDmmypRm9r1BV6","zeonglobal","zeonglobal","","2348032719327","0","0","BUSINESS","KUBWA","","FCT","CHRISTIANITY","","NIGERIA","","0","0","","activated","2021-12-16 12:46:55"),
("42","421899d395608","189","MR AND MRS ABIAZIEM","P/22/0001","$2y$10$ItJdLjdDc/qglLp7dLGL5urS/u6K/09qJkpCrBmdMYoUg3LT21WAi","zeonglobal","zeonglobal","","2348037004321","0","0","BUISNESS OWNER","2/1 LAGOS STREET BY SHARMA WATER, KUBWA","","IMO","Christianity","","NIGERIA","","0","0","","activated","2022-02-21 11:33:28"),
("43","4318931b2e127","189","MR AND MRS ABDULRAZAQ","P/22/0002","$2y$10$HscT0WEb9xmjybr4EtwbZOnP6/BK9KkBLbSsDR/sNHbZcR1h0uwhC","zeonglobal","zeonglobal","","2348037010389","0","0","BUISNESS","FUTURE ROAD, 2/1 KUBWA","","KOGI","Islam","","NIGERIA","","0","0","","activated","2022-02-21 12:01:56"),
("44","4418983e53e8b","189","MR AND MRS FANIBE","P/22/0003","$2y$10$Ew7he7ifhvD.FyENkdjaA.Mi9k1s2CQ10.dMzzbryDa9PtONggwXu","zeonglobal","zeonglobal","","2348035025150","0","0","PASTOR","BEHIND NPA QTRS 2/1 KUBWA","","OSUN","Christianity","","NIGERIA","","0","0","","activated","2022-02-21 12:04:00"),
("45","451898ab82343","189","MR AND MR ISAAC","P/22/0004","$2y$10$GTCqWrsp9tWKG4QXSeSXt.H..LNxNwD55jNLe.xWu3zxS.wEcqOYe","zeonglobal","zeonglobal","","2348065684452","0","0","BUISNESS","LAGOS STREET BY SHARMA 2/1, KUBWA","","BENUE","Christianity","","NIGERIA","","0","0","","activated","2022-02-21 12:06:44"),
("46","46189d448c5a8","189","DR AND MRS IYAH IYAH","P/22/0005","$2y$10$oUpCZZvc29ft/Tx2npmNYeU5q/ppr5P273W2bRQLfJ2BYGBMrwpzu","zeonglobal","zeonglobal","","2348031105377","0","0","LECTURING","LAGOS STREET 2/1 KUBWA","","BENUE","Christianity","","NIGERIA","","0","0","","activated","2022-02-21 12:09:54"),
("47","4718944d92d94","189","MR AND MRS JUSTINE","P/22/0006","$2y$10$DB3ae8A4m0yJImQP7uO.4e2R2YjWIQ5Eut7ge1V5ekfWGpGjzl8v6","zeonglobal","zeonglobal","","2348055070344","0","0","BUISNESS","PLOT 126 EXTENSION 3 PHASE 3, WAZOBIA KUBWA","","ADAMAWA","Christianity","","NIGERIA","","0","0","","activated","2022-02-22 14:35:36"),
("48","4818992294767","189","MR AND MRS OGWUCHE","P/22/0007","$2y$10$H15WsGlreekrEmwx6R8yh.fliNGThskNXhp5weU6wT5GCHZrPkF3e","zeonglobal","zeonglobal","","2348057329887","0","0","CIVIL SERVANT","DANGELINK BEHIND NPA QTRS, SITE 3 KUBWA","","BENUE","Christianity","","NIGERIA","","0","0","","activated","2022-02-22 14:38:29"),
("49","491895b95fb9f","189","MR AND MRS MAIGIDA","P/22/0008","$2y$10$mez2SK7rirDa2/KsZsJkeOyKoyyp3AEe8lHveOZB7UW3jkCibbtve","zeonglobal","zeonglobal","","2348055274216","0","0","CIVIL SERVANT","SHONGO ROAD NO 7, PHASE 4 KUBWA","","KADUNA","Christianity","","NIGERIA","","0","0","","activated","2022-02-22 14:42:07"),
("50","50189efc3fec3","189","MR AND MRS USMAN","P/22/0009","$2y$10$phI3D8VYM1yimHVyTqMpDukQSJMg2RvkRFmWz5PDGl16yM84ZBkya","zeonglobal","zeonglobal","","2347068878883","0","0","BUISNESS","NPA QRTS 2/1 SITE 2 KUBWA.","","KADUNA","Islam","","NIGERIA","","0","0","","activated","2022-02-22 14:44:53"),
("51","51189228c0916","189","MR AND MRS ABIAZIEM S","P/22/0010","$2y$10$ic.VNZ6KIhvaaQoU2Zi8OO.lKOdIUKdjBDJHLQ.Rn6uOCtrsbFtye","zeonglobal","zeonglobal","","2348068008652","0","0","CONTRACTOR","SOUTH SIDE 2/1 WAZOBIA KUBWA","","IMO","Christianity","","NIGERIA","","0","0","","activated","2022-02-25 10:47:44");




CREATE TABLE `plans` (
  `plan_id` int(11) NOT NULL AUTO_INCREMENT,
  `plan_name` varchar(100) NOT NULL,
  `amount` decimal(15,2) NOT NULL,
  `date_added` datetime NOT NULL,
  PRIMARY KEY (`plan_id`)
) ENGINE=InnoDB DEFAULT CHARSET=latin1;






CREATE TABLE `print_slip_dates` (
  `print_slip_dates_id` int(11) NOT NULL AUTO_INCREMENT,
  `type` varchar(30) NOT NULL,
  `date_printed` date NOT NULL,
  PRIMARY KEY (`print_slip_dates_id`)
) ENGINE=InnoDB DEFAULT CHARSET=latin1;






CREATE TABLE `push_subscriptions` (
  `push_subscriptions_id` int(11) NOT NULL AUTO_INCREMENT,
  `endpoint` varchar(500) NOT NULL,
  `p256dh` varchar(500) NOT NULL,
  `auth` varchar(500) NOT NULL,
  `date_created` datetime NOT NULL DEFAULT current_timestamp(),
  `user_id` int(11) NOT NULL,
  `school_id` int(11) NOT NULL,
  `table_name` varchar(100) NOT NULL,
  `user_key` varchar(100) NOT NULL,
  `browser_token` char(32) NOT NULL,
  PRIMARY KEY (`push_subscriptions_id`),
  KEY `user_id` (`user_id`),
  KEY `school_id` (`school_id`),
  KEY `table_name` (`table_name`),
  KEY `user_key` (`user_key`),
  KEY `browser_token` (`browser_token`)
) ENGINE=InnoDB DEFAULT CHARSET=latin1;






CREATE TABLE `question_bank` (
  `question_bank_id` int(11) NOT NULL AUTO_INCREMENT,
  `question_bank_title` varchar(30) NOT NULL,
  `class_id` int(11) NOT NULL,
  `subject_id` int(11) NOT NULL,
  `question_bank_type` varchar(20) NOT NULL,
  `date_added` datetime NOT NULL DEFAULT current_timestamp(),
  PRIMARY KEY (`question_bank_id`),
  KEY `class_id` (`class_id`),
  KEY `subject_id` (`subject_id`)
) ENGINE=InnoDB DEFAULT CHARSET=utf8;






CREATE TABLE `question_lead` (
  `question_lead_id` int(11) NOT NULL AUTO_INCREMENT,
  `question_bank_id` int(11) NOT NULL,
  `question_lead_title` varchar(300) NOT NULL,
  `question_lead_description` text NOT NULL,
  `question_lead_dir` varchar(500) NOT NULL,
  `google_drive_id` varchar(200) NOT NULL,
  `question_lead_embed_dir` varchar(300) NOT NULL,
  `question_lead_thumb_dir` varchar(300) NOT NULL,
  `date_added` datetime NOT NULL DEFAULT current_timestamp(),
  PRIMARY KEY (`question_lead_id`),
  KEY `question_bank_id` (`question_bank_id`)
) ENGINE=InnoDB DEFAULT CHARSET=utf8;






CREATE TABLE `question_options` (
  `question_options_id` int(11) NOT NULL AUTO_INCREMENT,
  `question_id` int(11) NOT NULL,
  `google_drive_id` varchar(200) NOT NULL,
  `option_text` varchar(500) NOT NULL,
  `option_dir` varchar(300) NOT NULL,
  `option_embed_dir` varchar(300) NOT NULL,
  `option_thumb_dir` varchar(200) NOT NULL,
  `answer` tinyint(4) NOT NULL,
  `date_added` datetime NOT NULL DEFAULT current_timestamp(),
  PRIMARY KEY (`question_options_id`),
  KEY `question_id` (`question_id`)
) ENGINE=InnoDB DEFAULT CHARSET=utf8mb4;






CREATE TABLE `questions` (
  `question_id` int(11) NOT NULL AUTO_INCREMENT,
  `question_bank_id` int(11) NOT NULL,
  `question_lead_id` int(11) NOT NULL,
  `google_drive_id` varchar(200) NOT NULL,
  `correct_answer` int(11) NOT NULL,
  `incorrect_answer` int(11) NOT NULL,
  `question_type` varchar(30) NOT NULL,
  `question_text` text NOT NULL,
  `question_dir` varchar(500) NOT NULL,
  `question_embed_dir` varchar(200) NOT NULL,
  `question_thumb_dir` varchar(200) NOT NULL,
  `date_added` datetime NOT NULL DEFAULT current_timestamp(),
  PRIMARY KEY (`question_id`),
  KEY `question_bank_id` (`question_bank_id`),
  KEY `question_lead_id` (`question_lead_id`)
) ENGINE=InnoDB DEFAULT CHARSET=utf8;






CREATE TABLE `received_students` (
  `received_students_id` int(11) NOT NULL AUTO_INCREMENT,
  `old_student_id` int(11) NOT NULL,
  `new_student_id` int(11) NOT NULL,
  `parent_id` int(11) NOT NULL,
  `student_name` varchar(300) NOT NULL,
  `class_id` int(11) NOT NULL,
  `old_class_name` varchar(100) NOT NULL,
  `new_class_name` varchar(100) NOT NULL,
  `old_serial_number` varchar(30) NOT NULL,
  `new_serial_number` varchar(30) NOT NULL,
  `school_id` int(11) NOT NULL,
  `database_name` varchar(300) NOT NULL,
  `status` varchar(20) NOT NULL,
  `date_created` datetime NOT NULL,
  PRIMARY KEY (`received_students_id`),
  KEY `status` (`status`)
) ENGINE=InnoDB DEFAULT CHARSET=latin1;






CREATE TABLE `remark_result` (
  `remark_result_id` int(10) unsigned NOT NULL AUTO_INCREMENT,
  `remark_result_name` varchar(300) NOT NULL,
  `class_id` int(10) unsigned NOT NULL,
  `terms` varchar(20) NOT NULL,
  `activation` varchar(20) NOT NULL DEFAULT 'activated',
  PRIMARY KEY (`remark_result_id`),
  KEY `class_id` (`class_id`),
  KEY `activation` (`activation`)
) ENGINE=InnoDB DEFAULT CHARSET=latin1;






CREATE TABLE `remark_result_cat` (
  `remark_result_cat_id` int(10) unsigned NOT NULL AUTO_INCREMENT,
  `remark_result_id` int(10) unsigned NOT NULL,
  `remark_result_cat_name` varchar(300) NOT NULL,
  `date_created` datetime NOT NULL DEFAULT current_timestamp(),
  PRIMARY KEY (`remark_result_cat_id`),
  KEY `remark_result_id` (`remark_result_id`),
  KEY `date_created` (`date_created`)
) ENGINE=InnoDB DEFAULT CHARSET=latin1;






CREATE TABLE `remark_result_column` (
  `remark_result_column_id` int(10) unsigned NOT NULL AUTO_INCREMENT,
  `remark_result_id` int(10) unsigned NOT NULL,
  `remark_result_column_name` varchar(300) NOT NULL,
  PRIMARY KEY (`remark_result_column_id`),
  KEY `remark_result_id` (`remark_result_id`)
) ENGINE=InnoDB DEFAULT CHARSET=latin1;






CREATE TABLE `remark_result_mark` (
  `remark_result_mark_id` int(10) unsigned NOT NULL AUTO_INCREMENT,
  `remark_result_id` int(10) unsigned NOT NULL,
  `grade_from` int(11) NOT NULL,
  `grade_to` int(11) NOT NULL,
  `remark_result_mark_name` varchar(300) NOT NULL,
  `remark_result_mark_desc` varchar(500) NOT NULL,
  PRIMARY KEY (`remark_result_mark_id`),
  KEY `remark_result_id` (`remark_result_id`)
) ENGINE=InnoDB DEFAULT CHARSET=latin1;






CREATE TABLE `remark_result_student` (
  `remark_result_student_id` int(10) unsigned NOT NULL AUTO_INCREMENT,
  `student_id` int(10) unsigned NOT NULL,
  `class_id` int(10) unsigned NOT NULL,
  `subclass_id` int(10) unsigned NOT NULL,
  `remark_result_id` int(10) unsigned NOT NULL,
  `remark_result_cat_id` int(10) unsigned NOT NULL,
  `remark_result_subcat_id` int(10) unsigned NOT NULL,
  `remark_result_column_id` int(10) unsigned NOT NULL,
  `remark_result_mark_id` int(10) unsigned NOT NULL,
  `class_name` varchar(300) NOT NULL,
  `subclass_name` varchar(300) NOT NULL,
  `remark_result_name` varchar(300) NOT NULL,
  `remark_result_cat_name` varchar(300) NOT NULL,
  `remark_result_subcat_name` varchar(300) NOT NULL,
  `remark_result_column_name` varchar(300) NOT NULL,
  `remark_result_mark_name` varchar(300) NOT NULL,
  `remark_result_mark_desc` varchar(500) NOT NULL,
  `score` int(11) DEFAULT NULL,
  `student_attendance` int(11) DEFAULT NULL,
  `total_attendance` int(11) DEFAULT NULL,
  `form_staff_name` varchar(200) NOT NULL,
  `form_staff_comment` text NOT NULL,
  `principal_name` varchar(200) NOT NULL,
  `principal_comment` text NOT NULL,
  `principal_signature` varchar(400) NOT NULL,
  `scratch_card_number` varchar(16) NOT NULL,
  `next_term_begins` date NOT NULL,
  `status` varchar(20) NOT NULL,
  `publish_result` varchar(20) NOT NULL DEFAULT 'not_published',
  `sessions` varchar(20) NOT NULL,
  `terms` varchar(20) NOT NULL,
  PRIMARY KEY (`remark_result_student_id`),
  KEY `student_id` (`student_id`,`class_id`,`subclass_id`,`remark_result_id`,`remark_result_cat_id`,`remark_result_subcat_id`,`remark_result_column_id`,`remark_result_mark_id`),
  KEY `status` (`status`),
  KEY `publish_result` (`publish_result`)
) ENGINE=InnoDB DEFAULT CHARSET=latin1;






CREATE TABLE `remark_result_subcat` (
  `remark_result_subcat_id` int(10) unsigned NOT NULL AUTO_INCREMENT,
  `remark_result_id` int(10) unsigned NOT NULL,
  `remark_result_cat_id` int(10) unsigned NOT NULL,
  `remark_result_subcat_name` varchar(300) NOT NULL,
  PRIMARY KEY (`remark_result_subcat_id`),
  KEY `remark_result_id` (`remark_result_id`,`remark_result_cat_id`)
) ENGINE=InnoDB DEFAULT CHARSET=latin1;






CREATE TABLE `result_class` (
  `result_class_id` int(11) NOT NULL AUTO_INCREMENT,
  `class_id` int(11) NOT NULL,
  `class_name` varchar(30) NOT NULL,
  `generate_result` varchar(30) NOT NULL,
  `skip_result` varchar(20) NOT NULL,
  `sessions` varchar(20) NOT NULL,
  `terms` varchar(20) NOT NULL,
  PRIMARY KEY (`result_class_id`),
  KEY `class_id` (`class_id`,`generate_result`,`sessions`,`terms`),
  KEY `skip_result` (`skip_result`)
) ENGINE=InnoDB AUTO_INCREMENT=27 DEFAULT CHARSET=latin1;


INSERT INTO result_class VALUES
("1","1","JSS1","generated","not_skipped","2021/2022","1st Term"),
("2","2","JSS2","generated","not_skipped","2021/2022","1st Term"),
("3","3","JSS3","generated","not_skipped","2021/2022","1st Term"),
("4","4","SSS1","generated","not_skipped","2021/2022","1st Term"),
("5","5","SSS2","generated","not_skipped","2021/2022","1st Term"),
("6","6","SSS3","generated","not_skipped","2021/2022","1st Term"),
("7","1","KINDERGARTEN","generated","not_skipped","2021/2022","1st Term"),
("8","2","NURSERY 1","generated","not_skipped","2021/2022","1st Term"),
("9","3","NURSERY 2","generated","not_skipped","2021/2022","1st Term"),
("10","4","NURSERY 3","generated","not_skipped","2021/2022","1st Term"),
("11","5","PRIMARY 1","generated","not_skipped","2021/2022","1st Term"),
("12","6","PRIMARY 2","generated","not_skipped","2021/2022","1st Term"),
("13","7","BASIC 3","generated","not_skipped","2021/2022","1st Term"),
("14","8","BASIC 4","generated","not_skipped","2021/2022","1st Term"),
("15","9","BASIC 5","generated","not_skipped","2021/2022","1st Term"),
("16","10","BASIC 7","generated","not_skipped","2021/2022","1st Term"),
("17","1","KINDERGARTEN","generated","not_skipped","2021/2022","2nd Term"),
("18","2","NURSERY 1","generated","not_skipped","2021/2022","2nd Term"),
("19","3","NURSERY 2","generated","not_skipped","2021/2022","2nd Term"),
("20","4","PLAY GROUP","generated","not_skipped","2021/2022","2nd Term"),
("21","5","BASIC 1","generated","not_skipped","2021/2022","2nd Term"),
("22","6","BASIC 2","generated","not_skipped","2021/2022","2nd Term"),
("23","7","BASIC 3","generated","not_skipped","2021/2022","2nd Term"),
("24","8","BASIC 4","generated","not_skipped","2021/2022","2nd Term"),
("25","9","BASIC 5","generated","not_skipped","2021/2022","2nd Term"),
("26","10","BASIC 6","not_generated","not_skipped","2021/2022","2nd Term");




CREATE TABLE `result_class_score` (
  `result_class_score_id` int(10) unsigned NOT NULL AUTO_INCREMENT,
  `class_id` int(11) unsigned NOT NULL,
  `no_of_ca` int(11) NOT NULL,
  `ca1_total_score` float NOT NULL,
  `ca2_total_score` float NOT NULL,
  `ca3_total_score` float NOT NULL,
  `ca4_total_score` float NOT NULL,
  `ca5_total_score` float NOT NULL,
  `ca6_total_score` float NOT NULL,
  `ca7_total_score` float NOT NULL,
  `ca8_total_score` float NOT NULL,
  `ca9_total_score` float NOT NULL,
  `ca10_total_score` float NOT NULL,
  `exam_total_score` float NOT NULL,
  `total_score` float NOT NULL,
  `ca_name_1` varchar(50) NOT NULL,
  `ca_name_2` varchar(50) NOT NULL,
  `ca_name_3` varchar(50) NOT NULL,
  `ca_name_4` varchar(50) NOT NULL,
  `ca_name_5` varchar(50) NOT NULL,
  `ca_name_6` varchar(50) NOT NULL,
  `ca_name_7` varchar(50) NOT NULL,
  `ca_name_8` varchar(50) NOT NULL,
  `ca_name_9` varchar(50) NOT NULL,
  `ca_name_10` varchar(50) NOT NULL,
  `exam_name` varchar(50) NOT NULL,
  `terms` varchar(10) NOT NULL,
  PRIMARY KEY (`result_class_score_id`),
  KEY `class_id` (`class_id`,`terms`)
) ENGINE=InnoDB AUTO_INCREMENT=31 DEFAULT CHARSET=latin1;


INSERT INTO result_class_score VALUES
("1","1","4","5","5","5","5","0","0","0","0","0","0","80","100","CA 1","CA 2","CA 3","CA 4","CA 5","CA 6","C","C","C","C","EXAM","1st Term"),
("2","1","0","0","0","0","0","0","0","0","0","0","0","100","100","CA 1","CA 2","CA 3","CA 4","CA 5","CA 6","CA 7","CA 8","CA 9","CA 10","EXAM","2nd Term"),
("3","1","1","40","0","0","0","0","0","0","0","0","0","0","0","CA","CA 2","CA 3","CA 4","CA 5","CA 6","","","","","Exam","3rd Term"),
("4","2","0","0","0","0","0","0","0","0","0","0","0","100","100","CA","CA 2","CA 3","CA 4","CA 5","CA 6","C","C","C","C","EXAM","1st Term"),
("5","2","0","0","0","0","0","0","0","0","0","0","0","100","100","CA","CA 2","CA 3","CA 4","CA 5","CA 6","CA 7","CA 8","CA 9","CA 10","EXAM","2nd Term"),
("6","2","1","40","0","0","0","0","0","0","0","0","0","0","0","CA","CA 2","CA 3","CA 4","CA 5","CA 6","","","","","Exam","3rd Term"),
("7","3","0","0","0","0","0","0","0","0","0","0","0","100","100","CA","CA 2","CA 3","CA 4","CA 5","CA 6","CA 7","CA 8","CA 9","CA 10","EXAM","1st Term"),
("8","3","0","0","0","0","0","0","0","0","0","0","0","100","100","CA","CA 2","CA 3","CA 4","CA 5","CA 6","CA 7","CA 8","CA 9","CA 10","EXAM","2nd Term"),
("9","3","1","40","0","0","0","0","0","0","0","0","0","0","0","CA","CA 2","CA 3","CA 4","CA 5","CA 6","","","","","Exam","3rd Term"),
("10","4","0","0","0","0","0","0","0","0","0","0","0","100","100","CA","CA 2","CA 3","CA 4","CA 5","CA 6","CA 7","CA 8","CA 9","CA 10","EXAM","1st Term"),
("11","4","0","0","0","0","0","0","0","0","0","0","0","100","100","CA","CA 2","CA 3","CA 4","CA 5","CA 6","CA 7","CA 8","CA 9","CA 10","EXAM","2nd Term"),
("12","4","1","40","0","0","0","0","0","0","0","0","0","0","0","CA","CA 2","CA 3","CA 4","CA 5","CA 6","","","","","Exam","3rd Term"),
("13","5","4","10","10","10","10","0","0","0","0","0","0","60","100","CA","CA 2","CA 3","CA 4","CA 5","CA 6","C","C","C","C","EXAM","1st Term"),
("14","5","4","10","10","10","10","0","0","0","0","0","0","60","100","CA 1","CA 2","CA 3","CA 4","CA 5","CA 6","CA 7","CA 8","CA 9","CA 10","EXAM","2nd Term"),
("15","5","1","40","0","0","0","0","0","0","0","0","0","0","0","CA","CA 2","CA 3","CA 4","CA 5","CA 6","","","","","Exam","3rd Term"),
("16","6","4","10","10","10","10","0","0","0","0","0","0","60","100","CA","CA 2","CA 3","CA 4","CA 5","CA 6","CA 7","CA 8","CA 9","CA 10","EXAM","1st Term"),
("17","6","4","10","10","10","10","0","0","0","0","0","0","60","100","CA","CA 2","CA 3","CA 4","CA 5","CA 6","CA 7","CA 8","CA 9","CA 10","EXAM","2nd Term"),
("18","6","1","40","0","0","0","0","0","0","0","0","0","0","0","CA","CA 2","CA 3","CA 4","CA 5","CA 6","","","","","Exam","3rd Term"),
("19","7","4","10","10","10","10","0","0","0","0","0","0","60","100","CA","CA 2","CA 3","CA 4","CA 5","CA 6","CA 7","CA 8","CA 9","CA 10","EXAM","1st Term"),
("20","7","4","10","10","10","10","0","0","0","0","0","0","60","100","CA 1","CA 2","CA 3","CA 4","CA 5","CA 6","CA 7","CA 8","CA 9","CA 10","EXAM","2nd Term"),
("21","7","1","40","0","0","0","0","0","0","0","0","0","0","0","CA","CA 2","CA 3","CA 4","CA 5","CA 6","","","","","Exam","3rd Term"),
("22","8","4","10","10","10","10","0","0","0","0","0","0","60","100","CA","CA 2","CA 3","CA 4","CA 5","CA 6","CA 7","CA 8","CA 9","CA 10","EXAM","1st Term"),
("23","8","4","10","10","10","10","0","0","0","0","0","0","60","100","CA 1","CA 2","CA 3","CA 4","CA 5","CA 6","CA 7","CA 8","CA 9","CA 10","EXAM","2nd Term"),
("24","8","1","40","0","0","0","0","0","0","0","0","0","0","0","CA","CA 2","CA 3","CA 4","CA 5","CA 6","","","","","Exam","3rd Term"),
("25","9","4","10","10","10","10","0","0","0","0","0","0","60","100","CA 1","CA 2","CA 3","CA 4","CA 5","CA 6","C","C","C","C","EXAM","1st Term"),
("26","9","4","10","10","10","10","0","0","0","0","0","0","60","100","CA 1","CA 2","CA 3","CA 4","CA 5","CA 6","CA 7","CA 8","CA 9","CA 10","EXAM","2nd Term"),
("27","9","1","40","0","0","0","0","0","0","0","0","0","0","0","CA","CA 2","CA 3","CA 4","CA 5","CA 6","","","","","Exam","3rd Term"),
("28","10","0","0","0","0","0","0","0","0","0","0","0","0","0","CA","CA 2","CA 3","CA 4","CA 5","CA 6","CA 7","CA 8","CA 9","CA 10","EXAM","1st Term"),
("29","10","4","10","10","10","10","0","0","0","0","0","0","60","100","CA 1","CA 2","CA 3","CA 4","CA 5","CA 6","CA 7","CA 8","CA 9","CA 10","EXAM","2nd Term"),
("30","10","1","40","0","0","0","0","0","0","0","0","0","0","0","CA","CA 2","CA 3","CA 4","CA 5","CA 6","","","","","Exam","3rd Term");




CREATE TABLE `result_class_term` (
  `result_class_term` int(11) NOT NULL AUTO_INCREMENT,
  `class_id` int(11) NOT NULL,
  `terms` varchar(20) NOT NULL,
  PRIMARY KEY (`result_class_term`),
  KEY `class_id` (`class_id`,`terms`)
) ENGINE=InnoDB AUTO_INCREMENT=33 DEFAULT CHARSET=latin1;


INSERT INTO result_class_term VALUES
("1","1","1st Term"),
("2","1","2nd Term"),
("3","1","3rd Term"),
("4","2","1st Term"),
("5","2","2nd Term"),
("6","2","3rd Term"),
("7","3","1st Term"),
("8","3","2nd Term"),
("9","3","3rd Term"),
("10","4","1st Term"),
("31","4","2nd Term"),
("32","4","3rd Term"),
("13","5","1st Term"),
("14","5","2nd Term"),
("15","5","3rd Term"),
("16","6","1st Term"),
("17","6","2nd Term"),
("18","6","3rd Term"),
("19","7","1st Term"),
("20","7","2nd Term"),
("21","7","3rd Term"),
("22","8","1st Term"),
("23","8","2nd Term"),
("24","8","3rd Term"),
("25","9","1st Term"),
("26","9","2nd Term"),
("27","9","3rd Term"),
("28","10","1st Term"),
("29","10","2nd Term"),
("30","10","3rd Term");




CREATE TABLE `result_main` (
  `result_main_id` int(11) NOT NULL AUTO_INCREMENT,
  `student_id` int(11) NOT NULL,
  `class_id` int(11) NOT NULL,
  `class_name` char(50) NOT NULL,
  `section` varchar(10) NOT NULL,
  `subclass_id` int(11) NOT NULL,
  `subclass_name` char(50) NOT NULL,
  `total` float NOT NULL,
  `cumulative_total` float NOT NULL,
  `total_obtainable` float NOT NULL,
  `cumu_total_obtainable` float NOT NULL,
  `average` varchar(10) NOT NULL,
  `cumulative_average` varchar(10) NOT NULL,
  `position_class` varchar(20) NOT NULL,
  `cumulative_position_class` varchar(20) NOT NULL,
  `position_subclass` varchar(20) NOT NULL,
  `cumulative_position_subclass` varchar(20) NOT NULL,
  `student_attendance` int(11) DEFAULT NULL,
  `total_attendance` int(11) DEFAULT NULL,
  `total_student_class` int(10) unsigned NOT NULL,
  `total_student_subclass` int(10) unsigned NOT NULL,
  `cumulative_total_student_class` int(10) unsigned NOT NULL,
  `cumulative_total_student_subclass` int(10) unsigned NOT NULL,
  `handwriting` int(11) NOT NULL,
  `cumulative_handwriting` int(11) NOT NULL,
  `neatness` int(11) NOT NULL,
  `cumulative_neatness` int(11) NOT NULL,
  `punctuality` int(11) NOT NULL,
  `cumulative_punctuality` int(11) NOT NULL,
  `attentiveness` int(11) NOT NULL,
  `cumulative_attentiveness` int(11) NOT NULL,
  `initiative` int(11) NOT NULL,
  `cumulative_initiative` int(11) NOT NULL,
  `respect` int(11) NOT NULL,
  `cumulative_respect` int(11) NOT NULL,
  `obedience` int(11) NOT NULL,
  `cumulative_obedience` int(11) NOT NULL,
  `attitude` int(11) NOT NULL,
  `cumulative_attitude` int(11) NOT NULL,
  `honesty` int(11) NOT NULL,
  `cumulative_honesty` int(11) NOT NULL,
  `creativity` int(11) NOT NULL,
  `cumulative_creativity` int(11) NOT NULL,
  `behaviour1_name` varchar(100) NOT NULL,
  `behaviour2_name` varchar(100) NOT NULL,
  `behaviour3_name` varchar(100) NOT NULL,
  `behaviour4_name` varchar(100) NOT NULL,
  `behaviour5_name` varchar(100) NOT NULL,
  `behaviour6_name` varchar(100) NOT NULL,
  `behaviour7_name` varchar(100) NOT NULL,
  `behaviour8_name` varchar(100) NOT NULL,
  `behaviour9_name` varchar(100) NOT NULL,
  `behaviour10_name` varchar(100) NOT NULL,
  `promotion` varchar(50) NOT NULL,
  `promotion_class_id` int(11) NOT NULL,
  `promotion_class_name` varchar(50) NOT NULL,
  `promotion_comment` varchar(500) NOT NULL,
  `promotion_subclass_id` int(11) NOT NULL,
  `promotion_subclass_name` varchar(50) NOT NULL,
  `pass_ave` varchar(5) NOT NULL,
  `scratch_card_number` varchar(16) NOT NULL,
  `next_term_begins` date NOT NULL,
  `ca1_total_score` float NOT NULL,
  `ca2_total_score` float NOT NULL,
  `ca3_total_score` float NOT NULL,
  `ca4_total_score` float NOT NULL,
  `ca5_total_score` float NOT NULL,
  `ca6_total_score` float NOT NULL,
  `ca7_total_score` float NOT NULL,
  `ca8_total_score` float NOT NULL,
  `ca9_total_score` float NOT NULL,
  `ca10_total_score` float NOT NULL,
  `ca_total_score` float NOT NULL,
  `exam_total_score` float NOT NULL,
  `no_of_ca` int(11) NOT NULL,
  `exam_name` varchar(50) NOT NULL,
  `ca_name_1` varchar(50) NOT NULL,
  `ca_name_2` varchar(50) NOT NULL,
  `ca_name_3` varchar(50) NOT NULL,
  `ca_name_4` varchar(50) NOT NULL,
  `ca_name_5` varchar(50) NOT NULL,
  `ca_name_6` varchar(50) NOT NULL,
  `ca_name_7` varchar(50) NOT NULL,
  `ca_name_8` varchar(50) NOT NULL,
  `ca_name_9` varchar(50) NOT NULL,
  `ca_name_10` varchar(50) NOT NULL,
  `principal_name` varchar(100) NOT NULL,
  `principal_comment` text NOT NULL,
  `form_staff_name` varchar(200) NOT NULL,
  `form_staff_comment` text NOT NULL,
  `student_affairs_comment` text NOT NULL,
  `cumulative_principal_comment` text NOT NULL,
  `cumulative_form_staff_comment` text NOT NULL,
  `principal_signature` varchar(150) NOT NULL,
  `second_principal_signature` varchar(60) NOT NULL,
  `visited` int(11) NOT NULL,
  `sessions` varchar(20) NOT NULL,
  `terms` varchar(20) NOT NULL,
  PRIMARY KEY (`result_main_id`),
  KEY `student_id` (`student_id`),
  KEY `sessions` (`sessions`),
  KEY `terms` (`terms`),
  KEY `promotion` (`promotion`)
) ENGINE=InnoDB AUTO_INCREMENT=177 DEFAULT CHARSET=latin1;


INSERT INTO result_main VALUES
("1","15","6","BASIC 2","primary","0","","942","0","1500","0","62.8","","7th","","7th","","","","9","9","0","0","5","0","5","0","5","0","5","0","5","0","5","0","5","0","5","0","5","0","5","0","HANDWRITING","NEATNESS","PUNCTUALITY","ATTENTIVENESS","INITIATIVE","RESPECT","OBEDIENCE","ATTITUDE","HONESTY","CREATIVITY","","0","","","0","","50","","2022-01-10","10","10","10","10","0","0","0","0","0","0","0","60","4","EXAM","CA","CA 2","CA 3","CA 4","CA 5","CA 6","CA 7","CA 8","CA 9","CA 10","","GREAT EFFORT. YOU DESERVE TO BE CELEBRATED, YOU HAVE SHOWN POTENTIALS FOR SUCCESS. YOU CAN DO BETTER.","JOHNSON UDEME","GOOD RESULT, PUT IN MORE EFFORT","","","","images/principal_signatures/304d87.png","images/principal_signatures/b19261.png","1","2021/2022","1st Term"),
("2","16","6","BASIC 2","primary","0","","1275","0","1500","0","85","","5th","","5th","","","","9","9","0","0","5","0","5","0","5","0","5","0","5","0","5","0","5","0","5","0","5","0","5","0","HANDWRITING","NEATNESS","PUNCTUALITY","ATTENTIVENESS","INITIATIVE","RESPECT","OBEDIENCE","ATTITUDE","HONESTY","CREATIVITY","","0","","","0","","50","","2022-01-10","10","10","10","10","0","0","0","0","0","0","0","60","4","EXAM","CA","CA 2","CA 3","CA 4","CA 5","CA 6","CA 7","CA 8","CA 9","CA 10","","VERY IMPRESSIVE WORK, WONDERFULLY DONE! YOU HAVE MADE A DIFFERENCE, YOU ARE NOW A REFERENCE POINT.","JOHNSON UDEME","EXECELLENT RESULT, KEEP IT UP","","","","images/principal_signatures/304d87.png","images/principal_signatures/b19261.png","0","2021/2022","1st Term"),
("3","17","6","BASIC 2","primary","0","","1340","0","1500","0","89.33","","2nd","","2nd","","","","9","9","0","0","5","0","5","0","5","0","5","0","5","0","5","0","5","0","5","0","5","0","5","0","HANDWRITING","NEATNESS","PUNCTUALITY","ATTENTIVENESS","INITIATIVE","RESPECT","OBEDIENCE","ATTITUDE","HONESTY","CREATIVITY","","0","","","0","","50","","2022-01-10","10","10","10","10","0","0","0","0","0","0","0","60","4","EXAM","CA","CA 2","CA 3","CA 4","CA 5","CA 6","CA 7","CA 8","CA 9","CA 10","","VERY IMPRESSIVE WORK, WONDERFULLY DONE! YOU HAVE MADE A DIFFERENCE, YOU ARE NOW A REFERENCE POINT.","JOHNSON UDEME","EXECELLENT RESULT, KEEP IT UP","","","","images/principal_signatures/304d87.png","images/principal_signatures/b19261.png","0","2021/2022","1st Term"),
("4","18","6","BASIC 2","primary","0","","810","0","1500","0","54","","8th","","8th","","","","9","9","0","0","5","0","5","0","5","0","5","0","5","0","5","0","5","0","5","0","5","0","5","0","HANDWRITING","NEATNESS","PUNCTUALITY","ATTENTIVENESS","INITIATIVE","RESPECT","OBEDIENCE","ATTITUDE","HONESTY","CREATIVITY","","0","","","0","","50","","2022-01-10","10","10","10","10","0","0","0","0","0","0","0","60","4","EXAM","CA","CA 2","CA 3","CA 4","CA 5","CA 6","CA 7","CA 8","CA 9","CA 10","","IMPRESSIVE EFFORT, YOU ARE MIDDLE WAY TO SUCCESS, WELL DONE! YOU CAN DO MORE.","JOHNSON UDEME","GOOD RESULT, PUT IN MORE EFFORT","","","","images/principal_signatures/304d87.png","images/principal_signatures/b19261.png","1","2021/2022","1st Term"),
("5","19","6","BASIC 2","primary","0","","1443","0","1500","0","96.2","","1st","","1st","","","","9","9","0","0","5","0","5","0","5","0","5","0","5","0","5","0","5","0","5","0","5","0","5","0","HANDWRITING","NEATNESS","PUNCTUALITY","ATTENTIVENESS","INITIATIVE","RESPECT","OBEDIENCE","ATTITUDE","HONESTY","CREATIVITY","","0","","","0","","50","","2022-01-10","10","10","10","10","0","0","0","0","0","0","0","60","4","EXAM","CA","CA 2","CA 3","CA 4","CA 5","CA 6","CA 7","CA 8","CA 9","CA 10","","YOU ARE A GENERAL, YOU HAVE EARNED YOURSELF AN EXCEPTIONAL PLACE. WELL DONE! KEEP ON SOARING","JOHNSON UDEME","EXECELLENT RESULT, KEEP IT UP","","","","images/principal_signatures/304d87.png","images/principal_signatures/b19261.png","1","2021/2022","1st Term"),
("6","20","6","BASIC 2","primary","0","","1321","0","1500","0","88.07","","3rd","","3rd","","","","9","9","0","0","5","0","5","0","5","0","5","0","5","0","5","0","5","0","5","0","5","0","5","0","HANDWRITING","NEATNESS","PUNCTUALITY","ATTENTIVENESS","INITIATIVE","RESPECT","OBEDIENCE","ATTITUDE","HONESTY","CREATIVITY","","0","","","0","","50","","2022-01-10","10","10","10","10","0","0","0","0","0","0","0","60","4","EXAM","CA","CA 2","CA 3","CA 4","CA 5","CA 6","CA 7","CA 8","CA 9","CA 10","","VERY IMPRESSIVE WORK, WONDERFULLY DONE! YOU HAVE MADE A DIFFERENCE, YOU ARE NOW A REFERENCE POINT.","JOHNSON UDEME","EXECELLENT RESULT, KEEP IT UP","","","","images/principal_signatures/304d87.png","images/principal_signatures/b19261.png","0","2021/2022","1st Term"),
("7","21","6","BASIC 2","primary","0","","1313","0","1500","0","87.53","","4th","","4th","","","","9","9","0","0","5","0","5","0","5","0","5","0","5","0","5","0","5","0","5","0","5","0","5","0","HANDWRITING","NEATNESS","PUNCTUALITY","ATTENTIVENESS","INITIATIVE","RESPECT","OBEDIENCE","ATTITUDE","HONESTY","CREATIVITY","","0","","","0","","50","","2022-01-10","10","10","10","10","0","0","0","0","0","0","0","60","4","EXAM","CA","CA 2","CA 3","CA 4","CA 5","CA 6","CA 7","CA 8","CA 9","CA 10","","VERY IMPRESSIVE WORK, WONDERFULLY DONE! YOU HAVE MADE A DIFFERENCE, YOU ARE NOW A REFERENCE POINT.","JOHNSON UDEME","EXECELLENT RESULT, KEEP IT UP","","","","images/principal_signatures/304d87.png","images/principal_signatures/b19261.png","0","2021/2022","1st Term"),
("8","22","6","BASIC 2","primary","0","","1085","0","1500","0","72.33","","6th","","6th","","","","9","9","0","0","5","0","5","0","5","0","5","0","5","0","5","0","5","0","5","0","5","0","5","0","HANDWRITING","NEATNESS","PUNCTUALITY","ATTENTIVENESS","INITIATIVE","RESPECT","OBEDIENCE","ATTITUDE","HONESTY","CREATIVITY","","0","","","0","","50","","2022-01-10","10","10","10","10","0","0","0","0","0","0","0","60","4","EXAM","CA","CA 2","CA 3","CA 4","CA 5","CA 6","CA 7","CA 8","CA 9","CA 10","","YOU HAVE UNLOCKED THE SUCCESS KEY, KEEP IT UP. THE SKY IS YOUR STARTING POINT.","JOHNSON UDEME","VERY GOOD PERFORMANCE","","","","images/principal_signatures/304d87.png","images/principal_signatures/b19261.png","0","2021/2022","1st Term"),
("9","23","6","BASIC 2","primary","0","","658","0","1500","0","43.87","","9th","","9th","","","","9","9","0","0","5","0","5","0","5","0","5","0","5","0","5","0","5","0","5","0","5","0","5","0","HANDWRITING","NEATNESS","PUNCTUALITY","ATTENTIVENESS","INITIATIVE","RESPECT","OBEDIENCE","ATTITUDE","HONESTY","CREATIVITY","","0","","","0","","50","","2022-01-10","10","10","10","10","0","0","0","0","0","0","0","60","4","EXAM","CA","CA 2","CA 3","CA 4","CA 5","CA 6","CA 7","CA 8","CA 9","CA 10","","YOU HAVE THE POTENTIALS FOR GREATNESS IN YOU, BRING IT OUT. YOU WILL DO BETTER NEXT TIME.","JOHNSON UDEME","ALMOST THERE, LETS WORK FOR A BETTER RESULT NEXT TERM","","","","images/principal_signatures/304d87.png","images/principal_signatures/b19261.png","0","2021/2022","1st Term"),
("10","8","7","BASIC 3","primary","0","","1005","0","1500","0","67","","5th","","5th","","","","7","7","0","0","5","0","5","0","5","0","5","0","5","0","5","0","5","0","5","0","5","0","5","0","HANDWRITING","NEATNESS","PUNCTUALITY","ATTENTIVENESS","INITIATIVE","RESPECT","OBEDIENCE","ATTITUDE","HONESTY","CREATIVITY","","0","","","0","","50","","2022-01-10","10","10","10","10","0","0","0","0","0","0","0","60","4","EXAM","CA","CA 2","CA 3","CA 4","CA 5","CA 6","CA 7","CA 8","CA 9","CA 10","","IMPRESSIVE WORK. YOU ARE ON THE PATH TO EXCELLENCE, JUST A LITTLE MORE EFFORT AND YOU ARE ON TOP.","UDOH EME","GOOD RESULT, PUT IN MORE EFFORT","","","","images/principal_signatures/304d87.png","images/principal_signatures/b19261.png","1","2021/2022","1st Term"),
("11","9","7","BASIC 3","primary","0","","725","0","1500","0","48.33","","6th","","6th","","","","7","7","0","0","5","0","5","0","5","0","5","0","5","0","5","0","5","0","5","0","5","0","5","0","HANDWRITING","NEATNESS","PUNCTUALITY","ATTENTIVENESS","INITIATIVE","RESPECT","OBEDIENCE","ATTITUDE","HONESTY","CREATIVITY","","0","","","0","","50","","2022-01-10","10","10","10","10","0","0","0","0","0","0","0","60","4","EXAM","CA","CA 2","CA 3","CA 4","CA 5","CA 6","CA 7","CA 8","CA 9","CA 10","","YOU HAVE THE POTENTIALS TO FLY, RELEASE MORE OF IT, AND YOU WILL FLY WITH MASTERY.","UDOH EME","ALMOST THERE, LETS WORK FOR A BETTER RESULT NEXT TERM","","","","images/principal_signatures/304d87.png","images/principal_signatures/b19261.png","0","2021/2022","1st Term"),
("12","10","7","BASIC 3","primary","0","","584","0","1500","0","38.93","","7th","","7th","","","","7","7","0","0","5","0","5","0","5","0","5","0","5","0","5","0","5","0","5","0","5","0","5","0","HANDWRITING","NEATNESS","PUNCTUALITY","ATTENTIVENESS","INITIATIVE","RESPECT","OBEDIENCE","ATTITUDE","HONESTY","CREATIVITY","","0","","","0","","50","","2022-01-10","10","10","10","10","0","0","0","0","0","0","0","60","4","EXAM","CA","CA 2","CA 3","CA 4","CA 5","CA 6","CA 7","CA 8","CA 9","CA 10","","YOU CAN SOAR HIGH LIKE AN EAGLE. PUT MORE EFFORT, IT\'S IN YOU TO SUCCEED.","UDOH EME","WE WILL WORK TOWARDS IMPROVING ON THIS NEXT TERM","","","","images/principal_signatures/304d87.png","images/principal_signatures/b19261.png","1","2021/2022","1st Term"),
("13","11","7","BASIC 3","primary","0","","1216","0","1500","0","81.07","","1st","","1st","","","","7","7","0","0","5","0","5","0","5","0","5","0","5","0","5","0","5","0","5","0","5","0","5","0","HANDWRITING","NEATNESS","PUNCTUALITY","ATTENTIVENESS","INITIATIVE","RESPECT","OBEDIENCE","ATTITUDE","HONESTY","CREATIVITY","","0","","","0","","50","","2022-01-10","10","10","10","10","0","0","0","0","0","0","0","60","4","EXAM","CA","CA 2","CA 3","CA 4","CA 5","CA 6","CA 7","CA 8","CA 9","CA 10","","OUTSTANDING PERFORMANCE. YOU ARE IN A CLASS OF GOAL GETTERS. WELL DONE! KEEP THE SPIRIT UP.","UDOH EME","EXECELLENT RESULT, KEEP IT UP","","","","images/principal_signatures/304d87.png","images/principal_signatures/b19261.png","0","2021/2022","1st Term"),
("14","12","7","BASIC 3","primary","0","","1056","0","1500","0","70.4","","4th","","4th","","","","7","7","0","0","5","0","5","0","5","0","5","0","5","0","5","0","5","0","5","0","5","0","5","0","HANDWRITING","NEATNESS","PUNCTUALITY","ATTENTIVENESS","INITIATIVE","RESPECT","OBEDIENCE","ATTITUDE","HONESTY","CREATIVITY","","0","","","0","","50","","2022-01-10","10","10","10","10","0","0","0","0","0","0","0","60","4","EXAM","CA","CA 2","CA 3","CA 4","CA 5","CA 6","CA 7","CA 8","CA 9","CA 10","","YOU HAVE UNLOCKED THE SUCCESS KEY, KEEP IT UP. THE SKY IS YOUR STARTING POINT.","UDOH EME","VERY GOOD PERFORMANCE","","","","images/principal_signatures/304d87.png","images/principal_signatures/b19261.png","1","2021/2022","1st Term"),
("15","13","7","BASIC 3","primary","0","","1183","0","1500","0","78.87","","3rd","","3rd","","","","7","7","0","0","5","0","5","0","5","0","5","0","5","0","5","0","5","0","5","0","5","0","5","0","HANDWRITING","NEATNESS","PUNCTUALITY","ATTENTIVENESS","INITIATIVE","RESPECT","OBEDIENCE","ATTITUDE","HONESTY","CREATIVITY","","0","","","0","","50","","2022-01-10","10","10","10","10","0","0","0","0","0","0","0","60","4","EXAM","CA","CA 2","CA 3","CA 4","CA 5","CA 6","CA 7","CA 8","CA 9","CA 10","","YOU HAVE RANKED  YOURSELF AMONG THE ACADEMIC GLADIATORS, WELL DONE!  KEEP IT UP. THERE ARE MORE GROUNDS TO CONQUER.","UDOH EME","VERY GOOD PERFORMANCE","","","","images/principal_signatures/304d87.png","images/principal_signatures/b19261.png","0","2021/2022","1st Term"),
("16","14","7","BASIC 3","primary","0","","1188","0","1500","0","79.2","","2nd","","2nd","","","","7","7","0","0","5","0","5","0","5","0","5","0","5","0","5","0","5","0","5","0","5","0","5","0","HANDWRITING","NEATNESS","PUNCTUALITY","ATTENTIVENESS","INITIATIVE","RESPECT","OBEDIENCE","ATTITUDE","HONESTY","CREATIVITY","","0","","","0","","50","","2022-01-10","10","10","10","10","0","0","0","0","0","0","0","60","4","EXAM","CA","CA 2","CA 3","CA 4","CA 5","CA 6","CA 7","CA 8","CA 9","CA 10","","YOU HAVE RANKED  YOURSELF AMONG THE ACADEMIC GLADIATORS, WELL DONE!  KEEP IT UP. THERE ARE MORE GROUNDS TO CONQUER.","UDOH EME","VERY GOOD PERFORMANCE","","","","images/principal_signatures/304d87.png","images/principal_signatures/b19261.png","1","2021/2022","1st Term"),
("17","50","5","BASIC 1","primary","0","","1429","0","1600","0","89.31","","4th","","4th","","","","11","11","0","0","5","0","5","0","5","0","5","0","5","0","5","0","5","0","5","0","5","0","5","0","HANDWRITING","NEATNESS","PUNCTUALITY","ATTENTIVENESS","INITIATIVE","RESPECT","OBEDIENCE","ATTITUDE","HONESTY","CREATIVITY","","0","","","0","","50","","2022-01-10","10","10","10","10","0","0","0","0","0","0","0","60","4","EXAM","CA","CA 2","CA 3","CA 4","CA 5","CA 6","C","C","C","C","","VERY IMPRESSIVE WORK, WONDERFULLY DONE! YOU HAVE MADE A DIFFERENCE, YOU ARE NOW A REFERENCE POINT.","NWADIKE THERESA","EXECELLENT RESULT, KEEP IT UP","","","","images/principal_signatures/304d87.png","images/principal_signatures/b19261.png","0","2021/2022","1st Term"),
("18","51","5","BASIC 1","primary","0","","1062","0","1600","0","66.38","","10th","","10th","","","","11","11","0","0","5","0","5","0","5","0","5","0","5","0","5","0","5","0","5","0","5","0","5","0","HANDWRITING","NEATNESS","PUNCTUALITY","ATTENTIVENESS","INITIATIVE","RESPECT","OBEDIENCE","ATTITUDE","HONESTY","CREATIVITY","","0","","","0","","50","","2022-01-10","10","10","10","10","0","0","0","0","0","0","0","60","4","EXAM","CA","CA 2","CA 3","CA 4","CA 5","CA 6","C","C","C","C","","IMPRESSIVE WORK. YOU ARE ON THE PATH TO EXCELLENCE, JUST A LITTLE MORE EFFORT AND YOU ARE ON TOP.","NWADIKE THERESA","GOOD RESULT, PUT IN MORE EFFORT","","","","images/principal_signatures/304d87.png","images/principal_signatures/b19261.png","0","2021/2022","1st Term"),
("19","52","5","BASIC 1","primary","0","","1334","0","1600","0","83.38","","6th","","6th","","","","11","11","0","0","5","0","5","0","5","0","5","0","5","0","5","0","5","0","5","0","5","0","5","0","HANDWRITING","NEATNESS","PUNCTUALITY","ATTENTIVENESS","INITIATIVE","RESPECT","OBEDIENCE","ATTITUDE","HONESTY","CREATIVITY","","0","","","0","","50","","2022-01-10","10","10","10","10","0","0","0","0","0","0","0","60","4","EXAM","CA","CA 2","CA 3","CA 4","CA 5","CA 6","C","C","C","C","","OUTSTANDING PERFORMANCE. YOU ARE IN A CLASS OF GOAL GETTERS. WELL DONE! KEEP THE SPIRIT UP.","NWADIKE THERESA","EXECELLENT RESULT, KEEP IT UP","","","","images/principal_signatures/304d87.png","images/principal_signatures/b19261.png","0","2021/2022","1st Term"),
("20","53","5","BASIC 1","primary","0","","1034","0","1600","0","64.63","","11th","","11th","","","","11","11","0","0","5","0","5","0","5","0","5","0","5","0","5","0","5","0","5","0","5","0","5","0","HANDWRITING","NEATNESS","PUNCTUALITY","ATTENTIVENESS","INITIATIVE","RESPECT","OBEDIENCE","ATTITUDE","HONESTY","CREATIVITY","","0","","","0","","50","","2022-01-10","10","10","10","10","0","0","0","0","0","0","0","60","4","EXAM","CA","CA 2","CA 3","CA 4","CA 5","CA 6","C","C","C","C","","GREAT EFFORT. YOU DESERVE TO BE CELEBRATED, YOU HAVE SHOWN POTENTIALS FOR SUCCESS. YOU CAN DO BETTER.","NWADIKE THERESA","GOOD RESULT, PUT IN MORE EFFORT","","","","images/principal_signatures/304d87.png","images/principal_signatures/b19261.png","0","2021/2022","1st Term"),
("21","54","5","BASIC 1","primary","0","","1529","0","1600","0","95.56","","2nd","","2nd","","","","11","11","0","0","5","0","5","0","5","0","5","0","5","0","5","0","5","0","5","0","5","0","5","0","HANDWRITING","NEATNESS","PUNCTUALITY","ATTENTIVENESS","INITIATIVE","RESPECT","OBEDIENCE","ATTITUDE","HONESTY","CREATIVITY","","0","","","0","","50","","2022-01-10","10","10","10","10","0","0","0","0","0","0","0","60","4","EXAM","CA","CA 2","CA 3","CA 4","CA 5","CA 6","C","C","C","C","","YOU ARE A GENERAL, YOU HAVE EARNED YOURSELF AN EXCEPTIONAL PLACE. WELL DONE! KEEP ON SOARING","NWADIKE THERESA","EXECELLENT RESULT, KEEP IT UP","","","","images/principal_signatures/304d87.png","images/principal_signatures/b19261.png","0","2021/2022","1st Term"),
("22","55","5","BASIC 1","primary","0","","1182","0","1600","0","73.88","","9th","","9th","","","","11","11","0","0","5","0","5","0","5","0","5","0","5","0","5","0","5","0","5","0","5","0","5","0","HANDWRITING","NEATNESS","PUNCTUALITY","ATTENTIVENESS","INITIATIVE","RESPECT","OBEDIENCE","ATTITUDE","HONESTY","CREATIVITY","","0","","","0","","50","","2022-01-10","10","10","10","10","0","0","0","0","0","0","0","60","4","EXAM","CA","CA 2","CA 3","CA 4","CA 5","CA 6","C","C","C","C","","YOU HAVE UNLOCKED THE SUCCESS KEY, KEEP IT UP. THE SKY IS YOUR STARTING POINT.","NWADIKE THERESA","VERY GOOD PERFORMANCE","","","","images/principal_signatures/304d87.png","images/principal_signatures/b19261.png","1","2021/2022","1st Term"),
("23","56","5","BASIC 1","primary","0","","1552","0","1600","0","97","","1st","","1st","","","","11","11","0","0","5","0","5","0","5","0","5","0","5","0","5","0","5","0","5","0","5","0","5","0","HANDWRITING","NEATNESS","PUNCTUALITY","ATTENTIVENESS","INITIATIVE","RESPECT","OBEDIENCE","ATTITUDE","HONESTY","CREATIVITY","","0","","","0","","50","","2022-01-10","10","10","10","10","0","0","0","0","0","0","0","60","4","EXAM","CA","CA 2","CA 3","CA 4","CA 5","CA 6","C","C","C","C","","YOU ARE A GENERAL, YOU HAVE EARNED YOURSELF AN EXCEPTIONAL PLACE. WELL DONE! KEEP ON SOARING","NWADIKE THERESA","EXECELLENT RESULT, KEEP IT UP","","","","images/principal_signatures/304d87.png","images/principal_signatures/b19261.png","0","2021/2022","1st Term"),
("24","57","5","BASIC 1","primary","0","","1230","0","1600","0","76.88","","8th","","8th","","","","11","11","0","0","5","0","5","0","5","0","5","0","5","0","5","0","5","0","5","0","5","0","5","0","HANDWRITING","NEATNESS","PUNCTUALITY","ATTENTIVENESS","INITIATIVE","RESPECT","OBEDIENCE","ATTITUDE","HONESTY","CREATIVITY","","0","","","0","","50","","2022-01-10","10","10","10","10","0","0","0","0","0","0","0","60","4","EXAM","CA","CA 2","CA 3","CA 4","CA 5","CA 6","C","C","C","C","","YOU HAVE RANKED  YOURSELF AMONG THE ACADEMIC GLADIATORS, WELL DONE!  KEEP IT UP. THERE ARE MORE GROUNDS TO CONQUER.","NWADIKE THERESA","VERY GOOD PERFORMANCE","","","","images/principal_signatures/304d87.png","images/principal_signatures/b19261.png","0","2021/2022","1st Term"),
("25","58","5","BASIC 1","primary","0","","1485","0","1600","0","92.81","","3rd","","3rd","","","","11","11","0","0","5","0","5","0","5","0","5","0","5","0","5","0","5","0","5","0","5","0","5","0","HANDWRITING","NEATNESS","PUNCTUALITY","ATTENTIVENESS","INITIATIVE","RESPECT","OBEDIENCE","ATTITUDE","HONESTY","CREATIVITY","","0","","","0","","50","","2022-01-10","10","10","10","10","0","0","0","0","0","0","0","60","4","EXAM","CA","CA 2","CA 3","CA 4","CA 5","CA 6","C","C","C","C","","YOU HAVE HIT THE MARK OF A CHAMPION, BRILLIANT PERFORMANCE. SOAR TO THE PEAK","NWADIKE THERESA","EXECELLENT RESULT, KEEP IT UP","","","","images/principal_signatures/304d87.png","images/principal_signatures/b19261.png","0","2021/2022","1st Term"),
("26","59","5","BASIC 1","primary","0","","1345","0","1600","0","84.06","","5th","","5th","","","","11","11","0","0","5","0","5","0","5","0","5","0","5","0","5","0","5","0","5","0","5","0","5","0","HANDWRITING","NEATNESS","PUNCTUALITY","ATTENTIVENESS","INITIATIVE","RESPECT","OBEDIENCE","ATTITUDE","HONESTY","CREATIVITY","","0","","","0","","50","","2022-01-10","10","10","10","10","0","0","0","0","0","0","0","60","4","EXAM","CA","CA 2","CA 3","CA 4","CA 5","CA 6","C","C","C","C","","OUTSTANDING PERFORMANCE. YOU ARE IN A CLASS OF GOAL GETTERS. WELL DONE! KEEP THE SPIRIT UP.","NWADIKE THERESA","EXECELLENT RESULT, KEEP IT UP","","","","images/principal_signatures/304d87.png","images/principal_signatures/b19261.png","1","2021/2022","1st Term"),
("27","86","5","BASIC 1","primary","0","","1319","0","1600","0","82.44","","7th","","7th","","","","11","11","0","0","5","0","5","0","5","0","5","0","5","0","5","0","5","0","5","0","5","0","5","0","HANDWRITING","NEATNESS","PUNCTUALITY","ATTENTIVENESS","INITIATIVE","RESPECT","OBEDIENCE","ATTITUDE","HONESTY","CREATIVITY","","0","","","0","","50","","2022-01-10","10","10","10","10","0","0","0","0","0","0","0","60","4","EXAM","CA","CA 2","CA 3","CA 4","CA 5","CA 6","C","C","C","C","","OUTSTANDING PERFORMANCE. YOU ARE IN A CLASS OF GOAL GETTERS. WELL DONE! KEEP THE SPIRIT UP.","NWADIKE THERESA","EXECELLENT RESULT, KEEP IT UP","","","","images/principal_signatures/304d87.png","images/principal_signatures/b19261.png","0","2021/2022","1st Term"),
("28","24","3","NURSERY 2","nursery","0","","1413","0","1600","0","88.31","","7th","","7th","","","","10","10","0","0","5","0","5","0","5","0","5","0","5","0","5","0","5","0","5","0","5","0","5","0","HANDWRITING","NEATNESS","PUNCTUALITY","ATTENTIVENESS","INITIATIVE","RESPECT","OBEDIENCE","ATTITUDE","HONESTY","CREATIVITY","","0","","","0","","50","","2022-01-10","0","0","0","0","0","0","0","0","0","0","0","100","0","EXAM","CA","CA 2","CA 3","CA 4","CA 5","CA 6","CA 7","CA 8","CA 9","CA 10","","OUTSTANDING PERFORMANCE. YOU ARE IN A CLASS OF GOAL GETTERS. WELL DONE! KEEP THE SPIRIT UP.","WISDOM JOY","EXECELLENT RESULT, KEEP IT UP","","","","images/principal_signatures/304d87.png","images/principal_signatures/b19261.png","0","2021/2022","1st Term"),
("29","25","3","NURSERY 2","nursery","0","","1461","0","1600","0","91.31","","5th","","5th","","","","10","10","0","0","5","0","5","0","5","0","5","0","5","0","5","0","5","0","5","0","5","0","5","0","HANDWRITING","NEATNESS","PUNCTUALITY","ATTENTIVENESS","INITIATIVE","RESPECT","OBEDIENCE","ATTITUDE","HONESTY","CREATIVITY","","0","","","0","","50","","2022-01-10","0","0","0","0","0","0","0","0","0","0","0","100","0","EXAM","CA","CA 2","CA 3","CA 4","CA 5","CA 6","CA 7","CA 8","CA 9","CA 10","","YOU HAVE HIT THE MARK OF A CHAMPION, BRILLIANT PERFORMANCE. SOAR TO THE PEAK","WISDOM JOY","EXECELLENT RESULT, KEEP IT UP","","","","images/principal_signatures/304d87.png","images/principal_signatures/b19261.png","1","2021/2022","1st Term"),
("30","26","3","NURSERY 2","nursery","0","","1253","0","1600","0","78.31","","9th","","9th","","","","10","10","0","0","5","0","5","0","5","0","5","0","5","0","5","0","5","0","5","0","5","0","5","0","HANDWRITING","NEATNESS","PUNCTUALITY","ATTENTIVENESS","INITIATIVE","RESPECT","OBEDIENCE","ATTITUDE","HONESTY","CREATIVITY","","0","","","0","","50","","2022-01-10","0","0","0","0","0","0","0","0","0","0","0","100","0","EXAM","CA","CA 2","CA 3","CA 4","CA 5","CA 6","CA 7","CA 8","CA 9","CA 10","","YOU HAVE HIT THE MARK OF A CHAMPION, BRILLIANT PERFORMANCE. SOAR TO THE PEAK","WISDOM JOY","EXECELLENT RESULT, KEEP IT UP","","","","images/principal_signatures/304d87.png","images/principal_signatures/b19261.png","0","2021/2022","1st Term"),
("31","27","3","NURSERY 2","nursery","0","","1518","0","1600","0","94.88","","2nd","","2nd","","","","10","10","0","0","5","0","5","0","5","0","5","0","5","0","5","0","5","0","5","0","5","0","5","0","HANDWRITING","NEATNESS","PUNCTUALITY","ATTENTIVENESS","INITIATIVE","RESPECT","OBEDIENCE","ATTITUDE","HONESTY","CREATIVITY","","0","","","0","","50","","2022-01-10","0","0","0","0","0","0","0","0","0","0","0","100","0","EXAM","CA","CA 2","CA 3","CA 4","CA 5","CA 6","CA 7","CA 8","CA 9","CA 10","","YOU HAVE HIT THE MARK OF A CHAMPION, BRILLIANT PERFORMANCE. SOAR TO THE PEAK","WISDOM JOY","EXECELLENT RESULT, KEEP IT UP","","","","images/principal_signatures/304d87.png","images/principal_signatures/b19261.png","0","2021/2022","1st Term"),
("32","28","3","NURSERY 2","nursery","0","","1517","0","1600","0","94.81","","3rd","","3rd","","","","10","10","0","0","5","0","5","0","5","0","5","0","5","0","5","0","5","0","5","0","5","0","5","0","HANDWRITING","NEATNESS","PUNCTUALITY","ATTENTIVENESS","INITIATIVE","RESPECT","OBEDIENCE","ATTITUDE","HONESTY","CREATIVITY","","0","","","0","","50","","2022-01-10","0","0","0","0","0","0","0","0","0","0","0","100","0","EXAM","CA","CA 2","CA 3","CA 4","CA 5","CA 6","CA 7","CA 8","CA 9","CA 10","","YOU HAVE HIT THE MARK OF A CHAMPION, BRILLIANT PERFORMANCE. SOAR TO THE PEAK","WISDOM JOY","EXECELLENT RESULT, KEEP IT UP","","","","images/principal_signatures/304d87.png","images/principal_signatures/b19261.png","1","2021/2022","1st Term"),
("33","29","3","NURSERY 2","nursery","0","","1443","0","1600","0","90.19","","6th","","6th","","","","10","10","0","0","5","0","5","0","5","0","5","0","5","0","5","0","5","0","5","0","5","0","5","0","HANDWRITING","NEATNESS","PUNCTUALITY","ATTENTIVENESS","INITIATIVE","RESPECT","OBEDIENCE","ATTITUDE","HONESTY","CREATIVITY","","0","","","0","","50","","2022-01-10","0","0","0","0","0","0","0","0","0","0","0","100","0","EXAM","CA","CA 2","CA 3","CA 4","CA 5","CA 6","CA 7","CA 8","CA 9","CA 10","","YOU HAVE HIT THE MARK OF A CHAMPION, BRILLIANT PERFORMANCE. SOAR TO THE PEAK","WISDOM JOY","EXECELLENT RESULT, KEEP IT UP","","","","images/principal_signatures/304d87.png","images/principal_signatures/b19261.png","0","2021/2022","1st Term"),
("34","30","3","NURSERY 2","nursery","0","","1041","0","1600","0","65.06","","10th","","10th","","","","10","10","0","0","5","0","5","0","5","0","5","0","5","0","5","0","5","0","5","0","5","0","5","0","HANDWRITING","NEATNESS","PUNCTUALITY","ATTENTIVENESS","INITIATIVE","RESPECT","OBEDIENCE","ATTITUDE","HONESTY","CREATIVITY","","0","","","0","","50","","2022-01-10","0","0","0","0","0","0","0","0","0","0","0","100","0","EXAM","CA","CA 2","CA 3","CA 4","CA 5","CA 6","CA 7","CA 8","CA 9","CA 10","","IMPRESSIVE WORK. YOU ARE ON THE PATH TO EXCELLENCE, JUST A LITTLE MORE EFFORT AND YOU ARE ON TOP.","WISDOM JOY","GOOD RESULT, PUT IN MORE EFFORT","","","","images/principal_signatures/304d87.png","images/principal_signatures/b19261.png","0","2021/2022","1st Term"),
("35","31","3","NURSERY 2","nursery","0","","1353","0","1600","0","84.56","","8th","","8th","","","","10","10","0","0","5","0","5","0","5","0","5","0","5","0","5","0","5","0","5","0","5","0","5","0","HANDWRITING","NEATNESS","PUNCTUALITY","ATTENTIVENESS","INITIATIVE","RESPECT","OBEDIENCE","ATTITUDE","HONESTY","CREATIVITY","","0","","","0","","50","","2022-01-10","0","0","0","0","0","0","0","0","0","0","0","100","0","EXAM","CA","CA 2","CA 3","CA 4","CA 5","CA 6","CA 7","CA 8","CA 9","CA 10","","OUTSTANDING PERFORMANCE. YOU ARE IN A CLASS OF GOAL GETTERS. WELL DONE! KEEP THE SPIRIT UP.","WISDOM JOY","EXECELLENT RESULT, KEEP IT UP","","","","images/principal_signatures/304d87.png","images/principal_signatures/b19261.png","0","2021/2022","1st Term"),
("36","32","3","NURSERY 2","nursery","0","","1508","0","1600","0","94.25","","4th","","4th","","","","10","10","0","0","5","0","5","0","5","0","5","0","5","0","5","0","5","0","5","0","5","0","5","0","HANDWRITING","NEATNESS","PUNCTUALITY","ATTENTIVENESS","INITIATIVE","RESPECT","OBEDIENCE","ATTITUDE","HONESTY","CREATIVITY","","0","","","0","","50","","2022-01-10","0","0","0","0","0","0","0","0","0","0","0","100","0","EXAM","CA","CA 2","CA 3","CA 4","CA 5","CA 6","CA 7","CA 8","CA 9","CA 10","","YOU HAVE RANKED  YOURSELF AMONG THE ACADEMIC GLADIATORS, WELL DONE!  KEEP IT UP. THERE ARE MORE GROUNDS TO CONQUER.","WISDOM JOY","VERY GOOD PERFORMANCE","","","","images/principal_signatures/304d87.png","images/principal_signatures/b19261.png","0","2021/2022","1st Term"),
("37","33","3","NURSERY 2","nursery","0","","1573","0","1600","0","98.31","","1st","","1st","","","","10","10","0","0","5","0","5","0","5","0","5","0","5","0","5","0","5","0","5","0","5","0","5","0","HANDWRITING","NEATNESS","PUNCTUALITY","ATTENTIVENESS","INITIATIVE","RESPECT","OBEDIENCE","ATTITUDE","HONESTY","CREATIVITY","","0","","","0","","50","","2022-01-10","0","0","0","0","0","0","0","0","0","0","0","100","0","EXAM","CA","CA 2","CA 3","CA 4","CA 5","CA 6","CA 7","CA 8","CA 9","CA 10","","YOU ARE A GENERAL, YOU HAVE EARNED YOURSELF AN EXCEPTIONAL PLACE. WELL DONE! KEEP ON SOARING","WISDOM JOY","EXECELLENT RESULT, KEEP IT UP","","","","images/principal_signatures/304d87.png","images/principal_signatures/b19261.png","2","2021/2022","1st Term"),
("38","1","9","BASIC 5","primary","0","","1281","0","1600","0","80.06","","4th","","4th","","","","7","7","0","0","5","0","5","0","5","0","5","0","5","0","5","0","5","0","5","0","5","0","5","0","HANDWRITING","NEATNESS","PUNCTUALITY","ATTENTIVENESS","INITIATIVE","RESPECT","OBEDIENCE","ATTITUDE","HONESTY","CREATIVITY","","0","","","0","","50","","2022-01-10","10","10","10","10","0","0","0","0","0","0","0","60","4","EXAM","CA 1","CA 2","CA 3","CA 4","CA 5","CA 6","C","C","C","C","","OUTSTANDING PERFORMANCE. YOU ARE IN A CLASS OF GOAL GETTERS. WELL DONE! KEEP THE SPIRIT UP.","CHIOMA MODESTA","EXECELLENT RESULT, KEEP IT UP","","","","images/principal_signatures/304d87.png","images/principal_signatures/b19261.png","1","2021/2022","1st Term"),
("39","2","9","BASIC 5","primary","0","","1515","0","1600","0","94.69","","1st","","1st","","","","7","7","0","0","5","0","5","0","5","0","5","0","5","0","5","0","5","0","5","0","5","0","5","0","HANDWRITING","NEATNESS","PUNCTUALITY","ATTENTIVENESS","INITIATIVE","RESPECT","OBEDIENCE","ATTITUDE","HONESTY","CREATIVITY","","0","","","0","","50","","2022-01-10","10","10","10","10","0","0","0","0","0","0","0","60","4","EXAM","CA 1","CA 2","CA 3","CA 4","CA 5","CA 6","C","C","C","C","","YOU HAVE HIT THE MARK OF A CHAMPION, BRILLIANT PERFORMANCE. SOAR TO THE PEAK","CHIOMA MODESTA","EXECELLENT RESULT, KEEP IT UP","","","","images/principal_signatures/304d87.png","images/principal_signatures/b19261.png","0","2021/2022","1st Term"),
("40","3","9","BASIC 5","primary","0","","1320","0","1600","0","82.5","","2nd","","2nd","","","","7","7","0","0","5","0","5","0","5","0","5","0","5","0","5","0","5","0","5","0","5","0","5","0","HANDWRITING","NEATNESS","PUNCTUALITY","ATTENTIVENESS","INITIATIVE","RESPECT","OBEDIENCE","ATTITUDE","HONESTY","CREATIVITY","","0","","","0","","50","","2022-01-10","10","10","10","10","0","0","0","0","0","0","0","60","4","EXAM","CA 1","CA 2","CA 3","CA 4","CA 5","CA 6","C","C","C","C","","OUTSTANDING PERFORMANCE. YOU ARE IN A CLASS OF GOAL GETTERS. WELL DONE! KEEP THE SPIRIT UP.","CHIOMA MODESTA","EXECELLENT RESULT, KEEP IT UP","","","","images/principal_signatures/304d87.png","images/principal_signatures/b19261.png","1","2021/2022","1st Term"),
("41","4","9","BASIC 5","primary","0","","1315","0","1600","0","82.19","","3rd","","3rd","","","","7","7","0","0","5","0","5","0","5","0","5","0","5","0","5","0","5","0","5","0","5","0","5","0","HANDWRITING","NEATNESS","PUNCTUALITY","ATTENTIVENESS","INITIATIVE","RESPECT","OBEDIENCE","ATTITUDE","HONESTY","CREATIVITY","","0","","","0","","50","","2022-01-10","10","10","10","10","0","0","0","0","0","0","0","60","4","EXAM","CA 1","CA 2","CA 3","CA 4","CA 5","CA 6","C","C","C","C","","OUTSTANDING PERFORMANCE. YOU ARE IN A CLASS OF GOAL GETTERS. WELL DONE! KEEP THE SPIRIT UP.","CHIOMA MODESTA","EXECELLENT RESULT, KEEP IT UP","","","","images/principal_signatures/304d87.png","images/principal_signatures/b19261.png","0","2021/2022","1st Term"),
("42","5","9","BASIC 5","primary","0","","909","0","1600","0","56.81","","6th","","6th","","","","7","7","0","0","5","0","5","0","5","0","5","0","5","0","5","0","5","0","5","0","5","0","5","0","HANDWRITING","NEATNESS","PUNCTUALITY","ATTENTIVENESS","INITIATIVE","RESPECT","OBEDIENCE","ATTITUDE","HONESTY","CREATIVITY","","0","","","0","","50","","2022-01-10","10","10","10","10","0","0","0","0","0","0","0","60","4","EXAM","CA 1","CA 2","CA 3","CA 4","CA 5","CA 6","C","C","C","C","","WELL DONE! YOU ARE ABOUT TO FLY, WITH MORE HARD WORK YOU CAN SCALE HIGHER WITH FLYING COLOURS.","CHIOMA MODESTA","GOOD RESULT, PUT IN MORE EFFORT","","","","images/principal_signatures/304d87.png","images/principal_signatures/b19261.png","1","2021/2022","1st Term"),
("43","6","9","BASIC 5","primary","0","","899","0","1600","0","56.19","","7th","","7th","","","","7","7","0","0","5","0","5","0","5","0","5","0","5","0","5","0","5","0","5","0","5","0","5","0","HANDWRITING","NEATNESS","PUNCTUALITY","ATTENTIVENESS","INITIATIVE","RESPECT","OBEDIENCE","ATTITUDE","HONESTY","CREATIVITY","","0","","","0","","50","","2022-01-10","10","10","10","10","0","0","0","0","0","0","0","60","4","EXAM","CA 1","CA 2","CA 3","CA 4","CA 5","CA 6","C","C","C","C","","WELL DONE! YOU ARE ABOUT TO FLY, WITH MORE HARD WORK YOU CAN SCALE HIGHER WITH FLYING COLOURS.","CHIOMA MODESTA","GOOD RESULT, PUT IN MORE EFFORT","","","","images/principal_signatures/304d87.png","images/principal_signatures/b19261.png","0","2021/2022","1st Term"),
("44","7","9","BASIC 5","primary","0","","1271","0","1600","0","79.44","","5th","","5th","","","","7","7","0","0","5","0","5","0","5","0","5","0","5","0","5","0","5","0","5","0","5","0","5","0","HANDWRITING","NEATNESS","PUNCTUALITY","ATTENTIVENESS","INITIATIVE","RESPECT","OBEDIENCE","ATTITUDE","HONESTY","CREATIVITY","","0","","","0","","50","","2022-01-10","10","10","10","10","0","0","0","0","0","0","0","60","4","EXAM","CA 1","CA 2","CA 3","CA 4","CA 5","CA 6","C","C","C","C","","YOU HAVE RANKED  YOURSELF AMONG THE ACADEMIC GLADIATORS, WELL DONE!  KEEP IT UP. THERE ARE MORE GROUNDS TO CONQUER.","CHIOMA MODESTA","VERY GOOD PERFORMANCE","","","","images/principal_signatures/304d87.png","images/principal_signatures/b19261.png","0","2021/2022","1st Term"),
("45","34","8","BASIC 4","primary","0","","1317","0","1700","0","77.47","","13th","","13th","","","","16","16","0","0","5","0","5","0","5","0","5","0","5","0","5","0","5","0","5","0","5","0","5","0","HANDWRITING","NEATNESS","PUNCTUALITY","ATTENTIVENESS","INITIATIVE","RESPECT","OBEDIENCE","ATTITUDE","HONESTY","CREATIVITY","","0","","","0","","50","","2022-01-10","10","10","10","10","0","0","0","0","0","0","0","60","4","EXAM","CA","CA 2","CA 3","CA 4","CA 5","CA 6","CA 7","CA 8","CA 9","CA 10","","YOU HAVE RANKED  YOURSELF AMONG THE ACADEMIC GLADIATORS, WELL DONE!  KEEP IT UP. THERE ARE MORE GROUNDS TO CONQUER.","ALHASSAN A","VERY GOOD PERFORMANCE","","","","images/principal_signatures/304d87.png","images/principal_signatures/b19261.png","1","2021/2022","1st Term"),
("46","35","8","BASIC 4","primary","0","","1578","0","1700","0","92.82","","1st","","1st","","","","16","16","0","0","5","0","5","0","5","0","5","0","5","0","5","0","5","0","5","0","5","0","5","0","HANDWRITING","NEATNESS","PUNCTUALITY","ATTENTIVENESS","INITIATIVE","RESPECT","OBEDIENCE","ATTITUDE","HONESTY","CREATIVITY","","0","","","0","","50","","2022-01-10","10","10","10","10","0","0","0","0","0","0","0","60","4","EXAM","CA","CA 2","CA 3","CA 4","CA 5","CA 6","CA 7","CA 8","CA 9","CA 10","","VERY IMPRESSIVE WORK, WONDERFULLY DONE! YOU HAVE MADE A DIFFERENCE, YOU ARE NOW A REFERENCE POINT.","ALHASSAN A","EXECELLENT RESULT, KEEP IT UP","","","","images/principal_signatures/304d87.png","images/principal_signatures/b19261.png","1","2021/2022","1st Term"),
("47","36","8","BASIC 4","primary","0","","1534","0","1700","0","90.24","","5th","","5th","","","","16","16","0","0","5","0","5","0","5","0","5","0","5","0","5","0","5","0","5","0","5","0","5","0","HANDWRITING","NEATNESS","PUNCTUALITY","ATTENTIVENESS","INITIATIVE","RESPECT","OBEDIENCE","ATTITUDE","HONESTY","CREATIVITY","","0","","","0","","50","","2022-01-10","10","10","10","10","0","0","0","0","0","0","0","60","4","EXAM","CA","CA 2","CA 3","CA 4","CA 5","CA 6","CA 7","CA 8","CA 9","CA 10","","VERY IMPRESSIVE WORK, WONDERFULLY DONE! YOU HAVE MADE A DIFFERENCE, YOU ARE NOW A REFERENCE POINT.","ALHASSAN A","EXECELLENT RESULT, KEEP IT UP","","","","images/principal_signatures/304d87.png","images/principal_signatures/b19261.png","1","2021/2022","1st Term"),
("48","37","8","BASIC 4","primary","0","","1268","0","1700","0","74.59","","14th","","14th","","","","16","16","0","0","5","0","5","0","5","0","5","0","5","0","5","0","5","0","5","0","5","0","5","0","HANDWRITING","NEATNESS","PUNCTUALITY","ATTENTIVENESS","INITIATIVE","RESPECT","OBEDIENCE","ATTITUDE","HONESTY","CREATIVITY","","0","","","0","","50","","2022-01-10","10","10","10","10","0","0","0","0","0","0","0","60","4","EXAM","CA","CA 2","CA 3","CA 4","CA 5","CA 6","CA 7","CA 8","CA 9","CA 10","","YOU HAVE UNLOCKED THE SUCCESS KEY, KEEP IT UP. THE SKY IS YOUR STARTING POINT.","ALHASSAN A","VERY GOOD PERFORMANCE","","","","images/principal_signatures/304d87.png","images/principal_signatures/b19261.png","2","2021/2022","1st Term"),
("49","38","8","BASIC 4","primary","0","","1321","0","1700","0","77.71","","12th","","12th","","","","16","16","0","0","5","0","5","0","5","0","5","0","5","0","5","0","5","0","5","0","5","0","5","0","HANDWRITING","NEATNESS","PUNCTUALITY","ATTENTIVENESS","INITIATIVE","RESPECT","OBEDIENCE","ATTITUDE","HONESTY","CREATIVITY","","0","","","0","","50","","2022-01-10","10","10","10","10","0","0","0","0","0","0","0","60","4","EXAM","CA","CA 2","CA 3","CA 4","CA 5","CA 6","CA 7","CA 8","CA 9","CA 10","","YOU HAVE UNLOCKED THE SUCCESS KEY, KEEP IT UP. THE SKY IS YOUR STARTING POINT.","ALHASSAN A","VERY GOOD PERFORMANCE","","","","images/principal_signatures/304d87.png","images/principal_signatures/b19261.png","2","2021/2022","1st Term"),
("50","39","8","BASIC 4","primary","0","","1137","0","1700","0","66.88","","16th","","16th","","","","16","16","0","0","5","0","5","0","5","0","5","0","5","0","5","0","5","0","5","0","5","0","5","0","HANDWRITING","NEATNESS","PUNCTUALITY","ATTENTIVENESS","INITIATIVE","RESPECT","OBEDIENCE","ATTITUDE","HONESTY","CREATIVITY","","0","","","0","","50","","2022-01-10","10","10","10","10","0","0","0","0","0","0","0","60","4","EXAM","CA","CA 2","CA 3","CA 4","CA 5","CA 6","CA 7","CA 8","CA 9","CA 10","","GREAT EFFORT. YOU DESERVE TO BE CELEBRATED, YOU HAVE SHOWN POTENTIALS FOR SUCCESS. YOU CAN DO BETTER.","ALHASSAN A","GOOD RESULT, PUT IN MORE EFFORT","","","","images/principal_signatures/304d87.png","images/principal_signatures/b19261.png","1","2021/2022","1st Term"),
("51","40","8","BASIC 4","primary","0","","1439","0","1700","0","84.65","","8th","","8th","","","","16","16","0","0","5","0","5","0","5","0","5","0","5","0","5","0","5","0","5","0","5","0","5","0","HANDWRITING","NEATNESS","PUNCTUALITY","ATTENTIVENESS","INITIATIVE","RESPECT","OBEDIENCE","ATTITUDE","HONESTY","CREATIVITY","","0","","","0","","50","","2022-01-10","10","10","10","10","0","0","0","0","0","0","0","60","4","EXAM","CA","CA 2","CA 3","CA 4","CA 5","CA 6","CA 7","CA 8","CA 9","CA 10","","OUTSTANDING PERFORMANCE. YOU ARE IN A CLASS OF GOAL GETTERS. WELL DONE! KEEP THE SPIRIT UP.","ALHASSAN A","EXECELLENT RESULT, KEEP IT UP","","","","images/principal_signatures/304d87.png","images/principal_signatures/b19261.png","1","2021/2022","1st Term"),
("52","41","8","BASIC 4","primary","0","","1541","0","1700","0","90.65","","4th","","4th","","","","16","16","0","0","5","0","5","0","5","0","5","0","5","0","5","0","5","0","5","0","5","0","5","0","HANDWRITING","NEATNESS","PUNCTUALITY","ATTENTIVENESS","INITIATIVE","RESPECT","OBEDIENCE","ATTITUDE","HONESTY","CREATIVITY","","0","","","0","","50","","2022-01-10","10","10","10","10","0","0","0","0","0","0","0","60","4","EXAM","CA","CA 2","CA 3","CA 4","CA 5","CA 6","CA 7","CA 8","CA 9","CA 10","","VERY IMPRESSIVE WORK, WONDERFULLY DONE! YOU HAVE MADE A DIFFERENCE, YOU ARE NOW A REFERENCE POINT.","ALHASSAN A","EXECELLENT RESULT, KEEP IT UP","","","","images/principal_signatures/304d87.png","images/principal_signatures/b19261.png","1","2021/2022","1st Term"),
("53","42","8","BASIC 4","primary","0","","1430","0","1700","0","84.12","","9th","","9th","","","","16","16","0","0","5","0","5","0","5","0","5","0","5","0","5","0","5","0","5","0","5","0","5","0","HANDWRITING","NEATNESS","PUNCTUALITY","ATTENTIVENESS","INITIATIVE","RESPECT","OBEDIENCE","ATTITUDE","HONESTY","CREATIVITY","","0","","","0","","50","","2022-01-10","10","10","10","10","0","0","0","0","0","0","0","60","4","EXAM","CA","CA 2","CA 3","CA 4","CA 5","CA 6","CA 7","CA 8","CA 9","CA 10","","YOU CAN SOAR HIGH LIKE AN EAGLE. PUT MORE EFFORT, IT\'S IN YOU TO SUCCEED.","ALHASSAN A","WE WILL WORK TOWARDS IMPROVING ON THIS NEXT TERM","","","","images/principal_signatures/304d87.png","images/principal_signatures/b19261.png","1","2021/2022","1st Term"),
("54","43","8","BASIC 4","primary","0","","1454","0","1700","0","85.53","","6th","","6th","","","","16","16","0","0","5","0","5","0","5","0","5","0","5","0","5","0","5","0","5","0","5","0","5","0","HANDWRITING","NEATNESS","PUNCTUALITY","ATTENTIVENESS","INITIATIVE","RESPECT","OBEDIENCE","ATTITUDE","HONESTY","CREATIVITY","","0","","","0","","50","","2022-01-10","10","10","10","10","0","0","0","0","0","0","0","60","4","EXAM","CA","CA 2","CA 3","CA 4","CA 5","CA 6","CA 7","CA 8","CA 9","CA 10","","OUTSTANDING PERFORMANCE. YOU ARE IN A CLASS OF GOAL GETTERS. WELL DONE! KEEP THE SPIRIT UP.","ALHASSAN A","EXECELLENT RESULT, KEEP IT UP","","","","images/principal_signatures/304d87.png","images/principal_signatures/b19261.png","1","2021/2022","1st Term"),
("55","44","8","BASIC 4","primary","0","","1571","0","1700","0","92.41","","2nd","","2nd","","","","16","16","0","0","5","0","5","0","5","0","5","0","5","0","5","0","5","0","5","0","5","0","5","0","HANDWRITING","NEATNESS","PUNCTUALITY","ATTENTIVENESS","INITIATIVE","RESPECT","OBEDIENCE","ATTITUDE","HONESTY","CREATIVITY","","0","","","0","","50","","2022-01-10","10","10","10","10","0","0","0","0","0","0","0","60","4","EXAM","CA","CA 2","CA 3","CA 4","CA 5","CA 6","CA 7","CA 8","CA 9","CA 10","","VERY IMPRESSIVE WORK, WONDERFULLY DONE! YOU HAVE MADE A DIFFERENCE, YOU ARE NOW A REFERENCE POINT.","ALHASSAN A","EXECELLENT RESULT, KEEP IT UP","","","","images/principal_signatures/304d87.png","images/principal_signatures/b19261.png","1","2021/2022","1st Term"),
("56","45","8","BASIC 4","primary","0","","1557","0","1700","0","91.59","","3rd","","3rd","","","","16","16","0","0","5","0","5","0","5","0","5","0","5","0","5","0","5","0","5","0","5","0","5","0","HANDWRITING","NEATNESS","PUNCTUALITY","ATTENTIVENESS","INITIATIVE","RESPECT","OBEDIENCE","ATTITUDE","HONESTY","CREATIVITY","","0","","","0","","50","","2022-01-10","10","10","10","10","0","0","0","0","0","0","0","60","4","EXAM","CA","CA 2","CA 3","CA 4","CA 5","CA 6","CA 7","CA 8","CA 9","CA 10","","VERY IMPRESSIVE WORK, WONDERFULLY DONE! YOU HAVE MADE A DIFFERENCE, YOU ARE NOW A REFERENCE POINT.","ALHASSAN A","EXECELLENT RESULT, KEEP IT UP","","","","images/principal_signatures/304d87.png","images/principal_signatures/b19261.png","1","2021/2022","1st Term"),
("57","46","8","BASIC 4","primary","0","","1183","0","1700","0","69.59","","15th","","15th","","","","16","16","0","0","5","0","5","0","5","0","5","0","5","0","5","0","5","0","5","0","5","0","5","0","HANDWRITING","NEATNESS","PUNCTUALITY","ATTENTIVENESS","INITIATIVE","RESPECT","OBEDIENCE","ATTITUDE","HONESTY","CREATIVITY","","0","","","0","","50","","2022-01-10","10","10","10","10","0","0","0","0","0","0","0","60","4","EXAM","CA","CA 2","CA 3","CA 4","CA 5","CA 6","CA 7","CA 8","CA 9","CA 10","","IMPRESSIVE WORK. YOU ARE ON THE PATH TO EXCELLENCE, JUST A LITTLE MORE EFFORT AND YOU ARE ON TOP.","ALHASSAN A","GOOD RESULT, PUT IN MORE EFFORT","","","","images/principal_signatures/304d87.png","images/principal_signatures/b19261.png","1","2021/2022","1st Term"),
("58","47","8","BASIC 4","primary","0","","1365","0","1700","0","80.29","","10th","","10th","","","","16","16","0","0","5","0","5","0","5","0","5","0","5","0","5","0","5","0","5","0","5","0","5","0","HANDWRITING","NEATNESS","PUNCTUALITY","ATTENTIVENESS","INITIATIVE","RESPECT","OBEDIENCE","ATTITUDE","HONESTY","CREATIVITY","","0","","","0","","50","","2022-01-10","10","10","10","10","0","0","0","0","0","0","0","60","4","EXAM","CA","CA 2","CA 3","CA 4","CA 5","CA 6","CA 7","CA 8","CA 9","CA 10","","YOU HAVE RANKED  YOURSELF AMONG THE ACADEMIC GLADIATORS, WELL DONE!  KEEP IT UP. THERE ARE MORE GROUNDS TO CONQUER.","ALHASSAN A","VERY GOOD PERFORMANCE","","","","images/principal_signatures/304d87.png","images/principal_signatures/b19261.png","2","2021/2022","1st Term"),
("59","48","8","BASIC 4","primary","0","","1451","0","1700","0","85.35","","7th","","7th","","","","16","16","0","0","5","0","5","0","5","0","5","0","5","0","5","0","5","0","5","0","5","0","5","0","HANDWRITING","NEATNESS","PUNCTUALITY","ATTENTIVENESS","INITIATIVE","RESPECT","OBEDIENCE","ATTITUDE","HONESTY","CREATIVITY","","0","","","0","","50","","2022-01-10","10","10","10","10","0","0","0","0","0","0","0","60","4","EXAM","CA","CA 2","CA 3","CA 4","CA 5","CA 6","CA 7","CA 8","CA 9","CA 10","","OUTSTANDING PERFORMANCE. YOU ARE IN A CLASS OF GOAL GETTERS. WELL DONE! KEEP THE SPIRIT UP.","ALHASSAN A","EXECELLENT RESULT, KEEP IT UP","","","","images/principal_signatures/304d87.png","images/principal_signatures/b19261.png","1","2021/2022","1st Term"),
("60","49","8","BASIC 4","primary","0","","1359","0","1700","0","79.94","","11th","","11th","","","","16","16","0","0","5","0","5","0","5","0","5","0","5","0","5","0","5","0","5","0","5","0","5","0","HANDWRITING","NEATNESS","PUNCTUALITY","ATTENTIVENESS","INITIATIVE","RESPECT","OBEDIENCE","ATTITUDE","HONESTY","CREATIVITY","","0","","","0","","50","","2022-01-10","10","10","10","10","0","0","0","0","0","0","0","60","4","EXAM","CA","CA 2","CA 3","CA 4","CA 5","CA 6","CA 7","CA 8","CA 9","CA 10","","YOU HAVE RANKED  YOURSELF AMONG THE ACADEMIC GLADIATORS, WELL DONE!  KEEP IT UP. THERE ARE MORE GROUNDS TO CONQUER.","ALHASSAN A","VERY GOOD PERFORMANCE","","","","images/principal_signatures/304d87.png","images/principal_signatures/b19261.png","1","2021/2022","1st Term"),
("61","72","2","NURSERY 1","nursery","0","","1565","0","1600","0","97.81","","4th","","4th","","","","14","14","0","0","5","0","5","0","5","0","5","0","5","0","5","0","5","0","5","0","5","0","5","0","HANDWRITING","NEATNESS","PUNCTUALITY","ATTENTIVENESS","INITIATIVE","RESPECT","OBEDIENCE","ATTITUDE","HONESTY","CREATIVITY","","0","","","0","","50","","2022-01-10","0","0","0","0","0","0","0","0","0","0","0","100","0","EXAM","CA","CA 2","CA 3","CA 4","CA 5","CA 6","C","C","C","C","","YOU ARE A GENERAL, YOU HAVE EARNED YOURSELF AN EXCEPTIONAL PLACE. WELL DONE! KEEP ON SOARING","OCHEJA BLESSING","EXECELLENT RESULT, KEEP IT UP","","","","images/principal_signatures/304d87.png","images/principal_signatures/b19261.png","1","2021/2022","1st Term"),
("62","73","2","NURSERY 1","nursery","0","","1542","0","1600","0","96.38","","8th","","8th","","","","14","14","0","0","5","0","5","0","5","0","5","0","5","0","5","0","5","0","5","0","5","0","5","0","HANDWRITING","NEATNESS","PUNCTUALITY","ATTENTIVENESS","INITIATIVE","RESPECT","OBEDIENCE","ATTITUDE","HONESTY","CREATIVITY","","0","","","0","","50","","2022-01-10","0","0","0","0","0","0","0","0","0","0","0","100","0","EXAM","CA","CA 2","CA 3","CA 4","CA 5","CA 6","C","C","C","C","","YOU ARE A GENERAL, YOU HAVE EARNED YOURSELF AN EXCEPTIONAL PLACE. WELL DONE! KEEP ON SOARING","OCHEJA BLESSING","EXECELLENT RESULT, KEEP IT UP","","","","images/principal_signatures/304d87.png","images/principal_signatures/b19261.png","1","2021/2022","1st Term"),
("63","74","2","NURSERY 1","nursery","0","","1426","0","1600","0","89.13","","13th","","13th","","","","14","14","0","0","5","0","5","0","5","0","5","0","5","0","5","0","5","0","5","0","5","0","5","0","HANDWRITING","NEATNESS","PUNCTUALITY","ATTENTIVENESS","INITIATIVE","RESPECT","OBEDIENCE","ATTITUDE","HONESTY","CREATIVITY","","0","","","0","","50","","2022-01-10","0","0","0","0","0","0","0","0","0","0","0","100","0","EXAM","CA","CA 2","CA 3","CA 4","CA 5","CA 6","C","C","C","C","","VERY IMPRESSIVE WORK, WONDERFULLY DONE! YOU HAVE MADE A DIFFERENCE, YOU ARE NOW A REFERENCE POINT.","OCHEJA BLESSING","EXECELLENT RESULT, KEEP IT UP","","","","images/principal_signatures/304d87.png","images/principal_signatures/b19261.png","1","2021/2022","1st Term"),
("64","75","2","NURSERY 1","nursery","0","","1550","0","1600","0","96.88","","7th","","7th","","","","14","14","0","0","5","0","5","0","5","0","5","0","5","0","5","0","5","0","5","0","5","0","5","0","HANDWRITING","NEATNESS","PUNCTUALITY","ATTENTIVENESS","INITIATIVE","RESPECT","OBEDIENCE","ATTITUDE","HONESTY","CREATIVITY","","0","","","0","","50","","2022-01-10","0","0","0","0","0","0","0","0","0","0","0","100","0","EXAM","CA","CA 2","CA 3","CA 4","CA 5","CA 6","C","C","C","C","","YOU ARE A GENERAL, YOU HAVE EARNED YOURSELF AN EXCEPTIONAL PLACE. WELL DONE! KEEP ON SOARING","OCHEJA BLESSING","EXECELLENT RESULT, KEEP IT UP","","","","images/principal_signatures/304d87.png","images/principal_signatures/b19261.png","1","2021/2022","1st Term"),
("65","76","2","NURSERY 1","nursery","0","","1560","0","1600","0","97.5","","5th","","5th","","","","14","14","0","0","5","0","5","0","5","0","5","0","5","0","5","0","5","0","5","0","5","0","5","0","HANDWRITING","NEATNESS","PUNCTUALITY","ATTENTIVENESS","INITIATIVE","RESPECT","OBEDIENCE","ATTITUDE","HONESTY","CREATIVITY","","0","","","0","","50","","2022-01-10","0","0","0","0","0","0","0","0","0","0","0","100","0","EXAM","CA","CA 2","CA 3","CA 4","CA 5","CA 6","C","C","C","C","","YOU ARE A GENERAL, YOU HAVE EARNED YOURSELF AN EXCEPTIONAL PLACE. WELL DONE! KEEP ON SOARING","OCHEJA BLESSING","EXECELLENT RESULT, KEEP IT UP","","","","images/principal_signatures/304d87.png","images/principal_signatures/b19261.png","1","2021/2022","1st Term"),
("66","77","2","NURSERY 1","nursery","0","","1429","0","1600","0","89.31","","12th","","12th","","","","14","14","0","0","5","0","5","0","5","0","5","0","5","0","5","0","5","0","5","0","5","0","5","0","HANDWRITING","NEATNESS","PUNCTUALITY","ATTENTIVENESS","INITIATIVE","RESPECT","OBEDIENCE","ATTITUDE","HONESTY","CREATIVITY","","0","","","0","","50","","2022-01-10","0","0","0","0","0","0","0","0","0","0","0","100","0","EXAM","CA","CA 2","CA 3","CA 4","CA 5","CA 6","C","C","C","C","","VERY IMPRESSIVE WORK, WONDERFULLY DONE! YOU HAVE MADE A DIFFERENCE, YOU ARE NOW A REFERENCE POINT.","OCHEJA BLESSING","EXECELLENT RESULT, KEEP IT UP","","","","images/principal_signatures/304d87.png","images/principal_signatures/b19261.png","1","2021/2022","1st Term"),
("67","78","2","NURSERY 1","nursery","0","","1581","0","1600","0","98.81","","3rd","","3rd","","","","14","14","0","0","5","0","5","0","5","0","5","0","5","0","5","0","5","0","5","0","5","0","5","0","HANDWRITING","NEATNESS","PUNCTUALITY","ATTENTIVENESS","INITIATIVE","RESPECT","OBEDIENCE","ATTITUDE","HONESTY","CREATIVITY","","0","","","0","","50","","2022-01-10","0","0","0","0","0","0","0","0","0","0","0","100","0","EXAM","CA","CA 2","CA 3","CA 4","CA 5","CA 6","C","C","C","C","","YOU ARE A GENERAL, YOU HAVE EARNED YOURSELF AN EXCEPTIONAL PLACE. WELL DONE! KEEP ON SOARING","OCHEJA BLESSING","EXECELLENT RESULT, KEEP IT UP","","","","images/principal_signatures/304d87.png","images/principal_signatures/b19261.png","1","2021/2022","1st Term"),
("68","79","2","NURSERY 1","nursery","0","","1516","0","1600","0","94.75","","10th","","10th","","","","14","14","0","0","5","0","5","0","5","0","5","0","5","0","5","0","5","0","5","0","5","0","5","0","HANDWRITING","NEATNESS","PUNCTUALITY","ATTENTIVENESS","INITIATIVE","RESPECT","OBEDIENCE","ATTITUDE","HONESTY","CREATIVITY","","0","","","0","","50","","2022-01-10","0","0","0","0","0","0","0","0","0","0","0","100","0","EXAM","CA","CA 2","CA 3","CA 4","CA 5","CA 6","C","C","C","C","","YOU HAVE HIT THE MARK OF A CHAMPION, BRILLIANT PERFORMANCE. SOAR TO THE PEAK","OCHEJA BLESSING","EXECELLENT RESULT, KEEP IT UP","","","","images/principal_signatures/304d87.png","images/principal_signatures/b19261.png","1","2021/2022","1st Term"),
("69","80","2","NURSERY 1","nursery","0","","1551","0","1600","0","96.94","","6th","","6th","","","","14","14","0","0","5","0","5","0","5","0","5","0","5","0","5","0","5","0","5","0","5","0","5","0","HANDWRITING","NEATNESS","PUNCTUALITY","ATTENTIVENESS","INITIATIVE","RESPECT","OBEDIENCE","ATTITUDE","HONESTY","CREATIVITY","","0","","","0","","50","","2022-01-10","0","0","0","0","0","0","0","0","0","0","0","100","0","EXAM","CA","CA 2","CA 3","CA 4","CA 5","CA 6","C","C","C","C","","YOU ARE A GENERAL, YOU HAVE EARNED YOURSELF AN EXCEPTIONAL PLACE. WELL DONE! KEEP ON SOARING","OCHEJA BLESSING","EXECELLENT RESULT, KEEP IT UP","","","","images/principal_signatures/304d87.png","images/principal_signatures/b19261.png","1","2021/2022","1st Term"),
("70","81","2","NURSERY 1","nursery","0","","1508","0","1600","0","94.25","","11th","","11th","","","","14","14","0","0","5","0","5","0","5","0","5","0","5","0","5","0","5","0","5","0","5","0","5","0","HANDWRITING","NEATNESS","PUNCTUALITY","ATTENTIVENESS","INITIATIVE","RESPECT","OBEDIENCE","ATTITUDE","HONESTY","CREATIVITY","","0","","","0","","50","","2022-01-10","0","0","0","0","0","0","0","0","0","0","0","100","0","EXAM","CA","CA 2","CA 3","CA 4","CA 5","CA 6","C","C","C","C","","YOU HAVE HIT THE MARK OF A CHAMPION, BRILLIANT PERFORMANCE. SOAR TO THE PEAK","OCHEJA BLESSING","EXECELLENT RESULT, KEEP IT UP","","","","images/principal_signatures/304d87.png","images/principal_signatures/b19261.png","2","2021/2022","1st Term"),
("71","82","2","NURSERY 1","nursery","0","","1329","0","1600","0","83.06","","14th","","14th","","","","14","14","0","0","5","0","5","0","5","0","5","0","5","0","5","0","5","0","5","0","5","0","5","0","HANDWRITING","NEATNESS","PUNCTUALITY","ATTENTIVENESS","INITIATIVE","RESPECT","OBEDIENCE","ATTITUDE","HONESTY","CREATIVITY","","0","","","0","","50","","2022-01-10","0","0","0","0","0","0","0","0","0","0","0","100","0","EXAM","CA","CA 2","CA 3","CA 4","CA 5","CA 6","C","C","C","C","","OUTSTANDING PERFORMANCE. YOU ARE IN A CLASS OF GOAL GETTERS. WELL DONE! KEEP THE SPIRIT UP.","OCHEJA BLESSING","EXECELLENT RESULT, KEEP IT UP","","","","images/principal_signatures/304d87.png","images/principal_signatures/b19261.png","1","2021/2022","1st Term"),
("72","83","2","NURSERY 1","nursery","0","","1538","0","1600","0","96.13","","9th","","9th","","","","14","14","0","0","5","0","5","0","5","0","5","0","5","0","5","0","5","0","5","0","5","0","5","0","HANDWRITING","NEATNESS","PUNCTUALITY","ATTENTIVENESS","INITIATIVE","RESPECT","OBEDIENCE","ATTITUDE","HONESTY","CREATIVITY","","0","","","0","","50","","2022-01-10","0","0","0","0","0","0","0","0","0","0","0","100","0","EXAM","CA","CA 2","CA 3","CA 4","CA 5","CA 6","C","C","C","C","","YOU ARE A GENERAL, YOU HAVE EARNED YOURSELF AN EXCEPTIONAL PLACE. WELL DONE! KEEP ON SOARING","OCHEJA BLESSING","EXECELLENT RESULT, KEEP IT UP","","","","images/principal_signatures/304d87.png","images/principal_signatures/b19261.png","1","2021/2022","1st Term"),
("73","84","2","NURSERY 1","nursery","0","","1595","0","1600","0","99.69","","1st","","1st","","","","14","14","0","0","5","0","5","0","5","0","5","0","5","0","5","0","5","0","5","0","5","0","5","0","HANDWRITING","NEATNESS","PUNCTUALITY","ATTENTIVENESS","INITIATIVE","RESPECT","OBEDIENCE","ATTITUDE","HONESTY","CREATIVITY","","0","","","0","","50","","2022-01-10","0","0","0","0","0","0","0","0","0","0","0","100","0","EXAM","CA","CA 2","CA 3","CA 4","CA 5","CA 6","C","C","C","C","","YOU ARE A GENERAL, YOU HAVE EARNED YOURSELF AN EXCEPTIONAL PLACE. WELL DONE! KEEP ON SOARING","OCHEJA BLESSING","EXECELLENT RESULT, KEEP IT UP","","","","images/principal_signatures/304d87.png","images/principal_signatures/b19261.png","1","2021/2022","1st Term"),
("74","85","2","NURSERY 1","nursery","0","","1582","0","1600","0","98.88","","2nd","","2nd","","","","14","14","0","0","5","0","5","0","5","0","5","0","5","0","5","0","5","0","5","0","5","0","5","0","HANDWRITING","NEATNESS","PUNCTUALITY","ATTENTIVENESS","INITIATIVE","RESPECT","OBEDIENCE","ATTITUDE","HONESTY","CREATIVITY","","0","","","0","","50","","2022-01-10","0","0","0","0","0","0","0","0","0","0","0","100","0","EXAM","CA","CA 2","CA 3","CA 4","CA 5","CA 6","C","C","C","C","","YOU ARE A GENERAL, YOU HAVE EARNED YOURSELF AN EXCEPTIONAL PLACE. WELL DONE! KEEP ON SOARING","OCHEJA BLESSING","EXECELLENT RESULT, KEEP IT UP","","","","images/principal_signatures/304d87.png","images/principal_signatures/b19261.png","1","2021/2022","1st Term"),
("75","60","1","KINDERGARTEN","nursery","0","","1590","0","1700","0","93.53","","3rd","","3rd","","","","10","10","0","0","5","0","5","0","5","0","5","0","5","0","5","0","5","0","5","0","5","0","5","0","HANDWRITING","NEATNESS","PUNCTUALITY","ATTENTIVENESS","INITIATIVE","RESPECT","OBEDIENCE","ATTITUDE","HONESTY","CREATIVITY","","0","","","0","","50","","2022-01-10","5","5","5","5","0","0","0","0","0","0","0","80","4","EXAM","CA 1","CA 2","CA 3","CA 4","CA 5","CA 6","C","C","C","C","","YOU HAVE HIT THE MARK OF A CHAMPION, BRILLIANT PERFORMANCE. SOAR TO THE PEAK","AKODE BOSE","EXECELLENT RESULT, KEEP IT UP","","","","images/principal_signatures/304d87.png","images/principal_signatures/b19261.png","15","2021/2022","1st Term"),
("76","61","1","KINDERGARTEN","nursery","0","","1678","0","1700","0","98.71","","1st","","1st","","","","10","10","0","0","5","0","5","0","5","0","5","0","5","0","5","0","5","0","5","0","5","0","5","0","HANDWRITING","NEATNESS","PUNCTUALITY","ATTENTIVENESS","INITIATIVE","RESPECT","OBEDIENCE","ATTITUDE","HONESTY","CREATIVITY","","0","","","0","","50","","2022-01-10","5","5","5","5","0","0","0","0","0","0","0","80","4","EXAM","CA 1","CA 2","CA 3","CA 4","CA 5","CA 6","C","C","C","C","","YOU ARE A GENERAL, YOU HAVE EARNED YOURSELF AN EXCEPTIONAL PLACE. WELL DONE! KEEP ON SOARING","AKODE BOSE","EXECELLENT RESULT, KEEP IT UP","","","","images/principal_signatures/304d87.png","images/principal_signatures/b19261.png","1","2021/2022","1st Term"),
("78","63","1","KINDERGARTEN","nursery","0","","1565","0","1700","0","92.06","","4th","","4th","","","","10","10","0","0","5","0","5","0","5","0","5","0","5","0","5","0","5","0","5","0","5","0","5","0","HANDWRITING","NEATNESS","PUNCTUALITY","ATTENTIVENESS","INITIATIVE","RESPECT","OBEDIENCE","ATTITUDE","HONESTY","CREATIVITY","","0","","","0","","50","","2022-01-10","5","5","5","5","0","0","0","0","0","0","0","80","4","EXAM","CA 1","CA 2","CA 3","CA 4","CA 5","CA 6","C","C","C","C","","YOU ARE A GENERAL, YOU HAVE EARNED YOURSELF AN EXCEPTIONAL PLACE. WELL DONE! KEEP ON SOARING","AKODE BOSE","EXECELLENT RESULT, KEEP IT UP","","","","images/principal_signatures/304d87.png","images/principal_signatures/b19261.png","2","2021/2022","1st Term"),
("79","64","1","KINDERGARTEN","nursery","0","","1560","0","1700","0","91.76","","5th","","5th","","","","10","10","0","0","5","0","5","0","5","0","5","0","5","0","5","0","5","0","5","0","5","0","5","0","HANDWRITING","NEATNESS","PUNCTUALITY","ATTENTIVENESS","INITIATIVE","RESPECT","OBEDIENCE","ATTITUDE","HONESTY","CREATIVITY","","0","","","0","","50","","2022-01-10","5","5","5","5","0","0","0","0","0","0","0","80","4","EXAM","CA 1","CA 2","CA 3","CA 4","CA 5","CA 6","C","C","C","C","","YOU HAVE HIT THE MARK OF A CHAMPION, BRILLIANT PERFORMANCE. SOAR TO THE PEAK","AKODE BOSE","EXECELLENT RESULT, KEEP IT UP","","","","images/principal_signatures/304d87.png","images/principal_signatures/b19261.png","1","2021/2022","1st Term"),
("80","65","1","KINDERGARTEN","nursery","0","","1116","0","1700","0","65.65","","9th","","9th","","","","10","10","0","0","5","0","5","0","5","0","5","0","5","0","5","0","5","0","5","0","5","0","5","0","HANDWRITING","NEATNESS","PUNCTUALITY","ATTENTIVENESS","INITIATIVE","RESPECT","OBEDIENCE","ATTITUDE","HONESTY","CREATIVITY","","0","","","0","","50","","2022-01-10","5","5","5","5","0","0","0","0","0","0","0","80","4","EXAM","CA 1","CA 2","CA 3","CA 4","CA 5","CA 6","C","C","C","C","","IMPRESSIVE WORK. YOU ARE ON THE PATH TO EXCELLENCE, JUST A LITTLE MORE EFFORT AND YOU ARE ON TOP.","AKODE BOSE","GOOD RESULT, PUT IN MORE EFFORT","","","","images/principal_signatures/304d87.png","images/principal_signatures/b19261.png","1","2021/2022","1st Term"),
("81","66","1","KINDERGARTEN","nursery","0","","1492","0","1700","0","87.76","","7th","","7th","","","","10","10","0","0","5","0","5","0","5","0","5","0","5","0","5","0","5","0","5","0","5","0","5","0","HANDWRITING","NEATNESS","PUNCTUALITY","ATTENTIVENESS","INITIATIVE","RESPECT","OBEDIENCE","ATTITUDE","HONESTY","CREATIVITY","","0","","","0","","50","","2022-01-10","5","5","5","5","0","0","0","0","0","0","0","80","4","EXAM","CA 1","CA 2","CA 3","CA 4","CA 5","CA 6","C","C","C","C","","YOU HAVE HIT THE MARK OF A CHAMPION, BRILLIANT PERFORMANCE. SOAR TO THE PEAK","AKODE BOSE","EXECELLENT RESULT, KEEP IT UP","","","","images/principal_signatures/304d87.png","images/principal_signatures/b19261.png","1","2021/2022","1st Term"),
("82","67","1","KINDERGARTEN","nursery","0","","801","0","1700","0","47.12","","10th","","10th","","","","10","10","0","0","5","0","5","0","5","0","5","0","5","0","5","0","5","0","5","0","5","0","5","0","HANDWRITING","NEATNESS","PUNCTUALITY","ATTENTIVENESS","INITIATIVE","RESPECT","OBEDIENCE","ATTITUDE","HONESTY","CREATIVITY","","0","","","0","","50","","2022-01-10","5","5","5","5","0","0","0","0","0","0","0","80","4","EXAM","CA 1","CA 2","CA 3","CA 4","CA 5","CA 6","C","C","C","C","","IMPRESSIVE EFFORT, YOU ARE MIDDLE WAY TO SUCCESS, WELL DONE! YOU CAN DO MORE.","AKODE BOSE","GOOD RESULT, PUT IN MORE EFFORT","","","","images/principal_signatures/304d87.png","images/principal_signatures/b19261.png","1","2021/2022","1st Term"),
("84","69","1","KINDERGARTEN","nursery","0","","1520","0","1700","0","89.41","","6th","","6th","","","","10","10","0","0","5","0","5","0","5","0","5","0","5","0","5","0","5","0","5","0","5","0","5","0","HANDWRITING","NEATNESS","PUNCTUALITY","ATTENTIVENESS","INITIATIVE","RESPECT","OBEDIENCE","ATTITUDE","HONESTY","CREATIVITY","","0","","","0","","50","","2022-01-10","5","5","5","5","0","0","0","0","0","0","0","80","4","EXAM","CA 1","CA 2","CA 3","CA 4","CA 5","CA 6","C","C","C","C","","YOU HAVE HIT THE MARK OF A CHAMPION, BRILLIANT PERFORMANCE. SOAR TO THE PEAK","AKODE BOSE","EXECELLENT RESULT, KEEP IT UP","","","","images/principal_signatures/304d87.png","images/principal_signatures/b19261.png","1","2021/2022","1st Term"),
("85","70","1","KINDERGARTEN","nursery","0","","1661","0","1700","0","97.71","","2nd","","2nd","","","","10","10","0","0","5","0","5","0","5","0","5","0","5","0","5","0","5","0","5","0","5","0","5","0","HANDWRITING","NEATNESS","PUNCTUALITY","ATTENTIVENESS","INITIATIVE","RESPECT","OBEDIENCE","ATTITUDE","HONESTY","CREATIVITY","","0","","","0","","50","","2022-01-10","5","5","5","5","0","0","0","0","0","0","0","80","4","EXAM","CA 1","CA 2","CA 3","CA 4","CA 5","CA 6","C","C","C","C","","YOU ARE A GENERAL, YOU HAVE EARNED YOURSELF AN EXCEPTIONAL PLACE. WELL DONE! KEEP ON SOARING","AKODE BOSE","EXECELLENT RESULT, KEEP IT UP","","","","images/principal_signatures/304d87.png","images/principal_signatures/b19261.png","1","2021/2022","1st Term"),
("86","71","1","KINDERGARTEN","nursery","0","","1481","0","1700","0","87.12","","8th","","8th","","","","10","10","0","0","5","0","5","0","5","0","5","0","5","0","5","0","5","0","5","0","5","0","5","0","HANDWRITING","NEATNESS","PUNCTUALITY","ATTENTIVENESS","INITIATIVE","RESPECT","OBEDIENCE","ATTITUDE","HONESTY","CREATIVITY","","0","","","0","","50","","2022-01-10","5","5","5","5","0","0","0","0","0","0","0","80","4","EXAM","CA 1","CA 2","CA 3","CA 4","CA 5","CA 6","C","C","C","C","","VERY IMPRESSIVE WORK, WONDERFULLY DONE! YOU HAVE MADE A DIFFERENCE, YOU ARE NOW A REFERENCE POINT.","AKODE BOSE","EXECELLENT RESULT, KEEP IT UP","","","","images/principal_signatures/304d87.png","images/principal_signatures/b19261.png","1","2021/2022","1st Term"),
("89","62","4","PLAY GROUP","nursery","0","","1125","0","1400","0","80.36","","1st","","1st","","","","2","2","0","0","5","0","5","0","5","0","5","0","5","0","5","0","5","0","5","0","5","0","5","0","HANDWRITING","NEATNESS","PUNCTUALITY","ATTENTIVENESS","INITIATIVE","RESPECT","OBEDIENCE","ATTITUDE","HONESTY","CREATIVITY","","0","","","0","","50","","2022-01-10","0","0","0","0","0","0","0","0","0","0","0","100","0","EXAM","CA","CA 2","CA 3","CA 4","CA 5","CA 6","CA 7","CA 8","CA 9","CA 10","","OUTSTANDING PERFORMANCE. YOU ARE IN A CLASS OF GOAL GETTERS. WELL DONE! KEEP THE SPIRIT UP.","AKODE BOSE","EXECELLENT RESULT, KEEP IT UP","","","","images/principal_signatures/304d87.png","images/principal_signatures/b19261.png","1","2021/2022","1st Term"),
("90","68","4","PLAY GROUP","nursery","0","","820","0","1400","0","58.57","","2nd","","2nd","","","","2","2","0","0","5","0","5","0","5","0","5","0","5","0","5","0","5","0","5","0","5","0","5","0","HANDWRITING","NEATNESS","PUNCTUALITY","ATTENTIVENESS","INITIATIVE","RESPECT","OBEDIENCE","ATTITUDE","HONESTY","CREATIVITY","","0","","","0","","50","","2022-01-10","0","0","0","0","0","0","0","0","0","0","0","100","0","EXAM","CA","CA 2","CA 3","CA 4","CA 5","CA 6","CA 7","CA 8","CA 9","CA 10","","WELL DONE! YOU ARE ABOUT TO FLY, WITH MORE HARD WORK YOU CAN SCALE HIGHER WITH FLYING COLOURS.","AKODE BOSE","GOOD RESULT, PUT IN MORE EFFORT","","","","images/principal_signatures/304d87.png","images/principal_signatures/b19261.png","2","2021/2022","1st Term"),
("91","8","7","BASIC 3","primary","0","","1047","0","1400","0","74.79","","4th","","4th","","122","126","9","9","0","0","3","0","5","0","5","0","4","0","4","0","4","0","5","0","4","0","5","0","4","0","HANDWRITING","NEATNESS","PUNCTUALITY","ATTENTIVENESS","INITIATIVE","RESPECT","OBEDIENCE","ATTITUDE","HONESTY","CREATIVITY","","0","","","0","","50","","2022-05-02","10","10","10","10","0","0","0","0","0","0","0","60","4","EXAM","CA 1","CA 2","CA 3","CA 4","CA 5","CA 6","CA 7","CA 8","CA 9","CA 10","MRS. OKPE-AJI VICTORIA","YOU HAVE UNLOCKED THE SUCCESS KEY, KEEP IT UP. THE SKY IS YOUR STARTING POINT.","UDOH IME","VERY GOOD PERFORMANCE","","","","images/principal_signatures/304d87.png","images/principal_signatures/b19261.png","0","2021/2022","2nd Term"),
("92","9","7","BASIC 3","primary","0","","613","0","1400","0","43.79","","7th","","7th","","114","126","9","9","0","0","2","0","3","0","2","0","3","0","3","0","4","0","3","0","2","0","4","0","4","0","HANDWRITING","NEATNESS","PUNCTUALITY","ATTENTIVENESS","INITIATIVE","RESPECT","OBEDIENCE","ATTITUDE","HONESTY","CREATIVITY","","0","","","0","","50","","2022-05-02","10","10","10","10","0","0","0","0","0","0","0","60","4","EXAM","CA 1","CA 2","CA 3","CA 4","CA 5","CA 6","CA 7","CA 8","CA 9","CA 10","MRS. OKPE-AJI VICTORIA","YOU HAVE THE POTENTIALS FOR GREATNESS IN YOU, BRING IT OUT. YOU WILL DO BETTER NEXT TIME.","UDOH IME","ALMOST THERE, LETS WORK FOR A BETTER RESULT NEXT TERM","","","","images/principal_signatures/304d87.png","images/principal_signatures/b19261.png","0","2021/2022","2nd Term"),
("93","10","7","BASIC 3","primary","0","","548","0","1400","0","39.14","","8th","","8th","","112","126","9","9","0","0","2","0","3","0","4","0","3","0","3","0","4","0","4","0","4","0","4","0","3","0","HANDWRITING","NEATNESS","PUNCTUALITY","ATTENTIVENESS","INITIATIVE","RESPECT","OBEDIENCE","ATTITUDE","HONESTY","CREATIVITY","","0","","","0","","50","","2022-05-02","10","10","10","10","0","0","0","0","0","0","0","60","4","EXAM","CA 1","CA 2","CA 3","CA 4","CA 5","CA 6","CA 7","CA 8","CA 9","CA 10","MRS. OKPE-AJI VICTORIA","YOU CAN SOAR HIGH LIKE AN EAGLE. PUT MORE EFFORT, IT\'S IN YOU TO SUCCEED.","UDOH IME","WE WILL WORK TOWARDS IMPROVING ON THIS NEXT TERM","","","","images/principal_signatures/304d87.png","images/principal_signatures/b19261.png","0","2021/2022","2nd Term"),
("94","11","7","BASIC 3","primary","0","","1177","0","1400","0","84.07","","2nd","","2nd","","126","126","9","9","0","0","5","0","4","0","4","0","3","0","4","0","3","0","5","0","3","0","4","0","3","0","HANDWRITING","NEATNESS","PUNCTUALITY","ATTENTIVENESS","INITIATIVE","RESPECT","OBEDIENCE","ATTITUDE","HONESTY","CREATIVITY","","0","","","0","","50","","2022-05-02","10","10","10","10","0","0","0","0","0","0","0","60","4","EXAM","CA 1","CA 2","CA 3","CA 4","CA 5","CA 6","CA 7","CA 8","CA 9","CA 10","MRS. OKPE-AJI VICTORIA","OUTSTANDING PERFORMANCE. YOU ARE IN A CLASS OF GOAL GETTERS. WELL DONE! KEEP THE SPIRIT UP.","UDOH IME","EXECELLENT RESULT, KEEP IT UP","","","","images/principal_signatures/304d87.png","images/principal_signatures/b19261.png","0","2021/2022","2nd Term"),
("95","12","7","BASIC 3","primary","0","","1034","0","1400","0","73.86","","5th","","5th","","112","126","9","9","0","0","3","0","4","0","3","0","4","0","3","0","4","0","4","0","4","0","4","0","3","0","HANDWRITING","NEATNESS","PUNCTUALITY","ATTENTIVENESS","INITIATIVE","RESPECT","OBEDIENCE","ATTITUDE","HONESTY","CREATIVITY","","0","","","0","","50","","2022-05-02","10","10","10","10","0","0","0","0","0","0","0","60","4","EXAM","CA 1","CA 2","CA 3","CA 4","CA 5","CA 6","CA 7","CA 8","CA 9","CA 10","MRS. OKPE-AJI VICTORIA","YOU HAVE UNLOCKED THE SUCCESS KEY, KEEP IT UP. THE SKY IS YOUR STARTING POINT.","UDOH IME","VERY GOOD PERFORMANCE","","","","images/principal_signatures/304d87.png","images/principal_signatures/b19261.png","0","2021/2022","2nd Term"),
("96","13","7","BASIC 3","primary","0","","1158","0","1400","0","82.71","","3rd","","3rd","","126","126","9","9","0","0","3","0","5","0","4","0","5","0","4","0","3","0","3","0","4","0","4","0","4","0","HANDWRITING","NEATNESS","PUNCTUALITY","ATTENTIVENESS","INITIATIVE","RESPECT","OBEDIENCE","ATTITUDE","HONESTY","CREATIVITY","","0","","","0","","50","","2022-05-02","10","10","10","10","0","0","0","0","0","0","0","60","4","EXAM","CA 1","CA 2","CA 3","CA 4","CA 5","CA 6","CA 7","CA 8","CA 9","CA 10","MRS. OKPE-AJI VICTORIA","OUTSTANDING PERFORMANCE. YOU ARE IN A CLASS OF GOAL GETTERS. WELL DONE! KEEP THE SPIRIT UP.","UDOH IME","EXECELLENT RESULT, KEEP IT UP","","","","images/principal_signatures/304d87.png","images/principal_signatures/b19261.png","0","2021/2022","2nd Term"),
("97","14","7","BASIC 3","primary","0","","1231","0","1400","0","87.93","","1st","","1st","","126","126","9","9","0","0","4","0","5","0","5","0","5","0","4","0","4","0","5","0","5","0","4","0","4","0","HANDWRITING","NEATNESS","PUNCTUALITY","ATTENTIVENESS","INITIATIVE","RESPECT","OBEDIENCE","ATTITUDE","HONESTY","CREATIVITY","","0","","","0","","50","","2022-05-02","10","10","10","10","0","0","0","0","0","0","0","60","4","EXAM","CA 1","CA 2","CA 3","CA 4","CA 5","CA 6","CA 7","CA 8","CA 9","CA 10","MRS. OKPE-AJI VICTORIA","VERY IMPRESSIVE WORK, WONDERFULLY DONE! YOU HAVE MADE A DIFFERENCE, YOU ARE NOW A REFERENCE POINT.","UDOH IME","EXECELLENT RESULT, KEEP IT UP","","","","images/principal_signatures/304d87.png","images/principal_signatures/b19261.png","0","2021/2022","2nd Term"),
("98","101","7","BASIC 3","primary","0","","1033","0","1400","0","73.79","","6th","","6th","","118","126","9","9","0","0","4","0","5","0","4","0","5","0","3","0","3","0","4","0","3","0","3","0","3","0","HANDWRITING","NEATNESS","PUNCTUALITY","ATTENTIVENESS","INITIATIVE","RESPECT","OBEDIENCE","ATTITUDE","HONESTY","CREATIVITY","","0","","","0","","50","","2022-05-02","10","10","10","10","0","0","0","0","0","0","0","60","4","EXAM","CA 1","CA 2","CA 3","CA 4","CA 5","CA 6","CA 7","CA 8","CA 9","CA 10","MRS. OKPE-AJI VICTORIA","YOU HAVE UNLOCKED THE SUCCESS KEY, KEEP IT UP. THE SKY IS YOUR STARTING POINT.","UDOH IME","VERY GOOD PERFORMANCE","","","","images/principal_signatures/304d87.png","images/principal_signatures/b19261.png","0","2021/2022","2nd Term"),
("99","102","7","BASIC 3","primary","0","","522","0","1400","0","37.29","","9th","","9th","","76","126","9","9","0","0","3","0","3","0","4","0","4","0","3","0","4","0","3","0","3","0","3","0","4","0","HANDWRITING","NEATNESS","PUNCTUALITY","ATTENTIVENESS","INITIATIVE","RESPECT","OBEDIENCE","ATTITUDE","HONESTY","CREATIVITY","","0","","","0","","50","","2022-05-02","10","10","10","10","0","0","0","0","0","0","0","60","4","EXAM","CA 1","CA 2","CA 3","CA 4","CA 5","CA 6","CA 7","CA 8","CA 9","CA 10","MRS. OKPE-AJI VICTORIA","YOU CAN BE A STAR! YOU HAVE THE POTENTIALS IN YOU. BRING IT OUT SO YOU CAN SHINE NEXT TIME.","UDOH IME","WE WILL WORK TOWARDS IMPROVING ON THIS NEXT TERM","","","","images/principal_signatures/304d87.png","images/principal_signatures/b19261.png","0","2021/2022","2nd Term"),
("100","72","2","NURSERY 1","nursery","0","","1357.5","0","1400","0","96.96","","3rd","","3rd","","126","126","13","13","0","0","5","0","5","0","5","0","5","0","5","0","5","0","5","0","5","0","5","0","5","0","THE CHILD IS ABLE TO SCRIBBLE","THE CHILD IS ABLE TO DRAW AND PAINT","THE CHILD IS ABLE TO DANCE TO VARIETY OF MUSIC","THE CHILD IS ABLE TO INTERACTE WITH OTHERS","THE CHILD IS ABLE TO OBEY SIMPLE INSTRUCTIONS","THE CHILD IS ABLE TO INTERACT WITH THE SOCIAL HABIT OF HIS ENVIROMENT","THE CHILD IS ABLE TO PLAY WITH OTHERS IN GROUP AND SHARE EXPERIENCE TOGETHER","THE CHILD IS ABLE TO TAKE PART IN SOME GAMES","THE CHILD IS ABLE TO SING SOME HEALTH SONGS","THE CHILD IS ABLE TO TAKE PART IN SIMPLE GAMES AND CREATIVE ACTIVITIES","","0","","","0","","50","","2022-05-02","0","0","0","0","0","0","0","0","0","0","0","100","0","EXAM","CA","CA 2","CA 3","CA 4","CA 5","CA 6","CA 7","CA 8","CA 9","CA 10","MRS OKPE-AJI VICTORIA","YOU ARE A GENERAL, YOU HAVE EARNED YOURSELF AN EXCEPTIONAL PLACE. WELL DONE! KEEP ON SOARING","OCHEJA BLESSING","EXECELLENT RESULT, KEEP IT UP","","","","images/principal_signatures/304d87.png","images/principal_signatures/b19261.png","0","2021/2022","2nd Term"),
("101","73","2","NURSERY 1","nursery","0","","1348.5","0","1400","0","96.32","","5th","","5th","","120","126","13","13","0","0","5","0","5","0","5","0","5","0","5","0","5","0","5","0","5","0","5","0","5","0","THE CHILD IS ABLE TO SCRIBBLE","THE CHILD IS ABLE TO DRAW AND PAINT","THE CHILD IS ABLE TO DANCE TO VARIETY OF MUSIC","THE CHILD IS ABLE TO INTERACTE WITH OTHERS","THE CHILD IS ABLE TO OBEY SIMPLE INSTRUCTIONS","THE CHILD IS ABLE TO INTERACT WITH THE SOCIAL HABIT OF HIS ENVIROMENT","THE CHILD IS ABLE TO PLAY WITH OTHERS IN GROUP AND SHARE EXPERIENCE TOGETHER","THE CHILD IS ABLE TO TAKE PART IN SOME GAMES","THE CHILD IS ABLE TO SING SOME HEALTH SONGS","THE CHILD IS ABLE TO TAKE PART IN SIMPLE GAMES AND CREATIVE ACTIVITIES","","0","","","0","","50","","2022-05-02","0","0","0","0","0","0","0","0","0","0","0","100","0","EXAM","CA","CA 2","CA 3","CA 4","CA 5","CA 6","CA 7","CA 8","CA 9","CA 10","MRS OKPE-AJI VICTORIA","YOU ARE A GENERAL, YOU HAVE EARNED YOURSELF AN EXCEPTIONAL PLACE. WELL DONE! KEEP ON SOARING","OCHEJA BLESSING","EXECELLENT RESULT, KEEP IT UP","","","","images/principal_signatures/304d87.png","images/principal_signatures/b19261.png","0","2021/2022","2nd Term"),
("102","74","2","NURSERY 1","nursery","0","","1301.5","0","1400","0","92.96","","11th","","11th","","126","126","13","13","0","0","5","0","5","0","5","0","5","0","5","0","5","0","5","0","5","0","5","0","5","0","THE CHILD IS ABLE TO SCRIBBLE","THE CHILD IS ABLE TO DRAW AND PAINT","THE CHILD IS ABLE TO DANCE TO VARIETY OF MUSIC","THE CHILD IS ABLE TO INTERACTE WITH OTHERS","THE CHILD IS ABLE TO OBEY SIMPLE INSTRUCTIONS","THE CHILD IS ABLE TO INTERACT WITH THE SOCIAL HABIT OF HIS ENVIROMENT","THE CHILD IS ABLE TO PLAY WITH OTHERS IN GROUP AND SHARE EXPERIENCE TOGETHER","THE CHILD IS ABLE TO TAKE PART IN SOME GAMES","THE CHILD IS ABLE TO SING SOME HEALTH SONGS","THE CHILD IS ABLE TO TAKE PART IN SIMPLE GAMES AND CREATIVE ACTIVITIES","","0","","","0","","50","","2022-05-02","0","0","0","0","0","0","0","0","0","0","0","100","0","EXAM","CA","CA 2","CA 3","CA 4","CA 5","CA 6","CA 7","CA 8","CA 9","CA 10","MRS OKPE-AJI VICTORIA","YOU HAVE HIT THE MARK OF A CHAMPION, BRILLIANT PERFORMANCE. SOAR TO THE PEAK","OCHEJA BLESSING","EXECELLENT RESULT, KEEP IT UP","","","","images/principal_signatures/304d87.png","images/principal_signatures/b19261.png","1","2021/2022","2nd Term"),
("103","75","2","NURSERY 1","nursery","0","","1316","0","1400","0","94","","9th","","9th","","110","126","13","13","0","0","5","0","5","0","5","0","5","0","5","0","5","0","5","0","5","0","5","0","5","0","THE CHILD IS ABLE TO SCRIBBLE","THE CHILD IS ABLE TO DRAW AND PAINT","THE CHILD IS ABLE TO DANCE TO VARIETY OF MUSIC","THE CHILD IS ABLE TO INTERACTE WITH OTHERS","THE CHILD IS ABLE TO OBEY SIMPLE INSTRUCTIONS","THE CHILD IS ABLE TO INTERACT WITH THE SOCIAL HABIT OF HIS ENVIROMENT","THE CHILD IS ABLE TO PLAY WITH OTHERS IN GROUP AND SHARE EXPERIENCE TOGETHER","THE CHILD IS ABLE TO TAKE PART IN SOME GAMES","THE CHILD IS ABLE TO SING SOME HEALTH SONGS","THE CHILD IS ABLE TO TAKE PART IN SIMPLE GAMES AND CREATIVE ACTIVITIES","","0","","","0","","50","","2022-05-02","0","0","0","0","0","0","0","0","0","0","0","100","0","EXAM","CA","CA 2","CA 3","CA 4","CA 5","CA 6","CA 7","CA 8","CA 9","CA 10","MRS OKPE-AJI VICTORIA","YOU HAVE HIT THE MARK OF A CHAMPION, BRILLIANT PERFORMANCE. SOAR TO THE PEAK","OCHEJA BLESSING","EXECELLENT RESULT, KEEP IT UP","","","","images/principal_signatures/304d87.png","images/principal_signatures/b19261.png","0","2021/2022","2nd Term"),
("104","76","2","NURSERY 1","nursery","0","","1346","0","1400","0","96.14","","7th","","7th","","122","126","13","13","0","0","5","0","5","0","5","0","5","0","5","0","5","0","5","0","5","0","5","0","5","0","THE CHILD IS ABLE TO SCRIBBLE","THE CHILD IS ABLE TO DRAW AND PAINT","THE CHILD IS ABLE TO DANCE TO VARIETY OF MUSIC","THE CHILD IS ABLE TO INTERACTE WITH OTHERS","THE CHILD IS ABLE TO OBEY SIMPLE INSTRUCTIONS","THE CHILD IS ABLE TO INTERACT WITH THE SOCIAL HABIT OF HIS ENVIROMENT","THE CHILD IS ABLE TO PLAY WITH OTHERS IN GROUP AND SHARE EXPERIENCE TOGETHER","THE CHILD IS ABLE TO TAKE PART IN SOME GAMES","THE CHILD IS ABLE TO SING SOME HEALTH SONGS","THE CHILD IS ABLE TO TAKE PART IN SIMPLE GAMES AND CREATIVE ACTIVITIES","","0","","","0","","50","","2022-05-02","0","0","0","0","0","0","0","0","0","0","0","100","0","EXAM","CA","CA 2","CA 3","CA 4","CA 5","CA 6","CA 7","CA 8","CA 9","CA 10","MRS OKPE-AJI VICTORIA","YOU ARE A GENERAL, YOU HAVE EARNED YOURSELF AN EXCEPTIONAL PLACE. WELL DONE! KEEP ON SOARING","OCHEJA BLESSING","EXECELLENT RESULT, KEEP IT UP","","","","images/principal_signatures/304d87.png","images/principal_signatures/b19261.png","0","2021/2022","2nd Term");
INSERT INTO result_main VALUES
("105","77","2","NURSERY 1","nursery","0","","1272","0","1400","0","90.86","","12th","","12th","","126","126","13","13","0","0","5","0","5","0","5","0","5","0","5","0","5","0","5","0","5","0","5","0","5","0","THE CHILD IS ABLE TO SCRIBBLE","THE CHILD IS ABLE TO DRAW AND PAINT","THE CHILD IS ABLE TO DANCE TO VARIETY OF MUSIC","THE CHILD IS ABLE TO INTERACTE WITH OTHERS","THE CHILD IS ABLE TO OBEY SIMPLE INSTRUCTIONS","THE CHILD IS ABLE TO INTERACT WITH THE SOCIAL HABIT OF HIS ENVIROMENT","THE CHILD IS ABLE TO PLAY WITH OTHERS IN GROUP AND SHARE EXPERIENCE TOGETHER","THE CHILD IS ABLE TO TAKE PART IN SOME GAMES","THE CHILD IS ABLE TO SING SOME HEALTH SONGS","THE CHILD IS ABLE TO TAKE PART IN SIMPLE GAMES AND CREATIVE ACTIVITIES","","0","","","0","","50","","2022-05-02","0","0","0","0","0","0","0","0","0","0","0","100","0","EXAM","CA","CA 2","CA 3","CA 4","CA 5","CA 6","CA 7","CA 8","CA 9","CA 10","MRS OKPE-AJI VICTORIA","YOU HAVE HIT THE MARK OF A CHAMPION, BRILLIANT PERFORMANCE. SOAR TO THE PEAK","OCHEJA BLESSING","EXECELLENT RESULT, KEEP IT UP","","","","images/principal_signatures/304d87.png","images/principal_signatures/b19261.png","0","2021/2022","2nd Term"),
("106","78","2","NURSERY 1","nursery","0","","1348.5","0","1400","0","96.32","","5th","","5th","","120","126","13","13","0","0","5","0","5","0","5","0","5","0","5","0","5","0","5","0","5","0","5","0","5","0","THE CHILD IS ABLE TO SCRIBBLE","THE CHILD IS ABLE TO DRAW AND PAINT","THE CHILD IS ABLE TO DANCE TO VARIETY OF MUSIC","THE CHILD IS ABLE TO INTERACTE WITH OTHERS","THE CHILD IS ABLE TO OBEY SIMPLE INSTRUCTIONS","THE CHILD IS ABLE TO INTERACT WITH THE SOCIAL HABIT OF HIS ENVIROMENT","THE CHILD IS ABLE TO PLAY WITH OTHERS IN GROUP AND SHARE EXPERIENCE TOGETHER","THE CHILD IS ABLE TO TAKE PART IN SOME GAMES","THE CHILD IS ABLE TO SING SOME HEALTH SONGS","THE CHILD IS ABLE TO TAKE PART IN SIMPLE GAMES AND CREATIVE ACTIVITIES","","0","","","0","","50","","2022-05-02","0","0","0","0","0","0","0","0","0","0","0","100","0","EXAM","CA","CA 2","CA 3","CA 4","CA 5","CA 6","CA 7","CA 8","CA 9","CA 10","MRS OKPE-AJI VICTORIA","YOU ARE A GENERAL, YOU HAVE EARNED YOURSELF AN EXCEPTIONAL PLACE. WELL DONE! KEEP ON SOARING","OCHEJA BLESSING","EXECELLENT RESULT, KEEP IT UP","","","","images/principal_signatures/304d87.png","images/principal_signatures/b19261.png","1","2021/2022","2nd Term"),
("107","80","2","NURSERY 1","nursery","0","","1355.5","0","1400","0","96.82","","4th","","4th","","116","126","13","13","0","0","5","0","5","0","5","0","5","0","5","0","5","0","5","0","5","0","5","0","5","0","THE CHILD IS ABLE TO SCRIBBLE","THE CHILD IS ABLE TO DRAW AND PAINT","THE CHILD IS ABLE TO DANCE TO VARIETY OF MUSIC","THE CHILD IS ABLE TO INTERACTE WITH OTHERS","THE CHILD IS ABLE TO OBEY SIMPLE INSTRUCTIONS","THE CHILD IS ABLE TO INTERACT WITH THE SOCIAL HABIT OF HIS ENVIROMENT","THE CHILD IS ABLE TO PLAY WITH OTHERS IN GROUP AND SHARE EXPERIENCE TOGETHER","THE CHILD IS ABLE TO TAKE PART IN SOME GAMES","THE CHILD IS ABLE TO SING SOME HEALTH SONGS","THE CHILD IS ABLE TO TAKE PART IN SIMPLE GAMES AND CREATIVE ACTIVITIES","","0","","","0","","50","","2022-05-02","0","0","0","0","0","0","0","0","0","0","0","100","0","EXAM","CA","CA 2","CA 3","CA 4","CA 5","CA 6","CA 7","CA 8","CA 9","CA 10","MRS OKPE-AJI VICTORIA","YOU ARE A GENERAL, YOU HAVE EARNED YOURSELF AN EXCEPTIONAL PLACE. WELL DONE! KEEP ON SOARING","OCHEJA BLESSING","EXECELLENT RESULT, KEEP IT UP","","","","images/principal_signatures/304d87.png","images/principal_signatures/b19261.png","1","2021/2022","2nd Term"),
("108","81","2","NURSERY 1","nursery","0","","1305.5","0","1400","0","93.25","","10th","","10th","","86","126","13","13","0","0","5","0","5","0","5","0","5","0","5","0","5","0","5","0","5","0","5","0","5","0","THE CHILD IS ABLE TO SCRIBBLE","THE CHILD IS ABLE TO DRAW AND PAINT","THE CHILD IS ABLE TO DANCE TO VARIETY OF MUSIC","THE CHILD IS ABLE TO INTERACTE WITH OTHERS","THE CHILD IS ABLE TO OBEY SIMPLE INSTRUCTIONS","THE CHILD IS ABLE TO INTERACT WITH THE SOCIAL HABIT OF HIS ENVIROMENT","THE CHILD IS ABLE TO PLAY WITH OTHERS IN GROUP AND SHARE EXPERIENCE TOGETHER","THE CHILD IS ABLE TO TAKE PART IN SOME GAMES","THE CHILD IS ABLE TO SING SOME HEALTH SONGS","THE CHILD IS ABLE TO TAKE PART IN SIMPLE GAMES AND CREATIVE ACTIVITIES","","0","","","0","","50","","2022-05-02","0","0","0","0","0","0","0","0","0","0","0","100","0","EXAM","CA","CA 2","CA 3","CA 4","CA 5","CA 6","CA 7","CA 8","CA 9","CA 10","MRS OKPE-AJI VICTORIA","YOU HAVE HIT THE MARK OF A CHAMPION, BRILLIANT PERFORMANCE. SOAR TO THE PEAK","OCHEJA BLESSING","EXECELLENT RESULT, KEEP IT UP","","","","images/principal_signatures/304d87.png","images/principal_signatures/b19261.png","0","2021/2022","2nd Term"),
("109","82","2","NURSERY 1","nursery","0","","1206.5","0","1400","0","86.18","","13th","","13th","","124","126","13","13","0","0","5","0","5","0","5","0","5","0","5","0","5","0","5","0","5","0","5","0","5","0","THE CHILD IS ABLE TO SCRIBBLE","THE CHILD IS ABLE TO DRAW AND PAINT","THE CHILD IS ABLE TO DANCE TO VARIETY OF MUSIC","THE CHILD IS ABLE TO INTERACTE WITH OTHERS","THE CHILD IS ABLE TO OBEY SIMPLE INSTRUCTIONS","THE CHILD IS ABLE TO INTERACT WITH THE SOCIAL HABIT OF HIS ENVIROMENT","THE CHILD IS ABLE TO PLAY WITH OTHERS IN GROUP AND SHARE EXPERIENCE TOGETHER","THE CHILD IS ABLE TO TAKE PART IN SOME GAMES","THE CHILD IS ABLE TO SING SOME HEALTH SONGS","THE CHILD IS ABLE TO TAKE PART IN SIMPLE GAMES AND CREATIVE ACTIVITIES","","0","","","0","","50","","2022-05-02","0","0","0","0","0","0","0","0","0","0","0","100","0","EXAM","CA","CA 2","CA 3","CA 4","CA 5","CA 6","CA 7","CA 8","CA 9","CA 10","MRS OKPE-AJI VICTORIA","VERY IMPRESSIVE WORK, WONDERFULLY DONE! YOU HAVE MADE A DIFFERENCE, YOU ARE NOW A REFERENCE POINT.","OCHEJA BLESSING","EXECELLENT RESULT, KEEP IT UP","","","","images/principal_signatures/304d87.png","images/principal_signatures/b19261.png","0","2021/2022","2nd Term"),
("110","83","2","NURSERY 1","nursery","0","","1330","0","1400","0","95","","8th","","8th","","122","126","13","13","0","0","5","0","5","0","5","0","5","0","5","0","5","0","5","0","5","0","5","0","5","0","THE CHILD IS ABLE TO SCRIBBLE","THE CHILD IS ABLE TO DRAW AND PAINT","THE CHILD IS ABLE TO DANCE TO VARIETY OF MUSIC","THE CHILD IS ABLE TO INTERACTE WITH OTHERS","THE CHILD IS ABLE TO OBEY SIMPLE INSTRUCTIONS","THE CHILD IS ABLE TO INTERACT WITH THE SOCIAL HABIT OF HIS ENVIROMENT","THE CHILD IS ABLE TO PLAY WITH OTHERS IN GROUP AND SHARE EXPERIENCE TOGETHER","THE CHILD IS ABLE TO TAKE PART IN SOME GAMES","THE CHILD IS ABLE TO SING SOME HEALTH SONGS","THE CHILD IS ABLE TO TAKE PART IN SIMPLE GAMES AND CREATIVE ACTIVITIES","","0","","","0","","50","","2022-05-02","0","0","0","0","0","0","0","0","0","0","0","100","0","EXAM","CA","CA 2","CA 3","CA 4","CA 5","CA 6","CA 7","CA 8","CA 9","CA 10","MRS OKPE-AJI VICTORIA","YOU ARE A GENERAL, YOU HAVE EARNED YOURSELF AN EXCEPTIONAL PLACE. WELL DONE! KEEP ON SOARING","OCHEJA BLESSING","EXECELLENT RESULT, KEEP IT UP","","","","images/principal_signatures/304d87.png","images/principal_signatures/b19261.png","0","2021/2022","2nd Term"),
("111","84","2","NURSERY 1","nursery","0","","1387","0","1400","0","99.07","","1st","","1st","","118","126","13","13","0","0","5","0","5","0","5","0","5","0","5","0","5","0","5","0","5","0","5","0","5","0","THE CHILD IS ABLE TO SCRIBBLE","THE CHILD IS ABLE TO DRAW AND PAINT","THE CHILD IS ABLE TO DANCE TO VARIETY OF MUSIC","THE CHILD IS ABLE TO INTERACTE WITH OTHERS","THE CHILD IS ABLE TO OBEY SIMPLE INSTRUCTIONS","THE CHILD IS ABLE TO INTERACT WITH THE SOCIAL HABIT OF HIS ENVIROMENT","THE CHILD IS ABLE TO PLAY WITH OTHERS IN GROUP AND SHARE EXPERIENCE TOGETHER","THE CHILD IS ABLE TO TAKE PART IN SOME GAMES","THE CHILD IS ABLE TO SING SOME HEALTH SONGS","THE CHILD IS ABLE TO TAKE PART IN SIMPLE GAMES AND CREATIVE ACTIVITIES","","0","","","0","","50","","2022-05-02","0","0","0","0","0","0","0","0","0","0","0","100","0","EXAM","CA","CA 2","CA 3","CA 4","CA 5","CA 6","CA 7","CA 8","CA 9","CA 10","MRS OKPE-AJI VICTORIA","YOU ARE A GENERAL, YOU HAVE EARNED YOURSELF AN EXCEPTIONAL PLACE. WELL DONE! KEEP ON SOARING","OCHEJA BLESSING","EXECELLENT RESULT, KEEP IT UP","","","","images/principal_signatures/304d87.png","images/principal_signatures/b19261.png","0","2021/2022","2nd Term"),
("112","85","2","NURSERY 1","nursery","0","","1381.5","0","1400","0","98.68","","2nd","","2nd","","114","126","13","13","0","0","5","0","5","0","5","0","5","0","5","0","5","0","5","0","5","0","5","0","5","0","THE CHILD IS ABLE TO SCRIBBLE","THE CHILD IS ABLE TO DRAW AND PAINT","THE CHILD IS ABLE TO DANCE TO VARIETY OF MUSIC","THE CHILD IS ABLE TO INTERACTE WITH OTHERS","THE CHILD IS ABLE TO OBEY SIMPLE INSTRUCTIONS","THE CHILD IS ABLE TO INTERACT WITH THE SOCIAL HABIT OF HIS ENVIROMENT","THE CHILD IS ABLE TO PLAY WITH OTHERS IN GROUP AND SHARE EXPERIENCE TOGETHER","THE CHILD IS ABLE TO TAKE PART IN SOME GAMES","THE CHILD IS ABLE TO SING SOME HEALTH SONGS","THE CHILD IS ABLE TO TAKE PART IN SIMPLE GAMES AND CREATIVE ACTIVITIES","","0","","","0","","50","","2022-05-02","0","0","0","0","0","0","0","0","0","0","0","100","0","EXAM","CA","CA 2","CA 3","CA 4","CA 5","CA 6","CA 7","CA 8","CA 9","CA 10","MRS OKPE-AJI VICTORIA","YOU ARE A GENERAL, YOU HAVE EARNED YOURSELF AN EXCEPTIONAL PLACE. WELL DONE! KEEP ON SOARING","OCHEJA BLESSING","EXECELLENT RESULT, KEEP IT UP","","","","images/principal_signatures/304d87.png","images/principal_signatures/b19261.png","0","2021/2022","2nd Term"),
("113","15","6","BASIC 2","primary","0","","781","0","1400","0","55.79","","9th","","9th","","116","126","10","10","0","0","4","0","4","0","2","0","4","0","1","0","2","0","4","0","2","0","4","0","2","0","HANDWRITING","NEATNESS","PUNCTUALITY","ATTENTIVENESS","INITIATIVE","RESPECT","OBEDIENCE","ATTITUDE","HONESTY","CREATIVITY","","0","","","0","","50","","2022-05-02","10","10","10","10","0","0","0","0","0","0","0","60","4","EXAM","CA","CA 2","CA 3","CA 4","CA 5","CA 6","CA 7","CA 8","CA 9","CA 10","MRS. OKPE-AJI VICTORIA","WELL DONE! YOU ARE ABOUT TO FLY, WITH MORE HARD WORK YOU CAN SCALE HIGHER WITH FLYING COLOURS.","JOHNSON UDEME","GOOD RESULT, PUT IN MORE EFFORT","","","","images/principal_signatures/304d87.png","images/principal_signatures/b19261.png","0","2021/2022","2nd Term"),
("114","16","6","BASIC 2","primary","0","","1140","0","1400","0","81.43","","5th","","5th","","126","126","10","10","0","0","4","0","4","0","4","0","3","0","4","0","3","0","3","0","4","0","4","0","3","0","HANDWRITING","NEATNESS","PUNCTUALITY","ATTENTIVENESS","INITIATIVE","RESPECT","OBEDIENCE","ATTITUDE","HONESTY","CREATIVITY","","0","","","0","","50","","2022-05-02","10","10","10","10","0","0","0","0","0","0","0","60","4","EXAM","CA","CA 2","CA 3","CA 4","CA 5","CA 6","CA 7","CA 8","CA 9","CA 10","MRS. OKPE-AJI VICTORIA","OUTSTANDING PERFORMANCE. YOU ARE IN A CLASS OF GOAL GETTERS. WELL DONE! KEEP THE SPIRIT UP.","JOHNSON UDEME","EXECELLENT RESULT, KEEP IT UP","","","","images/principal_signatures/304d87.png","images/principal_signatures/b19261.png","0","2021/2022","2nd Term"),
("115","17","6","BASIC 2","primary","0","","1276","0","1400","0","91.14","","2nd","","2nd","","122","126","10","10","0","0","2","0","4","0","2","0","3","0","4","0","3","0","3","0","4","0","4","0","4","0","HANDWRITING","NEATNESS","PUNCTUALITY","ATTENTIVENESS","INITIATIVE","RESPECT","OBEDIENCE","ATTITUDE","HONESTY","CREATIVITY","","0","","","0","","50","","2022-05-02","10","10","10","10","0","0","0","0","0","0","0","60","4","EXAM","CA","CA 2","CA 3","CA 4","CA 5","CA 6","CA 7","CA 8","CA 9","CA 10","MRS. OKPE-AJI VICTORIA","YOU HAVE HIT THE MARK OF A CHAMPION, BRILLIANT PERFORMANCE. SOAR TO THE PEAK","JOHNSON UDEME","EXECELLENT RESULT, KEEP IT UP","","","","images/principal_signatures/304d87.png","images/principal_signatures/b19261.png","0","2021/2022","2nd Term"),
("116","18","6","BASIC 2","primary","0","","894","0","1400","0","63.86","","7th","","7th","","126","126","10","10","0","0","4","0","4","0","2","0","3","0","4","0","3","0","5","0","4","0","5","0","4","0","HANDWRITING","NEATNESS","PUNCTUALITY","ATTENTIVENESS","INITIATIVE","RESPECT","OBEDIENCE","ATTITUDE","HONESTY","CREATIVITY","","0","","","0","","50","","2022-05-02","10","10","10","10","0","0","0","0","0","0","0","60","4","EXAM","CA","CA 2","CA 3","CA 4","CA 5","CA 6","CA 7","CA 8","CA 9","CA 10","MRS. OKPE-AJI VICTORIA","GREAT EFFORT. YOU DESERVE TO BE CELEBRATED, YOU HAVE SHOWN POTENTIALS FOR SUCCESS. YOU CAN DO BETTER.","JOHNSON UDEME","GOOD RESULT, PUT IN MORE EFFORT","","","","images/principal_signatures/304d87.png","images/principal_signatures/b19261.png","0","2021/2022","2nd Term"),
("117","19","6","BASIC 2","primary","0","","1338","0","1400","0","95.57","","1st","","1st","","126","126","10","10","0","0","3","0","3","0","4","0","3","0","3","0","3","0","4","0","4","0","4","0","4","0","HANDWRITING","NEATNESS","PUNCTUALITY","ATTENTIVENESS","INITIATIVE","RESPECT","OBEDIENCE","ATTITUDE","HONESTY","CREATIVITY","","0","","","0","","50","","2022-05-02","10","10","10","10","0","0","0","0","0","0","0","60","4","EXAM","CA","CA 2","CA 3","CA 4","CA 5","CA 6","CA 7","CA 8","CA 9","CA 10","MRS. OKPE-AJI VICTORIA","YOU ARE A GENERAL, YOU HAVE EARNED YOURSELF AN EXCEPTIONAL PLACE. WELL DONE! KEEP ON SOARING","JOHNSON UDEME","EXECELLENT RESULT, KEEP IT UP","","","","images/principal_signatures/304d87.png","images/principal_signatures/b19261.png","0","2021/2022","2nd Term"),
("118","20","6","BASIC 2","primary","0","","1236","0","1400","0","88.29","","4th","","4th","","126","126","10","10","0","0","2","0","4","0","2","0","3","0","4","0","4","0","4","0","4","0","4","0","4","0","HANDWRITING","NEATNESS","PUNCTUALITY","ATTENTIVENESS","INITIATIVE","RESPECT","OBEDIENCE","ATTITUDE","HONESTY","CREATIVITY","","0","","","0","","50","","2022-05-02","10","10","10","10","0","0","0","0","0","0","0","60","4","EXAM","CA","CA 2","CA 3","CA 4","CA 5","CA 6","CA 7","CA 8","CA 9","CA 10","MRS. OKPE-AJI VICTORIA","VERY IMPRESSIVE WORK, WONDERFULLY DONE! YOU HAVE MADE A DIFFERENCE, YOU ARE NOW A REFERENCE POINT.","JOHNSON UDEME","EXECELLENT RESULT, KEEP IT UP","","","","images/principal_signatures/304d87.png","images/principal_signatures/b19261.png","0","2021/2022","2nd Term"),
("119","21","6","BASIC 2","primary","0","","1265","0","1400","0","90.36","","3rd","","3rd","","126","126","10","10","0","0","4","0","4","0","4","0","4","0","4","0","4","0","3","0","4","0","4","0","4","0","HANDWRITING","NEATNESS","PUNCTUALITY","ATTENTIVENESS","INITIATIVE","RESPECT","OBEDIENCE","ATTITUDE","HONESTY","CREATIVITY","","0","","","0","","50","","2022-05-02","10","10","10","10","0","0","0","0","0","0","0","60","4","EXAM","CA","CA 2","CA 3","CA 4","CA 5","CA 6","CA 7","CA 8","CA 9","CA 10","MRS. OKPE-AJI VICTORIA","VERY IMPRESSIVE WORK, WONDERFULLY DONE! YOU HAVE MADE A DIFFERENCE, YOU ARE NOW A REFERENCE POINT.","JOHNSON UDEME","EXECELLENT RESULT, KEEP IT UP","","","","images/principal_signatures/304d87.png","images/principal_signatures/b19261.png","0","2021/2022","2nd Term"),
("120","22","6","BASIC 2","primary","0","","892","0","1400","0","63.71","","8th","","8th","","124","126","10","10","0","0","4","0","4","0","4","0","4","0","2","0","3","0","3","0","4","0","4","0","4","0","HANDWRITING","NEATNESS","PUNCTUALITY","ATTENTIVENESS","INITIATIVE","RESPECT","OBEDIENCE","ATTITUDE","HONESTY","CREATIVITY","","0","","","0","","50","","2022-05-02","10","10","10","10","0","0","0","0","0","0","0","60","4","EXAM","CA","CA 2","CA 3","CA 4","CA 5","CA 6","CA 7","CA 8","CA 9","CA 10","MRS. OKPE-AJI VICTORIA","GREAT EFFORT. YOU DESERVE TO BE CELEBRATED, YOU HAVE SHOWN POTENTIALS FOR SUCCESS. YOU CAN DO BETTER.","JOHNSON UDEME","GOOD RESULT, PUT IN MORE EFFORT","","","","images/principal_signatures/304d87.png","images/principal_signatures/b19261.png","0","2021/2022","2nd Term"),
("121","23","6","BASIC 2","primary","0","","652","0","1400","0","46.57","","10th","","10th","","110","126","10","10","0","0","1","0","4","0","4","0","4","0","4","0","4","0","4","0","4","0","4","0","4","0","HANDWRITING","NEATNESS","PUNCTUALITY","ATTENTIVENESS","INITIATIVE","RESPECT","OBEDIENCE","ATTITUDE","HONESTY","CREATIVITY","","0","","","0","","50","","2022-05-02","10","10","10","10","0","0","0","0","0","0","0","60","4","EXAM","CA","CA 2","CA 3","CA 4","CA 5","CA 6","CA 7","CA 8","CA 9","CA 10","MRS. OKPE-AJI VICTORIA","YOU HAVE THE POTENTIALS TO FLY, RELEASE MORE OF IT, AND YOU WILL FLY WITH MASTERY.","JOHNSON UDEME","ALMOST THERE, LETS WORK FOR A BETTER RESULT NEXT TERM","","","","images/principal_signatures/304d87.png","images/principal_signatures/b19261.png","0","2021/2022","2nd Term"),
("122","104","6","BASIC 2","primary","0","","1079","0","1400","0","77.07","","6th","","6th","","116","126","10","10","0","0","4","0","4","0","3","0","3","0","3","0","3","0","4","0","4","0","4","0","4","0","HANDWRITING","NEATNESS","PUNCTUALITY","ATTENTIVENESS","INITIATIVE","RESPECT","OBEDIENCE","ATTITUDE","HONESTY","CREATIVITY","","0","","","0","","50","","2022-05-02","10","10","10","10","0","0","0","0","0","0","0","60","4","EXAM","CA","CA 2","CA 3","CA 4","CA 5","CA 6","CA 7","CA 8","CA 9","CA 10","MRS. OKPE-AJI VICTORIA","YOU HAVE RANKED  YOURSELF AMONG THE ACADEMIC GLADIATORS, WELL DONE!  KEEP IT UP. THERE ARE MORE GROUNDS TO CONQUER.","JOHNSON UDEME","VERY GOOD PERFORMANCE","","","","images/principal_signatures/304d87.png","images/principal_signatures/b19261.png","0","2021/2022","2nd Term"),
("123","34","8","BASIC 4","primary","0","","997","0","1600","0","62.31","","17th","","17th","","120","126","17","17","0","0","3","0","3","0","4","0","3","0","3","0","4","0","4","0","3","0","3","0","3","0","HANDWRITING","NEATNESS","PUNCTUALITY","ATTENTIVENESS","INITIATIVE","RESPECT","OBEDIENCE","ATTITUDE","HONESTY","CREATIVITY","","0","","","0","","50","","2022-05-02","10","10","10","10","0","0","0","0","0","0","0","60","4","EXAM","CA 1","CA 2","CA 3","CA 4","CA 5","CA 6","CA 7","CA 8","CA 9","CA 10","MRS. OKPE-AJI VICTORIA","GREAT EFFORT. YOU DESERVE TO BE CELEBRATED, YOU HAVE SHOWN POTENTIALS FOR SUCCESS. YOU CAN DO BETTER.","ALHASSAN A","GOOD RESULT, PUT IN MORE EFFORT","","","","images/principal_signatures/304d87.png","images/principal_signatures/b19261.png","0","2021/2022","2nd Term"),
("124","35","8","BASIC 4","primary","0","","1392","0","1600","0","87","","6th","","6th","","126","126","17","17","0","0","3","0","5","0","4","0","4","0","4","0","3","0","4","0","3","0","4","0","3","0","HANDWRITING","NEATNESS","PUNCTUALITY","ATTENTIVENESS","INITIATIVE","RESPECT","OBEDIENCE","ATTITUDE","HONESTY","CREATIVITY","","0","","","0","","50","","2022-05-02","10","10","10","10","0","0","0","0","0","0","0","60","4","EXAM","CA 1","CA 2","CA 3","CA 4","CA 5","CA 6","CA 7","CA 8","CA 9","CA 10","MRS. OKPE-AJI VICTORIA","YOU HAVE HIT THE MARK OF A CHAMPION, BRILLIANT PERFORMANCE. SOAR TO THE PEAK","ALHASSAN A","EXECELLENT RESULT, KEEP IT UP","","","","images/principal_signatures/304d87.png","images/principal_signatures/b19261.png","0","2021/2022","2nd Term"),
("125","36","8","BASIC 4","primary","0","","1428","0","1600","0","89.25","","2nd","","2nd","","126","126","17","17","0","0","4","0","4","0","4","0","4","0","5","0","4","0","4","0","5","0","4","0","4","0","HANDWRITING","NEATNESS","PUNCTUALITY","ATTENTIVENESS","INITIATIVE","RESPECT","OBEDIENCE","ATTITUDE","HONESTY","CREATIVITY","","0","","","0","","50","","2022-05-02","10","10","10","10","0","0","0","0","0","0","0","60","4","EXAM","CA 1","CA 2","CA 3","CA 4","CA 5","CA 6","CA 7","CA 8","CA 9","CA 10","MRS. OKPE-AJI VICTORIA","YOU HAVE HIT THE MARK OF A CHAMPION, BRILLIANT PERFORMANCE. SOAR TO THE PEAK","ALHASSAN A","EXECELLENT RESULT, KEEP IT UP","","","","images/principal_signatures/304d87.png","images/principal_signatures/b19261.png","0","2021/2022","2nd Term"),
("126","37","8","BASIC 4","primary","0","","1242","0","1600","0","77.63","","12th","","12th","","120","126","17","17","0","0","3","0","3","0","4","0","5","0","4","0","5","0","5","0","4","0","4","0","4","0","HANDWRITING","NEATNESS","PUNCTUALITY","ATTENTIVENESS","INITIATIVE","RESPECT","OBEDIENCE","ATTITUDE","HONESTY","CREATIVITY","","0","","","0","","50","","2022-05-02","10","10","10","10","0","0","0","0","0","0","0","60","4","EXAM","CA 1","CA 2","CA 3","CA 4","CA 5","CA 6","CA 7","CA 8","CA 9","CA 10","MRS. OKPE-AJI VICTORIA","OUTSTANDING PERFORMANCE. YOU ARE IN A CLASS OF GOAL GETTERS. WELL DONE! KEEP THE SPIRIT UP.","ALHASSAN A","EXECELLENT RESULT, KEEP IT UP","","","","images/principal_signatures/304d87.png","images/principal_signatures/b19261.png","0","2021/2022","2nd Term"),
("127","38","8","BASIC 4","primary","0","","1254","0","1600","0","78.38","","11th","","11th","","120","126","17","17","0","0","3","0","5","0","3","0","3","0","3","0","4","0","3","0","4","0","5","0","3","0","HANDWRITING","NEATNESS","PUNCTUALITY","ATTENTIVENESS","INITIATIVE","RESPECT","OBEDIENCE","ATTITUDE","HONESTY","CREATIVITY","","0","","","0","","50","","2022-05-02","10","10","10","10","0","0","0","0","0","0","0","60","4","EXAM","CA 1","CA 2","CA 3","CA 4","CA 5","CA 6","CA 7","CA 8","CA 9","CA 10","MRS. OKPE-AJI VICTORIA","OUTSTANDING PERFORMANCE. YOU ARE IN A CLASS OF GOAL GETTERS. WELL DONE! KEEP THE SPIRIT UP.","ALHASSAN A","EXECELLENT RESULT, KEEP IT UP","","","","images/principal_signatures/304d87.png","images/principal_signatures/b19261.png","0","2021/2022","2nd Term"),
("128","39","8","BASIC 4","primary","0","","1190","0","1600","0","74.38","","15th","","15th","","120","126","17","17","0","0","3","0","5","0","3","0","4","0","3","0","4","0","4","0","4","0","4","0","4","0","HANDWRITING","NEATNESS","PUNCTUALITY","ATTENTIVENESS","INITIATIVE","RESPECT","OBEDIENCE","ATTITUDE","HONESTY","CREATIVITY","","0","","","0","","50","","2022-05-02","10","10","10","10","0","0","0","0","0","0","0","60","4","EXAM","CA 1","CA 2","CA 3","CA 4","CA 5","CA 6","CA 7","CA 8","CA 9","CA 10","MRS. OKPE-AJI VICTORIA","YOU HAVE RANKED  YOURSELF AMONG THE ACADEMIC GLADIATORS, WELL DONE!  KEEP IT UP. THERE ARE MORE GROUNDS TO CONQUER.","ALHASSAN A","VERY GOOD PERFORMANCE","","","","images/principal_signatures/304d87.png","images/principal_signatures/b19261.png","0","2021/2022","2nd Term"),
("129","40","8","BASIC 4","primary","0","","1223","0","1600","0","76.44","","13th","","13th","","106","126","17","17","0","0","3","0","5","0","3","0","4","0","3","0","3","0","3","0","3","0","4","0","5","0","HANDWRITING","NEATNESS","PUNCTUALITY","ATTENTIVENESS","INITIATIVE","RESPECT","OBEDIENCE","ATTITUDE","HONESTY","CREATIVITY","","0","","","0","","50","","2022-05-02","10","10","10","10","0","0","0","0","0","0","0","60","4","EXAM","CA 1","CA 2","CA 3","CA 4","CA 5","CA 6","CA 7","CA 8","CA 9","CA 10","MRS. OKPE-AJI VICTORIA","YOU HAVE RANKED  YOURSELF AMONG THE ACADEMIC GLADIATORS, WELL DONE!  KEEP IT UP. THERE ARE MORE GROUNDS TO CONQUER.","ALHASSAN A","VERY GOOD PERFORMANCE","","","","images/principal_signatures/304d87.png","images/principal_signatures/b19261.png","0","2021/2022","2nd Term"),
("130","41","8","BASIC 4","primary","0","","1411","0","1600","0","88.19","","4th","","4th","","126","126","17","17","0","0","4","0","4","0","4","0","4","0","4","0","4","0","5","0","4","0","4","0","4","0","HANDWRITING","NEATNESS","PUNCTUALITY","ATTENTIVENESS","INITIATIVE","RESPECT","OBEDIENCE","ATTITUDE","HONESTY","CREATIVITY","","0","","","0","","50","","2022-05-02","10","10","10","10","0","0","0","0","0","0","0","60","4","EXAM","CA 1","CA 2","CA 3","CA 4","CA 5","CA 6","CA 7","CA 8","CA 9","CA 10","MRS. OKPE-AJI VICTORIA","YOU HAVE HIT THE MARK OF A CHAMPION, BRILLIANT PERFORMANCE. SOAR TO THE PEAK","ALHASSAN A","EXECELLENT RESULT, KEEP IT UP","","","","images/principal_signatures/304d87.png","images/principal_signatures/b19261.png","0","2021/2022","2nd Term"),
("131","42","8","BASIC 4","primary","0","","1293","0","1600","0","80.81","","10th","","10th","","124","126","17","17","0","0","3","0","5","0","3","0","3","0","3","0","3","0","3","0","3","0","3","0","3","0","HANDWRITING","NEATNESS","PUNCTUALITY","ATTENTIVENESS","INITIATIVE","RESPECT","OBEDIENCE","ATTITUDE","HONESTY","CREATIVITY","","0","","","0","","50","","2022-05-02","10","10","10","10","0","0","0","0","0","0","0","60","4","EXAM","CA 1","CA 2","CA 3","CA 4","CA 5","CA 6","CA 7","CA 8","CA 9","CA 10","MRS. OKPE-AJI VICTORIA","OUTSTANDING PERFORMANCE. YOU ARE IN A CLASS OF GOAL GETTERS. WELL DONE! KEEP THE SPIRIT UP.","ALHASSAN A","EXECELLENT RESULT, KEEP IT UP","","","","images/principal_signatures/304d87.png","images/principal_signatures/b19261.png","0","2021/2022","2nd Term"),
("132","43","8","BASIC 4","primary","0","","1345","0","1600","0","84.06","","9th","","9th","","126","126","17","17","0","0","3","0","5","0","3","0","3","0","3","0","4","0","3","0","3","0","3","0","4","0","HANDWRITING","NEATNESS","PUNCTUALITY","ATTENTIVENESS","INITIATIVE","RESPECT","OBEDIENCE","ATTITUDE","HONESTY","CREATIVITY","","0","","","0","","50","","2022-05-02","10","10","10","10","0","0","0","0","0","0","0","60","4","EXAM","CA 1","CA 2","CA 3","CA 4","CA 5","CA 6","CA 7","CA 8","CA 9","CA 10","MRS. OKPE-AJI VICTORIA","VERY IMPRESSIVE WORK, WONDERFULLY DONE! YOU HAVE MADE A DIFFERENCE, YOU ARE NOW A REFERENCE POINT.","ALHASSAN A","EXECELLENT RESULT, KEEP IT UP","","","","images/principal_signatures/304d87.png","images/principal_signatures/b19261.png","0","2021/2022","2nd Term"),
("133","44","8","BASIC 4","primary","0","","1442","0","1600","0","90.13","","1st","","1st","","126","126","17","17","0","0","5","0","4","0","4","0","4","0","5","0","3","0","3","0","4","0","4","0","5","0","HANDWRITING","NEATNESS","PUNCTUALITY","ATTENTIVENESS","INITIATIVE","RESPECT","OBEDIENCE","ATTITUDE","HONESTY","CREATIVITY","","0","","","0","","50","","2022-05-02","10","10","10","10","0","0","0","0","0","0","0","60","4","EXAM","CA 1","CA 2","CA 3","CA 4","CA 5","CA 6","CA 7","CA 8","CA 9","CA 10","MRS. OKPE-AJI VICTORIA","YOU HAVE HIT THE MARK OF A CHAMPION, BRILLIANT PERFORMANCE. SOAR TO THE PEAK","ALHASSAN A","EXECELLENT RESULT, KEEP IT UP","","","","images/principal_signatures/304d87.png","images/principal_signatures/b19261.png","0","2021/2022","2nd Term"),
("134","45","8","BASIC 4","primary","0","","1383","0","1600","0","86.44","","7th","","7th","","126","126","17","17","0","0","4","0","3","0","4","0","4","0","4","0","4","0","4","0","3","0","4","0","4","0","HANDWRITING","NEATNESS","PUNCTUALITY","ATTENTIVENESS","INITIATIVE","RESPECT","OBEDIENCE","ATTITUDE","HONESTY","CREATIVITY","","0","","","0","","50","","2022-05-02","10","10","10","10","0","0","0","0","0","0","0","60","4","EXAM","CA 1","CA 2","CA 3","CA 4","CA 5","CA 6","CA 7","CA 8","CA 9","CA 10","MRS. OKPE-AJI VICTORIA","VERY IMPRESSIVE WORK, WONDERFULLY DONE! YOU HAVE MADE A DIFFERENCE, YOU ARE NOW A REFERENCE POINT.","ALHASSAN A","EXECELLENT RESULT, KEEP IT UP","","","","images/principal_signatures/304d87.png","images/principal_signatures/b19261.png","0","2021/2022","2nd Term"),
("135","46","8","BASIC 4","primary","0","","1069","0","1600","0","66.81","","16th","","16th","","124","126","17","17","0","0","3","0","4","0","4","0","3","0","3","0","4","0","4","0","5","0","3","0","3","0","HANDWRITING","NEATNESS","PUNCTUALITY","ATTENTIVENESS","INITIATIVE","RESPECT","OBEDIENCE","ATTITUDE","HONESTY","CREATIVITY","","0","","","0","","50","","2022-05-02","10","10","10","10","0","0","0","0","0","0","0","60","4","EXAM","CA 1","CA 2","CA 3","CA 4","CA 5","CA 6","CA 7","CA 8","CA 9","CA 10","MRS. OKPE-AJI VICTORIA","IMPRESSIVE WORK. YOU ARE ON THE PATH TO EXCELLENCE, JUST A LITTLE MORE EFFORT AND YOU ARE ON TOP.","ALHASSAN A","GOOD RESULT, PUT IN MORE EFFORT","","","","images/principal_signatures/304d87.png","images/principal_signatures/b19261.png","0","2021/2022","2nd Term"),
("136","47","8","BASIC 4","primary","0","","1424","0","1600","0","89","","3rd","","3rd","","126","126","17","17","0","0","3","0","3","0","5","0","5","0","4","0","4","0","3","0","4","0","4","0","4","0","HANDWRITING","NEATNESS","PUNCTUALITY","ATTENTIVENESS","INITIATIVE","RESPECT","OBEDIENCE","ATTITUDE","HONESTY","CREATIVITY","","0","","","0","","50","","2022-05-02","10","10","10","10","0","0","0","0","0","0","0","60","4","EXAM","CA 1","CA 2","CA 3","CA 4","CA 5","CA 6","CA 7","CA 8","CA 9","CA 10","MRS. OKPE-AJI VICTORIA","YOU HAVE HIT THE MARK OF A CHAMPION, BRILLIANT PERFORMANCE. SOAR TO THE PEAK","ALHASSAN A","EXECELLENT RESULT, KEEP IT UP","","","","images/principal_signatures/304d87.png","images/principal_signatures/b19261.png","0","2021/2022","2nd Term"),
("137","48","8","BASIC 4","primary","0","","1365","0","1600","0","85.31","","8th","","8th","","126","126","17","17","0","0","3","0","3","0","5","0","4","0","3","0","4","0","3","0","4","0","3","0","4","0","HANDWRITING","NEATNESS","PUNCTUALITY","ATTENTIVENESS","INITIATIVE","RESPECT","OBEDIENCE","ATTITUDE","HONESTY","CREATIVITY","","0","","","0","","50","","2022-05-02","10","10","10","10","0","0","0","0","0","0","0","60","4","EXAM","CA 1","CA 2","CA 3","CA 4","CA 5","CA 6","CA 7","CA 8","CA 9","CA 10","MRS. OKPE-AJI VICTORIA","VERY IMPRESSIVE WORK, WONDERFULLY DONE! YOU HAVE MADE A DIFFERENCE, YOU ARE NOW A REFERENCE POINT.","ALHASSAN A","EXECELLENT RESULT, KEEP IT UP","","","","images/principal_signatures/304d87.png","images/principal_signatures/b19261.png","0","2021/2022","2nd Term"),
("138","49","8","BASIC 4","primary","0","","1398","0","1600","0","87.38","","5th","","5th","","124","126","17","17","0","0","3","0","3","0","3","0","4","0","3","0","5","0","4","0","3","0","4","0","5","0","HANDWRITING","NEATNESS","PUNCTUALITY","ATTENTIVENESS","INITIATIVE","RESPECT","OBEDIENCE","ATTITUDE","HONESTY","CREATIVITY","","0","","","0","","50","","2022-05-02","10","10","10","10","0","0","0","0","0","0","0","60","4","EXAM","CA 1","CA 2","CA 3","CA 4","CA 5","CA 6","CA 7","CA 8","CA 9","CA 10","MRS. OKPE-AJI VICTORIA","VERY IMPRESSIVE WORK, WONDERFULLY DONE! YOU HAVE MADE A DIFFERENCE, YOU ARE NOW A REFERENCE POINT.","ALHASSAN A","EXECELLENT RESULT, KEEP IT UP","","","","images/principal_signatures/304d87.png","images/principal_signatures/b19261.png","0","2021/2022","2nd Term"),
("139","103","8","BASIC 4","primary","0","","1202","0","1600","0","75.13","","14th","","14th","","30","126","17","17","0","0","5","0","5","0","5","0","5","0","5","0","5","0","5","0","5","0","5","0","5","0","HANDWRITING","NEATNESS","PUNCTUALITY","ATTENTIVENESS","INITIATIVE","RESPECT","OBEDIENCE","ATTITUDE","HONESTY","CREATIVITY","","0","","","0","","50","","2022-05-02","10","10","10","10","0","0","0","0","0","0","0","60","4","EXAM","CA 1","CA 2","CA 3","CA 4","CA 5","CA 6","CA 7","CA 8","CA 9","CA 10","MRS. OKPE-AJI VICTORIA","YOU HAVE RANKED  YOURSELF AMONG THE ACADEMIC GLADIATORS, WELL DONE!  KEEP IT UP. THERE ARE MORE GROUNDS TO CONQUER.","ALHASSAN A","VERY GOOD PERFORMANCE","","","","images/principal_signatures/304d87.png","images/principal_signatures/b19261.png","0","2021/2022","2nd Term"),
("140","24","3","NURSERY 2","nursery","0","","1246","0","1400","0","89","","5th","","5th","","116","126","10","10","0","0","5","0","4","0","4","0","5","0","3","0","4","0","5","0","5","0","4","0","4","0","THE CHILD IS ABLE TO SCRIBBLE","THE CHILD IS ABLE TO DRAW AND PAINT","THE CHILD IS ABLE TO DANCE TO VARIETY OF MUSIC","THE CHILD IS ABLE TO INTERACTE WITH OTHERS","THE CHILD IS ABLE TO OBEY SIMPLE INSTRUCTIONS","THE CHILD IS ABLE TO INTERACT WITH THE SOCIAL HABIT OF HIS ENVIROMENT","THE CHILD IS ABLE TO PLAY WITH OTHERS IN GROUP AND SHARE EXPERIENCE TOGETHER","THE CHILD IS ABLE TO TAKE PART IN SOME GAMES","THE CHILD IS ABLE TO SING SOME HEALTH SONGS","THE CHILD IS ABLE TO TAKE PART IN SIMPLE GAMES AND CREATIVE ACTIVITIES","","0","","","0","","50","","2022-05-02","0","0","0","0","0","0","0","0","0","0","0","100","0","EXAM","CA","CA 2","CA 3","CA 4","CA 5","CA 6","CA 7","CA 8","CA 9","CA 10","MRS OKPE-AJI VICTORIA","VERY IMPRESSIVE WORK, WONDERFULLY DONE! YOU HAVE MADE A DIFFERENCE, YOU ARE NOW A REFERENCE POINT.","OJOMA JOY","EXECELLENT RESULT, KEEP IT UP","","","","images/principal_signatures/304d87.png","images/principal_signatures/b19261.png","0","2021/2022","2nd Term"),
("141","25","3","NURSERY 2","nursery","0","","1156","0","1400","0","82.57","","8th","","8th","","100","126","10","10","0","0","4","0","4","0","5","0","5","0","3","0","5","0","5","0","5","0","5","0","5","0","THE CHILD IS ABLE TO SCRIBBLE","THE CHILD IS ABLE TO DRAW AND PAINT","THE CHILD IS ABLE TO DANCE TO VARIETY OF MUSIC","THE CHILD IS ABLE TO INTERACTE WITH OTHERS","THE CHILD IS ABLE TO OBEY SIMPLE INSTRUCTIONS","THE CHILD IS ABLE TO INTERACT WITH THE SOCIAL HABIT OF HIS ENVIROMENT","THE CHILD IS ABLE TO PLAY WITH OTHERS IN GROUP AND SHARE EXPERIENCE TOGETHER","THE CHILD IS ABLE TO TAKE PART IN SOME GAMES","THE CHILD IS ABLE TO SING SOME HEALTH SONGS","THE CHILD IS ABLE TO TAKE PART IN SIMPLE GAMES AND CREATIVE ACTIVITIES","","0","","","0","","50","","2022-05-02","0","0","0","0","0","0","0","0","0","0","0","100","0","EXAM","CA","CA 2","CA 3","CA 4","CA 5","CA 6","CA 7","CA 8","CA 9","CA 10","MRS OKPE-AJI VICTORIA","OUTSTANDING PERFORMANCE. YOU ARE IN A CLASS OF GOAL GETTERS. WELL DONE! KEEP THE SPIRIT UP.","OJOMA JOY","EXECELLENT RESULT, KEEP IT UP","","","","images/principal_signatures/304d87.png","images/principal_signatures/b19261.png","0","2021/2022","2nd Term"),
("142","26","3","NURSERY 2","nursery","0","","1000","0","1400","0","71.43","","9th","","9th","","118","126","10","10","0","0","5","0","4","0","4","0","3","0","3","0","4","0","3","0","4","0","4","0","4","0","THE CHILD IS ABLE TO SCRIBBLE","THE CHILD IS ABLE TO DRAW AND PAINT","THE CHILD IS ABLE TO DANCE TO VARIETY OF MUSIC","THE CHILD IS ABLE TO INTERACTE WITH OTHERS","THE CHILD IS ABLE TO OBEY SIMPLE INSTRUCTIONS","THE CHILD IS ABLE TO INTERACT WITH THE SOCIAL HABIT OF HIS ENVIROMENT","THE CHILD IS ABLE TO PLAY WITH OTHERS IN GROUP AND SHARE EXPERIENCE TOGETHER","THE CHILD IS ABLE TO TAKE PART IN SOME GAMES","THE CHILD IS ABLE TO SING SOME HEALTH SONGS","THE CHILD IS ABLE TO TAKE PART IN SIMPLE GAMES AND CREATIVE ACTIVITIES","","0","","","0","","50","","2022-05-02","0","0","0","0","0","0","0","0","0","0","0","100","0","EXAM","CA","CA 2","CA 3","CA 4","CA 5","CA 6","CA 7","CA 8","CA 9","CA 10","MRS OKPE-AJI VICTORIA","YOU HAVE UNLOCKED THE SUCCESS KEY, KEEP IT UP. THE SKY IS YOUR STARTING POINT.","OJOMA JOY","VERY GOOD PERFORMANCE","","","","images/principal_signatures/304d87.png","images/principal_signatures/b19261.png","0","2021/2022","2nd Term"),
("143","27","3","NURSERY 2","nursery","0","","1365","0","1400","0","97.5","","2nd","","2nd","","126","126","10","10","0","0","4","0","3","0","5","0","5","0","5","0","5","0","5","0","5","0","5","0","5","0","THE CHILD IS ABLE TO SCRIBBLE","THE CHILD IS ABLE TO DRAW AND PAINT","THE CHILD IS ABLE TO DANCE TO VARIETY OF MUSIC","THE CHILD IS ABLE TO INTERACTE WITH OTHERS","THE CHILD IS ABLE TO OBEY SIMPLE INSTRUCTIONS","THE CHILD IS ABLE TO INTERACT WITH THE SOCIAL HABIT OF HIS ENVIROMENT","THE CHILD IS ABLE TO PLAY WITH OTHERS IN GROUP AND SHARE EXPERIENCE TOGETHER","THE CHILD IS ABLE TO TAKE PART IN SOME GAMES","THE CHILD IS ABLE TO SING SOME HEALTH SONGS","THE CHILD IS ABLE TO TAKE PART IN SIMPLE GAMES AND CREATIVE ACTIVITIES","","0","","","0","","50","","2022-05-02","0","0","0","0","0","0","0","0","0","0","0","100","0","EXAM","CA","CA 2","CA 3","CA 4","CA 5","CA 6","CA 7","CA 8","CA 9","CA 10","MRS OKPE-AJI VICTORIA","YOU ARE A GENERAL, YOU HAVE EARNED YOURSELF AN EXCEPTIONAL PLACE. WELL DONE! KEEP ON SOARING","OJOMA JOY","EXECELLENT RESULT, KEEP IT UP","","","","images/principal_signatures/304d87.png","images/principal_signatures/b19261.png","0","2021/2022","2nd Term"),
("144","29","3","NURSERY 2","nursery","0","","1204","0","1400","0","86","","6th","","6th","","126","126","10","10","0","0","5","0","4","0","5","0","5","0","3","0","5","0","5","0","4","0","5","0","5","0","THE CHILD IS ABLE TO SCRIBBLE","THE CHILD IS ABLE TO DRAW AND PAINT","THE CHILD IS ABLE TO DANCE TO VARIETY OF MUSIC","THE CHILD IS ABLE TO INTERACTE WITH OTHERS","THE CHILD IS ABLE TO OBEY SIMPLE INSTRUCTIONS","THE CHILD IS ABLE TO INTERACT WITH THE SOCIAL HABIT OF HIS ENVIROMENT","THE CHILD IS ABLE TO PLAY WITH OTHERS IN GROUP AND SHARE EXPERIENCE TOGETHER","THE CHILD IS ABLE TO TAKE PART IN SOME GAMES","THE CHILD IS ABLE TO SING SOME HEALTH SONGS","THE CHILD IS ABLE TO TAKE PART IN SIMPLE GAMES AND CREATIVE ACTIVITIES","","0","","","0","","50","","2022-05-02","0","0","0","0","0","0","0","0","0","0","0","100","0","EXAM","CA","CA 2","CA 3","CA 4","CA 5","CA 6","CA 7","CA 8","CA 9","CA 10","MRS OKPE-AJI VICTORIA","VERY IMPRESSIVE WORK, WONDERFULLY DONE! YOU HAVE MADE A DIFFERENCE, YOU ARE NOW A REFERENCE POINT.","OJOMA JOY","EXECELLENT RESULT, KEEP IT UP","","","","images/principal_signatures/304d87.png","images/principal_signatures/b19261.png","1","2021/2022","2nd Term"),
("145","30","3","NURSERY 2","nursery","0","","772","0","1400","0","55.14","","10th","","10th","","126","126","10","10","0","0","2","0","2","0","4","0","5","0","3","0","5","0","3","0","5","0","3","0","5","0","THE CHILD IS ABLE TO SCRIBBLE","THE CHILD IS ABLE TO DRAW AND PAINT","THE CHILD IS ABLE TO DANCE TO VARIETY OF MUSIC","THE CHILD IS ABLE TO INTERACTE WITH OTHERS","THE CHILD IS ABLE TO OBEY SIMPLE INSTRUCTIONS","THE CHILD IS ABLE TO INTERACT WITH THE SOCIAL HABIT OF HIS ENVIROMENT","THE CHILD IS ABLE TO PLAY WITH OTHERS IN GROUP AND SHARE EXPERIENCE TOGETHER","THE CHILD IS ABLE TO TAKE PART IN SOME GAMES","THE CHILD IS ABLE TO SING SOME HEALTH SONGS","THE CHILD IS ABLE TO TAKE PART IN SIMPLE GAMES AND CREATIVE ACTIVITIES","","0","","","0","","50","","2022-05-02","0","0","0","0","0","0","0","0","0","0","0","100","0","EXAM","CA","CA 2","CA 3","CA 4","CA 5","CA 6","CA 7","CA 8","CA 9","CA 10","MRS OKPE-AJI VICTORIA","WELL DONE! YOU ARE ABOUT TO FLY, WITH MORE HARD WORK YOU CAN SCALE HIGHER WITH FLYING COLOURS.","OJOMA JOY","GOOD RESULT, PUT IN MORE EFFORT","","","","images/principal_signatures/304d87.png","images/principal_signatures/b19261.png","1","2021/2022","2nd Term"),
("146","31","3","NURSERY 2","nursery","0","","1181","0","1400","0","84.36","","7th","","7th","","70","126","10","10","0","0","4","0","4","0","4","0","5","0","3","0","5","0","5","0","5","0","5","0","5","0","THE CHILD IS ABLE TO SCRIBBLE","THE CHILD IS ABLE TO DRAW AND PAINT","THE CHILD IS ABLE TO DANCE TO VARIETY OF MUSIC","THE CHILD IS ABLE TO INTERACTE WITH OTHERS","THE CHILD IS ABLE TO OBEY SIMPLE INSTRUCTIONS","THE CHILD IS ABLE TO INTERACT WITH THE SOCIAL HABIT OF HIS ENVIROMENT","THE CHILD IS ABLE TO PLAY WITH OTHERS IN GROUP AND SHARE EXPERIENCE TOGETHER","THE CHILD IS ABLE TO TAKE PART IN SOME GAMES","THE CHILD IS ABLE TO SING SOME HEALTH SONGS","THE CHILD IS ABLE TO TAKE PART IN SIMPLE GAMES AND CREATIVE ACTIVITIES","","0","","","0","","50","","2022-05-02","0","0","0","0","0","0","0","0","0","0","0","100","0","EXAM","CA","CA 2","CA 3","CA 4","CA 5","CA 6","CA 7","CA 8","CA 9","CA 10","MRS OKPE-AJI VICTORIA","OUTSTANDING PERFORMANCE. YOU ARE IN A CLASS OF GOAL GETTERS. WELL DONE! KEEP THE SPIRIT UP.","OJOMA JOY","EXECELLENT RESULT, KEEP IT UP","","","","images/principal_signatures/304d87.png","images/principal_signatures/b19261.png","0","2021/2022","2nd Term"),
("147","32","3","NURSERY 2","nursery","0","","1311","0","1400","0","93.64","","4th","","4th","","112","126","10","10","0","0","5","0","5","0","5","0","5","0","5","0","5","0","5","0","5","0","5","0","5","0","THE CHILD IS ABLE TO SCRIBBLE","THE CHILD IS ABLE TO DRAW AND PAINT","THE CHILD IS ABLE TO DANCE TO VARIETY OF MUSIC","THE CHILD IS ABLE TO INTERACTE WITH OTHERS","THE CHILD IS ABLE TO OBEY SIMPLE INSTRUCTIONS","THE CHILD IS ABLE TO INTERACT WITH THE SOCIAL HABIT OF HIS ENVIROMENT","THE CHILD IS ABLE TO PLAY WITH OTHERS IN GROUP AND SHARE EXPERIENCE TOGETHER","THE CHILD IS ABLE TO TAKE PART IN SOME GAMES","THE CHILD IS ABLE TO SING SOME HEALTH SONGS","THE CHILD IS ABLE TO TAKE PART IN SIMPLE GAMES AND CREATIVE ACTIVITIES","","0","","","0","","50","","2022-05-02","0","0","0","0","0","0","0","0","0","0","0","100","0","EXAM","CA","CA 2","CA 3","CA 4","CA 5","CA 6","CA 7","CA 8","CA 9","CA 10","MRS OKPE-AJI VICTORIA","YOU HAVE HIT THE MARK OF A CHAMPION, BRILLIANT PERFORMANCE. SOAR TO THE PEAK","OJOMA JOY","EXECELLENT RESULT, KEEP IT UP","","","","images/principal_signatures/304d87.png","images/principal_signatures/b19261.png","0","2021/2022","2nd Term"),
("148","33","3","NURSERY 2","nursery","0","","1349","0","1400","0","96.36","","3rd","","3rd","","124","126","10","10","0","0","5","0","5","0","5","0","5","0","5","0","5","0","5","0","5","0","5","0","5","0","THE CHILD IS ABLE TO SCRIBBLE","THE CHILD IS ABLE TO DRAW AND PAINT","THE CHILD IS ABLE TO DANCE TO VARIETY OF MUSIC","THE CHILD IS ABLE TO INTERACTE WITH OTHERS","THE CHILD IS ABLE TO OBEY SIMPLE INSTRUCTIONS","THE CHILD IS ABLE TO INTERACT WITH THE SOCIAL HABIT OF HIS ENVIROMENT","THE CHILD IS ABLE TO PLAY WITH OTHERS IN GROUP AND SHARE EXPERIENCE TOGETHER","THE CHILD IS ABLE TO TAKE PART IN SOME GAMES","THE CHILD IS ABLE TO SING SOME HEALTH SONGS","THE CHILD IS ABLE TO TAKE PART IN SIMPLE GAMES AND CREATIVE ACTIVITIES","","0","","","0","","50","","2022-05-02","0","0","0","0","0","0","0","0","0","0","0","100","0","EXAM","CA","CA 2","CA 3","CA 4","CA 5","CA 6","CA 7","CA 8","CA 9","CA 10","MRS OKPE-AJI VICTORIA","YOU ARE A GENERAL, YOU HAVE EARNED YOURSELF AN EXCEPTIONAL PLACE. WELL DONE! KEEP ON SOARING","OJOMA JOY","EXECELLENT RESULT, KEEP IT UP","","","","images/principal_signatures/304d87.png","images/principal_signatures/b19261.png","0","2021/2022","2nd Term"),
("149","106","3","NURSERY 2","nursery","0","","1390","0","1400","0","99.29","","1st","","1st","","124","126","10","10","0","0","5","0","5","0","5","0","5","0","5","0","5","0","5","0","5","0","5","0","5","0","THE CHILD IS ABLE TO SCRIBBLE","THE CHILD IS ABLE TO DRAW AND PAINT","THE CHILD IS ABLE TO DANCE TO VARIETY OF MUSIC","THE CHILD IS ABLE TO INTERACTE WITH OTHERS","THE CHILD IS ABLE TO OBEY SIMPLE INSTRUCTIONS","THE CHILD IS ABLE TO INTERACT WITH THE SOCIAL HABIT OF HIS ENVIROMENT","THE CHILD IS ABLE TO PLAY WITH OTHERS IN GROUP AND SHARE EXPERIENCE TOGETHER","THE CHILD IS ABLE TO TAKE PART IN SOME GAMES","THE CHILD IS ABLE TO SING SOME HEALTH SONGS","THE CHILD IS ABLE TO TAKE PART IN SIMPLE GAMES AND CREATIVE ACTIVITIES","","0","","","0","","50","","2022-05-02","0","0","0","0","0","0","0","0","0","0","0","100","0","EXAM","CA","CA 2","CA 3","CA 4","CA 5","CA 6","CA 7","CA 8","CA 9","CA 10","MRS OKPE-AJI VICTORIA","YOU ARE A GENERAL, YOU HAVE EARNED YOURSELF AN EXCEPTIONAL PLACE. WELL DONE! KEEP ON SOARING","OJOMA JOY","EXECELLENT RESULT, KEEP IT UP","","","","images/principal_signatures/304d87.png","images/principal_signatures/b19261.png","0","2021/2022","2nd Term"),
("150","68","4","PLAY GROUP","nursery","0","","510","0","900","0","56.67","","1st","","1st","","116","126","1","1","0","0","3","0","3","0","5","0","5","0","3","0","5","0","5","0","5","0","5","0","5","0","I LISTEN ATTENTIVELY","I WORK INDEPENDENTLY","I AM NEAT AND ORDERLY IN APPEARANCE AND WORK","I PARTICIPATE IN A VARIETY OF ACTIVITIES","I COMPLETE WORK ON TIME","I AM COURTEOUS AND I PLAY WELL WITH OTHERS","I ACCEPT CHANGES AND RESPOND WELL TO CORRECTION","I KNOW MY NAME AND MY AGE","I KNOW MY HOUSE ADDRESS AND THE NAME OF MY SCHOOL","I CAN DRESS- UP MYSELF AND BUCKLE MY SHOES","","0","","","0","","50","","2022-05-02","0","0","0","0","0","0","0","0","0","0","0","100","0","EXAM","CA","CA 2","CA 3","CA 4","CA 5","CA 6","CA 7","CA 8","CA 9","CA 10","MRS OKPE-AJI VICTORIA","WELL DONE! YOU ARE ABOUT TO FLY, WITH MORE HARD WORK YOU CAN SCALE HIGHER WITH FLYING COLOURS.","AKODE BOSE","GOOD RESULT, PUT IN MORE EFFORT","","","","images/principal_signatures/304d87.png","images/principal_signatures/b19261.png","0","2021/2022","2nd Term"),
("151","60","1","KINDERGARTEN","nursery","0","","1098","0","1100","0","99.82","","2nd","","2nd","","122","126","9","9","0","0","5","0","5","0","5","0","5","0","5","0","5","0","4","0","4","0","3","0","5","0","I LISTEN ATTENTIVELY","I WORK INDEPENDENTLY","I AM NEAT AND ORDERLY IN APPEARANCE AND WORK","I PARTICIPATE IN A VARIETY OF ACTIVITIES","I COMPLETE WORK ON TIME","I AM COURTEOUS AND I PLAY WELL WITH OTHERS","I ACCEPT CHANGES AND RESPOND WELL TO CORRECTION","I KNOW MY NAME AND MY AGE","I KNOW MY HOUSE ADDRESS AND THE NAME OF MY SCHOOL","I CAN DRESS- UP MYSELF AND BUCKLE MY SHOES","","0","","","0","","50","","2022-05-02","0","0","0","0","0","0","0","0","0","0","0","100","0","EXAM","CA 1","CA 2","CA 3","CA 4","CA 5","CA 6","CA 7","CA 8","CA 9","CA 10","MRS OKPE-AJI VICTORIA","YOU ARE A GENERAL, YOU HAVE EARNED YOURSELF AN EXCEPTIONAL PLACE. WELL DONE! KEEP ON SOARING","AKODE BOSE","EXECELLENT RESULT, KEEP IT UP","","","","images/principal_signatures/304d87.png","images/principal_signatures/b19261.png","0","2021/2022","2nd Term"),
("152","61","1","KINDERGARTEN","nursery","0","","1100","0","1100","0","100","","1st","","1st","","126","126","9","9","0","0","5","0","5","0","5","0","5","0","5","0","5","0","5","0","5","0","5","0","5","0","I LISTEN ATTENTIVELY","I WORK INDEPENDENTLY","I AM NEAT AND ORDERLY IN APPEARANCE AND WORK","I PARTICIPATE IN A VARIETY OF ACTIVITIES","I COMPLETE WORK ON TIME","I AM COURTEOUS AND I PLAY WELL WITH OTHERS","I ACCEPT CHANGES AND RESPOND WELL TO CORRECTION","I KNOW MY NAME AND MY AGE","I KNOW MY HOUSE ADDRESS AND THE NAME OF MY SCHOOL","I CAN DRESS- UP MYSELF AND BUCKLE MY SHOES","","0","","","0","","50","","2022-05-02","0","0","0","0","0","0","0","0","0","0","0","100","0","EXAM","CA 1","CA 2","CA 3","CA 4","CA 5","CA 6","CA 7","CA 8","CA 9","CA 10","MRS OKPE-AJI VICTORIA","YOU ARE A GENERAL, YOU HAVE EARNED YOURSELF AN EXCEPTIONAL PLACE. WELL DONE! KEEP ON SOARING","AKODE BOSE","EXECELLENT RESULT, KEEP IT UP","","","","images/principal_signatures/304d87.png","images/principal_signatures/b19261.png","0","2021/2022","2nd Term"),
("153","64","1","KINDERGARTEN","nursery","0","","1024","0","1100","0","93.09","","4th","","4th","","116","126","9","9","0","0","5","0","5","0","5","0","3","0","5","0","5","0","5","0","5","0","3","0","5","0","I LISTEN ATTENTIVELY","I WORK INDEPENDENTLY","I AM NEAT AND ORDERLY IN APPEARANCE AND WORK","I PARTICIPATE IN A VARIETY OF ACTIVITIES","I COMPLETE WORK ON TIME","I AM COURTEOUS AND I PLAY WELL WITH OTHERS","I ACCEPT CHANGES AND RESPOND WELL TO CORRECTION","I KNOW MY NAME AND MY AGE","I KNOW MY HOUSE ADDRESS AND THE NAME OF MY SCHOOL","I CAN DRESS- UP MYSELF AND BUCKLE MY SHOES","","0","","","0","","50","","2022-05-02","0","0","0","0","0","0","0","0","0","0","0","100","0","EXAM","CA 1","CA 2","CA 3","CA 4","CA 5","CA 6","CA 7","CA 8","CA 9","CA 10","MRS OKPE-AJI VICTORIA","YOU HAVE HIT THE MARK OF A CHAMPION, BRILLIANT PERFORMANCE. SOAR TO THE PEAK","AKODE BOSE","EXECELLENT RESULT, KEEP IT UP","","","","images/principal_signatures/304d87.png","images/principal_signatures/b19261.png","0","2021/2022","2nd Term"),
("154","65","1","KINDERGARTEN","nursery","0","","802","0","1100","0","72.91","","9th","","9th","","116","126","9","9","0","0","3","0","3","0","5","0","3","0","4","0","4","0","5","0","3","0","5","0","4","0","I LISTEN ATTENTIVELY","I WORK INDEPENDENTLY","I AM NEAT AND ORDERLY IN APPEARANCE AND WORK","I PARTICIPATE IN A VARIETY OF ACTIVITIES","I COMPLETE WORK ON TIME","I AM COURTEOUS AND I PLAY WELL WITH OTHERS","I ACCEPT CHANGES AND RESPOND WELL TO CORRECTION","I KNOW MY NAME AND MY AGE","I KNOW MY HOUSE ADDRESS AND THE NAME OF MY SCHOOL","I CAN DRESS- UP MYSELF AND BUCKLE MY SHOES","","0","","","0","","50","","2022-05-02","0","0","0","0","0","0","0","0","0","0","0","100","0","EXAM","CA 1","CA 2","CA 3","CA 4","CA 5","CA 6","CA 7","CA 8","CA 9","CA 10","MRS OKPE-AJI VICTORIA","YOU HAVE UNLOCKED THE SUCCESS KEY, KEEP IT UP. THE SKY IS YOUR STARTING POINT.","AKODE BOSE","VERY GOOD PERFORMANCE","","","","images/principal_signatures/304d87.png","images/principal_signatures/b19261.png","0","2021/2022","2nd Term"),
("155","66","1","KINDERGARTEN","nursery","0","","932","0","1100","0","84.73","","6th","","6th","","126","126","9","9","0","0","5","0","5","0","4","0","4","0","3","0","4","0","5","0","3","0","5","0","4","0","I LISTEN ATTENTIVELY","I WORK INDEPENDENTLY","I AM NEAT AND ORDERLY IN APPEARANCE AND WORK","I PARTICIPATE IN A VARIETY OF ACTIVITIES","I COMPLETE WORK ON TIME","I AM COURTEOUS AND I PLAY WELL WITH OTHERS","I ACCEPT CHANGES AND RESPOND WELL TO CORRECTION","I KNOW MY NAME AND MY AGE","I KNOW MY HOUSE ADDRESS AND THE NAME OF MY SCHOOL","I CAN DRESS- UP MYSELF AND BUCKLE MY SHOES","","0","","","0","","50","","2022-05-02","0","0","0","0","0","0","0","0","0","0","0","100","0","EXAM","CA 1","CA 2","CA 3","CA 4","CA 5","CA 6","CA 7","CA 8","CA 9","CA 10","MRS OKPE-AJI VICTORIA","OUTSTANDING PERFORMANCE. YOU ARE IN A CLASS OF GOAL GETTERS. WELL DONE! KEEP THE SPIRIT UP.","AKODE BOSE","EXECELLENT RESULT, KEEP IT UP","","","","images/principal_signatures/304d87.png","images/principal_signatures/b19261.png","0","2021/2022","2nd Term"),
("156","67","1","KINDERGARTEN","nursery","0","","874","0","1100","0","79.45","","8th","","8th","","126","126","9","9","0","0","5","0","5","0","4","0","5","0","4","0","3","0","3","0","3","0","4","0","5","0","I LISTEN ATTENTIVELY","I WORK INDEPENDENTLY","I AM NEAT AND ORDERLY IN APPEARANCE AND WORK","I PARTICIPATE IN A VARIETY OF ACTIVITIES","I COMPLETE WORK ON TIME","I AM COURTEOUS AND I PLAY WELL WITH OTHERS","I ACCEPT CHANGES AND RESPOND WELL TO CORRECTION","I KNOW MY NAME AND MY AGE","I KNOW MY HOUSE ADDRESS AND THE NAME OF MY SCHOOL","I CAN DRESS- UP MYSELF AND BUCKLE MY SHOES","","0","","","0","","50","","2022-05-02","0","0","0","0","0","0","0","0","0","0","0","100","0","EXAM","CA 1","CA 2","CA 3","CA 4","CA 5","CA 6","CA 7","CA 8","CA 9","CA 10","MRS OKPE-AJI VICTORIA","YOU HAVE RANKED  YOURSELF AMONG THE ACADEMIC GLADIATORS, WELL DONE!  KEEP IT UP. THERE ARE MORE GROUNDS TO CONQUER.","AKODE BOSE","VERY GOOD PERFORMANCE","","","","images/principal_signatures/304d87.png","images/principal_signatures/b19261.png","0","2021/2022","2nd Term"),
("157","69","1","KINDERGARTEN","nursery","0","","887","0","1100","0","80.64","","7th","","7th","","126","126","9","9","0","0","5","0","4","0","3","0","3","0","5","0","5","0","4","0","5","0","5","0","5","0","I LISTEN ATTENTIVELY","I WORK INDEPENDENTLY","I AM NEAT AND ORDERLY IN APPEARANCE AND WORK","I PARTICIPATE IN A VARIETY OF ACTIVITIES","I COMPLETE WORK ON TIME","I AM COURTEOUS AND I PLAY WELL WITH OTHERS","I ACCEPT CHANGES AND RESPOND WELL TO CORRECTION","I KNOW MY NAME AND MY AGE","I KNOW MY HOUSE ADDRESS AND THE NAME OF MY SCHOOL","I CAN DRESS- UP MYSELF AND BUCKLE MY SHOES","","0","","","0","","50","","2022-05-02","0","0","0","0","0","0","0","0","0","0","0","100","0","EXAM","CA 1","CA 2","CA 3","CA 4","CA 5","CA 6","CA 7","CA 8","CA 9","CA 10","MRS OKPE-AJI VICTORIA","OUTSTANDING PERFORMANCE. YOU ARE IN A CLASS OF GOAL GETTERS. WELL DONE! KEEP THE SPIRIT UP.","AKODE BOSE","EXECELLENT RESULT, KEEP IT UP","","","","images/principal_signatures/304d87.png","images/principal_signatures/b19261.png","0","2021/2022","2nd Term"),
("158","70","1","KINDERGARTEN","nursery","0","","1041","0","1100","0","94.64","","3rd","","3rd","","116","126","9","9","0","0","5","0","5","0","5","0","5","0","5","0","5","0","5","0","5","0","5","0","5","0","I LISTEN ATTENTIVELY","I WORK INDEPENDENTLY","I AM NEAT AND ORDERLY IN APPEARANCE AND WORK","I PARTICIPATE IN A VARIETY OF ACTIVITIES","I COMPLETE WORK ON TIME","I AM COURTEOUS AND I PLAY WELL WITH OTHERS","I ACCEPT CHANGES AND RESPOND WELL TO CORRECTION","I KNOW MY NAME AND MY AGE","I KNOW MY HOUSE ADDRESS AND THE NAME OF MY SCHOOL","I CAN DRESS- UP MYSELF AND BUCKLE MY SHOES","","0","","","0","","50","","2022-05-02","0","0","0","0","0","0","0","0","0","0","0","100","0","EXAM","CA 1","CA 2","CA 3","CA 4","CA 5","CA 6","CA 7","CA 8","CA 9","CA 10","MRS OKPE-AJI VICTORIA","YOU HAVE HIT THE MARK OF A CHAMPION, BRILLIANT PERFORMANCE. SOAR TO THE PEAK","AKODE BOSE","EXECELLENT RESULT, KEEP IT UP","","","","images/principal_signatures/304d87.png","images/principal_signatures/b19261.png","0","2021/2022","2nd Term"),
("159","71","1","KINDERGARTEN","nursery","0","","1015","0","1100","0","92.27","","5th","","5th","","116","126","9","9","0","0","5","0","5","0","5","0","5","0","5","0","5","0","5","0","5","0","5","0","5","0","I LISTEN ATTENTIVELY","I WORK INDEPENDENTLY","I AM NEAT AND ORDERLY IN APPEARANCE AND WORK","I PARTICIPATE IN A VARIETY OF ACTIVITIES","I COMPLETE WORK ON TIME","I AM COURTEOUS AND I PLAY WELL WITH OTHERS","I ACCEPT CHANGES AND RESPOND WELL TO CORRECTION","I KNOW MY NAME AND MY AGE","I KNOW MY HOUSE ADDRESS AND THE NAME OF MY SCHOOL","I CAN DRESS- UP MYSELF AND BUCKLE MY SHOES","","0","","","0","","50","","2022-05-02","0","0","0","0","0","0","0","0","0","0","0","100","0","EXAM","CA 1","CA 2","CA 3","CA 4","CA 5","CA 6","CA 7","CA 8","CA 9","CA 10","MRS OKPE-AJI VICTORIA","YOU HAVE HIT THE MARK OF A CHAMPION, BRILLIANT PERFORMANCE. SOAR TO THE PEAK","AKODE BOSE","EXECELLENT RESULT, KEEP IT UP","","","","images/principal_signatures/304d87.png","images/principal_signatures/b19261.png","0","2021/2022","2nd Term"),
("160","1","9","BASIC 5","primary","0","","1398","0","1600","0","87.38","","3rd","","3rd","","126","126","6","6","0","0","5","0","5","0","5","0","5","0","5","0","5","0","5","0","5","0","5","0","5","0","HANDWRITING","NEATNESS","PUNCTUALITY","ATTENTIVENESS","INITIATIVE","RESPECT","OBEDIENCE","ATTITUDE","HONESTY","CREATIVITY","","0","","","0","","50","","2022-05-02","10","10","10","10","0","0","0","0","0","0","0","60","4","EXAM","CA 1","CA 2","CA 3","CA 4","CA 5","CA 6","CA 7","CA 8","CA 9","CA 10","MRS. OKPE-AJI VICTORIA","VERY IMPRESSIVE WORK, WONDERFULLY DONE! YOU HAVE MADE A DIFFERENCE, YOU ARE NOW A REFERENCE POINT.","CHIOMA MODESTA","EXECELLENT RESULT, KEEP IT UP","","","","images/principal_signatures/304d87.png","images/principal_signatures/b19261.png","0","2021/2022","2nd Term"),
("161","2","9","BASIC 5","primary","0","","1514","0","1600","0","94.63","","1st","","1st","","116","126","6","6","0","0","5","0","5","0","5","0","5","0","5","0","5","0","5","0","5","0","5","0","4","0","HANDWRITING","NEATNESS","PUNCTUALITY","ATTENTIVENESS","INITIATIVE","RESPECT","OBEDIENCE","ATTITUDE","HONESTY","CREATIVITY","","0","","","0","","50","","2022-05-02","10","10","10","10","0","0","0","0","0","0","0","60","4","EXAM","CA 1","CA 2","CA 3","CA 4","CA 5","CA 6","CA 7","CA 8","CA 9","CA 10","MRS. OKPE-AJI VICTORIA","YOU HAVE HIT THE MARK OF A CHAMPION, BRILLIANT PERFORMANCE. SOAR TO THE PEAK","CHIOMA MODESTA","EXECELLENT RESULT, KEEP IT UP","","","","images/principal_signatures/304d87.png","images/principal_signatures/b19261.png","0","2021/2022","2nd Term"),
("162","4","9","BASIC 5","primary","0","","1382","0","1600","0","86.38","","4th","","4th","","126","126","6","6","0","0","5","0","3","0","5","0","3","0","3","0","4","0","5","0","5","0","4","0","4","0","HANDWRITING","NEATNESS","PUNCTUALITY","ATTENTIVENESS","INITIATIVE","RESPECT","OBEDIENCE","ATTITUDE","HONESTY","CREATIVITY","","0","","","0","","50","","2022-05-02","10","10","10","10","0","0","0","0","0","0","0","60","4","EXAM","CA 1","CA 2","CA 3","CA 4","CA 5","CA 6","CA 7","CA 8","CA 9","CA 10","MRS. OKPE-AJI VICTORIA","VERY IMPRESSIVE WORK, WONDERFULLY DONE! YOU HAVE MADE A DIFFERENCE, YOU ARE NOW A REFERENCE POINT.","CHIOMA MODESTA","EXECELLENT RESULT, KEEP IT UP","","","","images/principal_signatures/304d87.png","images/principal_signatures/b19261.png","0","2021/2022","2nd Term"),
("163","5","9","BASIC 5","primary","0","","870","0","1600","0","54.38","","6th","","6th","","118","126","6","6","0","0","3","0","5","0","5","0","5","0","4","0","5","0","5","0","4","0","5","0","5","0","HANDWRITING","NEATNESS","PUNCTUALITY","ATTENTIVENESS","INITIATIVE","RESPECT","OBEDIENCE","ATTITUDE","HONESTY","CREATIVITY","","0","","","0","","50","","2022-05-02","10","10","10","10","0","0","0","0","0","0","0","60","4","EXAM","CA 1","CA 2","CA 3","CA 4","CA 5","CA 6","CA 7","CA 8","CA 9","CA 10","MRS. OKPE-AJI VICTORIA","IMPRESSIVE EFFORT, YOU ARE MIDDLE WAY TO SUCCESS, WELL DONE! YOU CAN DO MORE.","CHIOMA MODESTA","GOOD RESULT, PUT IN MORE EFFORT","","","","images/principal_signatures/304d87.png","images/principal_signatures/b19261.png","0","2021/2022","2nd Term"),
("164","6","9","BASIC 5","primary","0","","906","0","1600","0","56.63","","5th","","5th","","104","126","6","6","0","0","1","0","5","0","1","0","3","0","3","0","4","0","5","0","5","0","4","0","5","0","HANDWRITING","NEATNESS","PUNCTUALITY","ATTENTIVENESS","INITIATIVE","RESPECT","OBEDIENCE","ATTITUDE","HONESTY","CREATIVITY","","0","","","0","","50","","2022-05-02","10","10","10","10","0","0","0","0","0","0","0","60","4","EXAM","CA 1","CA 2","CA 3","CA 4","CA 5","CA 6","CA 7","CA 8","CA 9","CA 10","MRS. OKPE-AJI VICTORIA","WELL DONE! YOU ARE ABOUT TO FLY, WITH MORE HARD WORK YOU CAN SCALE HIGHER WITH FLYING COLOURS.","CHIOMA MODESTA","GOOD RESULT, PUT IN MORE EFFORT","","","","images/principal_signatures/304d87.png","images/principal_signatures/b19261.png","0","2021/2022","2nd Term"),
("165","7","9","BASIC 5","primary","0","","1467","0","1600","0","91.69","","2nd","","2nd","","126","126","6","6","0","0","4","0","2","0","3","0","5","0","5","0","4","0","5","0","4","0","5","0","5","0","HANDWRITING","NEATNESS","PUNCTUALITY","ATTENTIVENESS","INITIATIVE","RESPECT","OBEDIENCE","ATTITUDE","HONESTY","CREATIVITY","","0","","","0","","50","","2022-05-02","10","10","10","10","0","0","0","0","0","0","0","60","4","EXAM","CA 1","CA 2","CA 3","CA 4","CA 5","CA 6","CA 7","CA 8","CA 9","CA 10","MRS. OKPE-AJI VICTORIA","YOU HAVE HIT THE MARK OF A CHAMPION, BRILLIANT PERFORMANCE. SOAR TO THE PEAK","CHIOMA MODESTA","EXECELLENT RESULT, KEEP IT UP","","","","images/principal_signatures/304d87.png","images/principal_signatures/b19261.png","0","2021/2022","2nd Term"),
("166","50","5","BASIC 1","primary","0","","1262","0","1400","0","90.14","","2nd","","2nd","","122","126","11","11","0","0","5","0","4","0","5","0","5","0","5","0","5","0","4","0","4","0","3","0","4","0","HANDWRITING","NEATNESS","PUNCTUALITY","ATTENTIVENESS","INITIATIVE","RESPECT","OBEDIENCE","ATTITUDE","HONESTY","CREATIVITY","","0","","","0","","50","","2022-05-02","10","10","10","10","0","0","0","0","0","0","0","60","4","EXAM","CA 1","CA 2","CA 3","CA 4","CA 5","CA 6","CA 7","CA 8","CA 9","CA 10","MRS. OKPE-AJI VICTORIA","YOU HAVE HIT THE MARK OF A CHAMPION, BRILLIANT PERFORMANCE. SOAR TO THE PEAK","NWADIKE THERESA","EXECELLENT RESULT, KEEP IT UP","","","","images/principal_signatures/304d87.png","images/principal_signatures/b19261.png","0","2021/2022","2nd Term"),
("167","51","5","BASIC 1","primary","0","","649","0","1400","0","46.36","","11th","","11th","","114","126","11","11","0","0","3","0","3","0","5","0","4","0","3","0","4","0","4","0","4","0","4","0","4","0","HANDWRITING","NEATNESS","PUNCTUALITY","ATTENTIVENESS","INITIATIVE","RESPECT","OBEDIENCE","ATTITUDE","HONESTY","CREATIVITY","","0","","","0","","50","","2022-05-02","10","10","10","10","0","0","0","0","0","0","0","60","4","EXAM","CA 1","CA 2","CA 3","CA 4","CA 5","CA 6","CA 7","CA 8","CA 9","CA 10","MRS. OKPE-AJI VICTORIA","YOU HAVE THE POTENTIALS TO FLY, RELEASE MORE OF IT, AND YOU WILL FLY WITH MASTERY.","NWADIKE THERESA","ALMOST THERE, LETS WORK FOR A BETTER RESULT NEXT TERM","","","","images/principal_signatures/304d87.png","images/principal_signatures/b19261.png","0","2021/2022","2nd Term"),
("168","52","5","BASIC 1","primary","0","","1200","0","1400","0","85.71","","3rd","","3rd","","112","126","11","11","0","0","4","0","5","0","5","0","5","0","4","0","5","0","5","0","5","0","5","0","4","0","HANDWRITING","NEATNESS","PUNCTUALITY","ATTENTIVENESS","INITIATIVE","RESPECT","OBEDIENCE","ATTITUDE","HONESTY","CREATIVITY","","0","","","0","","50","","2022-05-02","10","10","10","10","0","0","0","0","0","0","0","60","4","EXAM","CA 1","CA 2","CA 3","CA 4","CA 5","CA 6","CA 7","CA 8","CA 9","CA 10","MRS. OKPE-AJI VICTORIA","VERY IMPRESSIVE WORK, WONDERFULLY DONE! YOU HAVE MADE A DIFFERENCE, YOU ARE NOW A REFERENCE POINT.","NWADIKE THERESA","EXECELLENT RESULT, KEEP IT UP","","","","images/principal_signatures/304d87.png","images/principal_signatures/b19261.png","0","2021/2022","2nd Term"),
("169","53","5","BASIC 1","primary","0","","701","0","1400","0","50.07","","10th","","10th","","124","126","11","11","0","0","3","0","4","0","4","0","3","0","4","0","3","0","3","0","3","0","3","0","4","0","HANDWRITING","NEATNESS","PUNCTUALITY","ATTENTIVENESS","INITIATIVE","RESPECT","OBEDIENCE","ATTITUDE","HONESTY","CREATIVITY","","0","","","0","","50","","2022-05-02","10","10","10","10","0","0","0","0","0","0","0","60","4","EXAM","CA 1","CA 2","CA 3","CA 4","CA 5","CA 6","CA 7","CA 8","CA 9","CA 10","MRS. OKPE-AJI VICTORIA","IMPRESSIVE EFFORT, YOU ARE MIDDLE WAY TO SUCCESS, WELL DONE! YOU CAN DO MORE.","NWADIKE THERESA","GOOD RESULT, PUT IN MORE EFFORT","","","","images/principal_signatures/304d87.png","images/principal_signatures/b19261.png","0","2021/2022","2nd Term"),
("170","54","5","BASIC 1","primary","0","","1187","0","1400","0","84.79","","4th","","4th","","126","126","11","11","0","0","5","0","3","0","5","0","4","0","5","0","5","0","4","0","5","0","4","0","4","0","HANDWRITING","NEATNESS","PUNCTUALITY","ATTENTIVENESS","INITIATIVE","RESPECT","OBEDIENCE","ATTITUDE","HONESTY","CREATIVITY","","0","","","0","","50","","2022-05-02","10","10","10","10","0","0","0","0","0","0","0","60","4","EXAM","CA 1","CA 2","CA 3","CA 4","CA 5","CA 6","CA 7","CA 8","CA 9","CA 10","MRS. OKPE-AJI VICTORIA","OUTSTANDING PERFORMANCE. YOU ARE IN A CLASS OF GOAL GETTERS. WELL DONE! KEEP THE SPIRIT UP.","NWADIKE THERESA","EXECELLENT RESULT, KEEP IT UP","","","","images/principal_signatures/304d87.png","images/principal_signatures/b19261.png","0","2021/2022","2nd Term"),
("171","55","5","BASIC 1","primary","0","","980","0","1400","0","70","","7th","","7th","","116","126","11","11","0","0","3","0","5","0","4","0","4","0","3","0","4","0","3","0","3","0","3","0","3","0","HANDWRITING","NEATNESS","PUNCTUALITY","ATTENTIVENESS","INITIATIVE","RESPECT","OBEDIENCE","ATTITUDE","HONESTY","CREATIVITY","","0","","","0","","50","","2022-05-02","10","10","10","10","0","0","0","0","0","0","0","60","4","EXAM","CA 1","CA 2","CA 3","CA 4","CA 5","CA 6","CA 7","CA 8","CA 9","CA 10","MRS. OKPE-AJI VICTORIA","YOU HAVE UNLOCKED THE SUCCESS KEY, KEEP IT UP. THE SKY IS YOUR STARTING POINT.","NWADIKE THERESA","VERY GOOD PERFORMANCE","","","","images/principal_signatures/304d87.png","images/principal_signatures/b19261.png","0","2021/2022","2nd Term"),
("172","57","5","BASIC 1","primary","0","","910","0","1400","0","65","","8th","","8th","","126","126","11","11","0","0","3","0","5","0","5","0","4","0","4","0","5","0","5","0","4","0","4","0","3","0","HANDWRITING","NEATNESS","PUNCTUALITY","ATTENTIVENESS","INITIATIVE","RESPECT","OBEDIENCE","ATTITUDE","HONESTY","CREATIVITY","","0","","","0","","50","","2022-05-02","10","10","10","10","0","0","0","0","0","0","0","60","4","EXAM","CA 1","CA 2","CA 3","CA 4","CA 5","CA 6","CA 7","CA 8","CA 9","CA 10","MRS. OKPE-AJI VICTORIA","IMPRESSIVE WORK. YOU ARE ON THE PATH TO EXCELLENCE, JUST A LITTLE MORE EFFORT AND YOU ARE ON TOP.","NWADIKE THERESA","GOOD RESULT, PUT IN MORE EFFORT","","","","images/principal_signatures/304d87.png","images/principal_signatures/b19261.png","0","2021/2022","2nd Term"),
("173","58","5","BASIC 1","primary","0","","1294","0","1400","0","92.43","","1st","","1st","","122","126","11","11","0","0","4","0","5","0","5","0","5","0","5","0","4","0","4","0","5","0","3","0","4","0","HANDWRITING","NEATNESS","PUNCTUALITY","ATTENTIVENESS","INITIATIVE","RESPECT","OBEDIENCE","ATTITUDE","HONESTY","CREATIVITY","","0","","","0","","50","","2022-05-02","10","10","10","10","0","0","0","0","0","0","0","60","4","EXAM","CA 1","CA 2","CA 3","CA 4","CA 5","CA 6","CA 7","CA 8","CA 9","CA 10","MRS. OKPE-AJI VICTORIA","YOU HAVE HIT THE MARK OF A CHAMPION, BRILLIANT PERFORMANCE. SOAR TO THE PEAK","NWADIKE THERESA","EXECELLENT RESULT, KEEP IT UP","","","","images/principal_signatures/304d87.png","images/principal_signatures/b19261.png","0","2021/2022","2nd Term"),
("174","59","5","BASIC 1","primary","0","","1058","0","1400","0","75.57","","5th","","5th","","122","126","11","11","0","0","5","0","5","0","5","0","4","0","3","0","4","0","5","0","4","0","4","0","4","0","HANDWRITING","NEATNESS","PUNCTUALITY","ATTENTIVENESS","INITIATIVE","RESPECT","OBEDIENCE","ATTITUDE","HONESTY","CREATIVITY","","0","","","0","","50","","2022-05-02","10","10","10","10","0","0","0","0","0","0","0","60","4","EXAM","CA 1","CA 2","CA 3","CA 4","CA 5","CA 6","CA 7","CA 8","CA 9","CA 10","MRS. OKPE-AJI VICTORIA","YOU HAVE RANKED  YOURSELF AMONG THE ACADEMIC GLADIATORS, WELL DONE!  KEEP IT UP. THERE ARE MORE GROUNDS TO CONQUER.","NWADIKE THERESA","VERY GOOD PERFORMANCE","","","","images/principal_signatures/304d87.png","images/principal_signatures/b19261.png","0","2021/2022","2nd Term"),
("175","86","5","BASIC 1","primary","0","","989","0","1400","0","70.64","","6th","","6th","","122","126","11","11","0","0","5","0","5","0","5","0","4","0","4","0","5","0","5","0","4","0","5","0","4","0","HANDWRITING","NEATNESS","PUNCTUALITY","ATTENTIVENESS","INITIATIVE","RESPECT","OBEDIENCE","ATTITUDE","HONESTY","CREATIVITY","","0","","","0","","50","","2022-05-02","10","10","10","10","0","0","0","0","0","0","0","60","4","EXAM","CA 1","CA 2","CA 3","CA 4","CA 5","CA 6","CA 7","CA 8","CA 9","CA 10","MRS. OKPE-AJI VICTORIA","YOU HAVE UNLOCKED THE SUCCESS KEY, KEEP IT UP. THE SKY IS YOUR STARTING POINT.","NWADIKE THERESA","VERY GOOD PERFORMANCE","","","","images/principal_signatures/304d87.png","images/principal_signatures/b19261.png","0","2021/2022","2nd Term"),
("176","105","5","BASIC 1","primary","0","","897","0","1400","0","64.07","","9th","","9th","","74","126","11","11","0","0","3","0","5","0","4","0","4","0","3","0","4","0","5","0","5","0","5","0","3","0","HANDWRITING","NEATNESS","PUNCTUALITY","ATTENTIVENESS","INITIATIVE","RESPECT","OBEDIENCE","ATTITUDE","HONESTY","CREATIVITY","","0","","","0","","50","","2022-05-02","10","10","10","10","0","0","0","0","0","0","0","60","4","EXAM","CA 1","CA 2","CA 3","CA 4","CA 5","CA 6","CA 7","CA 8","CA 9","CA 10","MRS. OKPE-AJI VICTORIA","GREAT EFFORT. YOU DESERVE TO BE CELEBRATED, YOU HAVE SHOWN POTENTIALS FOR SUCCESS. YOU CAN DO BETTER.","NWADIKE THERESA","GOOD RESULT, PUT IN MORE EFFORT","","","","images/principal_signatures/304d87.png","images/principal_signatures/b19261.png","0","2021/2022","2nd Term");




